-- Table structure for table `hpz_privmsgs`
--

CREATE TABLE `hpz_privmsgs` (
  `privmsgs_id` mediumint(8) unsigned NOT NULL AUTO_INCREMENT,
  `privmsgs_type` tinyint(4) NOT NULL DEFAULT '0',
  `privmsgs_subject` varchar(255) NOT NULL DEFAULT '0',
  `privmsgs_from_userid` mediumint(8) NOT NULL DEFAULT '0',
  `privmsgs_to_userid` mediumint(8) NOT NULL DEFAULT '0',
  `privmsgs_date` int(11) NOT NULL DEFAULT '0',
  `privmsgs_ip` varchar(8) NOT NULL DEFAULT '',
  `privmsgs_enable_bbcode` tinyint(1) NOT NULL DEFAULT '1',
  `privmsgs_enable_html` tinyint(1) NOT NULL DEFAULT '0',
  `privmsgs_enable_smilies` tinyint(1) NOT NULL DEFAULT '1',
  `privmsgs_attach_sig` tinyint(1) NOT NULL DEFAULT '1',
  PRIMARY KEY (`privmsgs_id`),
  KEY `privmsgs_from_userid` (`privmsgs_from_userid`),
  KEY `privmsgs_to_userid` (`privmsgs_to_userid`)
) ENGINE=MyISAM DEFAULT CHARSET=latin1;

--
-- Dumping data for table `hpz_privmsgs`
--


--
-- Table structure for table `hpz_privmsgs_text`
--

CREATE TABLE `hpz_privmsgs_text` (
  `privmsgs_text_id` mediumint(8) unsigned NOT NULL DEFAULT '0',
  `privmsgs_bbcode_uid` varchar(10) NOT NULL DEFAULT '0',
  `privmsgs_text` text,
  PRIMARY KEY (`privmsgs_text_id`)
) ENGINE=MyISAM DEFAULT CHARSET=latin1;

--
-- Dumping data for table `hpz_privmsgs_text`
--


--
-- Table structure for table `hpz_ranks`
--

CREATE TABLE `hpz_ranks` (
  `rank_id` smallint(5) unsigned NOT NULL AUTO_INCREMENT,
  `rank_title` varchar(50) NOT NULL DEFAULT '',
  `rank_min` mediumint(8) NOT NULL DEFAULT '0',
  `rank_special` tinyint(1) DEFAULT '0',
  `rank_image` varchar(255) DEFAULT NULL,
  PRIMARY KEY (`rank_id`)
) ENGINE=MyISAM DEFAULT CHARSET=latin1;

--
-- Dumping data for table `hpz_ranks`
--


--
-- Table structure for table `hpz_search_results`
--

CREATE TABLE `hpz_search_results` (
  `search_id` int(11) unsigned NOT NULL DEFAULT '0',
  `session_id` varchar(32) NOT NULL DEFAULT '',
  `search_array` text NOT NULL,
  PRIMARY KEY (`search_id`),
  KEY `session_id` (`session_id`)
) ENGINE=MyISAM DEFAULT CHARSET=latin1;

--
-- Dumping data for table `hpz_search_results`
--

INSERT INTO `hpz_search_results` VALUES (1182178555,'c3923569eca5b6e387ea82fe16414f2b','a:7:{s:14:\"search_results\";s:2:\"34\";s:17:\"total_match_count\";i:1;s:12:\"split_search\";N;s:7:\"sort_by\";i:0;s:8:\"sort_dir\";s:4:\"DESC\";s:12:\"show_results\";s:5:\"posts\";s:12:\"return_chars\";i:200;}');

--
-- Table structure for table `hpz_search_wordlist`
--

CREATE TABLE `hpz_search_wordlist` (
  `word_text` varchar(50) CHARACTER SET latin1 COLLATE latin1_bin NOT NULL DEFAULT '',
  `word_id` mediumint(8) unsigned NOT NULL AUTO_INCREMENT,
  `word_common` tinyint(1) unsigned NOT NULL DEFAULT '0',
  PRIMARY KEY (`word_text`),
  KEY `word_id` (`word_id`)
) ENGINE=MyISAM AUTO_INCREMENT=4063 DEFAULT CHARSET=latin1;

--
-- Dumping data for table `hpz_search_wordlist`
--

INSERT INTO `hpz_search_wordlist` VALUES ('votes',142,0),('123',209,0),('phpbb',3,0),('agrees',210,0),('topic',19,0),('test',18,0),('remember',28,0),('make',27,0),('arrogant',211,0),('invites',25,0),('borisz',212,0),('visitors',141,0),('valueable',140,0),('validation',139,0),('validated',138,0),('validate',137,0),('us',136,0),('unseen',135,0),('underground',134,0),('ultraprotection',133,0),('try',132,0),('topics',131,0),('such',130,0),('stuff',129,0),('sonic',128,0),('seperate',127,0),('respected',126,0),('researcher',125,0),('researched',124,0),('rare',123,0),('random',122,0),('prove',121,0),('prototypes',120,0),('people',119,0),('past',118,0),('order',117,0),('names',116,0),('months',115,0),('membership',114,0),('members',113,0),('member',112,0),('main',111,0),('machines',110,0),('machine',109,0),('light',108,0),('least',107,0),('known',106,0),('interviews',105,0),('infos',104,0),('human',103,0),('getting',102,0),('full',101,0),('forum',100,0),('finally',99,0),('exceptions',98,0),('drama',97,0),('decide',96,0),('convince',95,0),('considering',94,0),('connections',93,0),('community',92,0),('board',91,0),('active',90,0),('actions',89,0),('access',88,0),('tset',143,0),('somebody',320,0),('situations',319,0),('simple',318,0),('sick',317,0),('shouldnt',316,0),('shit',315,0),('scared',314,0),('risk',313,0),('revealed',312,0),('reveal',311,0),('reason',310,0),('read',309,0),('quantity',308,0),('quality',307,0),('private',306,0),('possess',305,0),('place',304,0),('permission',303,0),('pack',302,0),('needed',301,0),('free',164,0),('fun',165,0),('name',300,0),('give',167,0),('minimum',299,0),('mind',298,0),('message',297,0),('mention',296,0),('may',295,0),('let',294,0),('kids',293,0),('keep',292,0),('invitees',291,0),('link',177,0),('information',290,0),('hpz',289,0),('hopefully',288,0),('honest',287,0),('happen',286,0),('hacked',285,0),('gives',284,0),('general',283,0),('first',282,0),('few',281,0),('fear',280,0),('except',279,0),('enjoy',278,0),('emo',277,0),('designed',276,0),('database',275,0),('cult',274,0),('contacted',273,0),('contact',272,0),('coming',271,0),('case',270,0),('bullshitted',269,0),('bullshit',268,0),('bother',267,0),('boards',266,0),('argue',265,0),('anymore',264,0),('another',263,0),('act',262,0),('accept',261,0),('absolutely',260,0),('care',213,0),('cause',214,0),('cheers',215,0),('completely',216,0),('cool',217,0),('course',218,0),('cunts',219,0),('devoted',220,0),('drx',221,0),('edit',222,0),('enter',223,0),('group',224,0),('heres',225,0),('hey',226,0),('hope',227,0),('hxc',228,0),('interested',229,0),('invite',230,0),('logged',231,0),('lost',232,0),('mess',233,0),('pach',234,0),('part',235,0),('person',236,0),('register',237,0),('researching',238,0),('rika',239,0),('sample',240,0),('someone',241,0),('stealth',242,0),('sure',243,0),('taking',244,0),('thanks',245,0),('tweaker',246,0),('unbullshitted',247,0),('worth',248,0),('compact',249,0),('easy',250,0),('ibf',251,0),('possible',252,0),('tweaking',253,0),('failure',254,0),('feeling',255,0),('google',256,0),('lucky',257,0),('pressing',258,0),('putting',259,0),('stay',321,0),('sws2b',322,0),('telling',323,0),('things',324,0),('think',325,0),('trust',326,0),('unless',327,0),('visit',328,0),('week',329,0),('welcome',330,0),('whats',331,0),('hallo',332,0),('year',2797,0),('yeah',2796,0),('yea',2795,0),('xtreme',2794,0),('wrongly',2793,0),('wrapper',2792,0),('wow',2791,0),('wouldve',2790,0),('wouldnt',2789,0),('working',2788,0),('worker',2787,0),('worked',2786,0),('work',2785,0),('word',2784,0),('won',2783,0),('wish',2782,0),('wires',2781,0),('wire',2780,0),('wife',2779,0),('widely',2778,0),('whoops',2777,0),('whole',2776,0),('while',2775,0),('whatsoever',2774,0),('whatever',2773,0),('west',2772,0),('weeks',2771,0),('weekend',2770,0),('wed',2769,0),('web',2768,0),('wear',2767,0),('weak',2766,0),('watching',2765,0),('wasnt',2764,0),('was',2763,0),('wanted',2762,0),('walls',2761,0),('wall',2760,0),('waiting',2759,0),('wad',2758,0),('virtua',2757,0),('videotape',2756,0),('video',2755,0),('vfiii',2754,0),('vf3tb',2753,0),('vf3',2752,0),('vf2',2751,0),('vf1',2750,0),('vertice',2749,0),('verification',2748,0),('venture',2747,0),('various',2746,0),('valve',2745,0),('values',2744,0),('usually',2743,0),('using',2742,0),('user',2741,0),('used',2740,0),('urls',2739,0),('urbs',2738,0),('uptight',2737,0),('updated',2736,0),('unrelated',2735,0),('unreal',2734,0),('unproven',2733,0),('unlimited',2732,0),('unique',2731,0),('uniformally',2730,0),('unfortunatly',2729,0),('unfortunately',2728,0),('understand',2727,0),('unbelievable',2726,0),('ufo',2725,0),('two',2724,0),('turning',2723,0),('turned',2722,0),('trying',2721,0),('truely',2720,0),('tris',2719,0),('trim',2718,0),('tried',2717,0),('trick',2716,0),('triangles',2715,0),('triangle',2714,0),('treasure',2713,0),('transfer',2712,0),('tracked',2711,0),('track',2710,0),('toured',2709,0),('totally',2708,0),('tools',2707,0),('took',2706,0),('tons',2705,0),('tonight',2704,0),('tomb',2703,0),('tom',2702,0),('told',2701,0),('together',2700,0),('today',2699,0),('tired',2698,0),('till',2697,0),('ties',2696,0),('tidbits',2695,0),('three',2694,0),('thousands',2693,0),('thousand',2692,0),('thought',2691,0),('thoroughly',2690,0),('this',2689,0),('third',2688,0),('thing',2687,0),('they',2686,0),('texturing',2685,0),('textures',2684,0),('texture',2683,0),('terrain',2682,0),('ten',2681,0),('tell',2680,0),('technology',2679,0),('technique',2678,0),('technical',2677,0),('tech',2676,0),('teased',2675,0),('team',2674,0),('tapped',2673,0),('talking',2672,0),('talked',2671,0),('talk',2670,0),('tails',2669,0),('switches',2668,0),('survive',2667,0),('surfaces',2666,0),('surface',2665,0),('supposed',2664,0),('supported',2663,0),('support',2662,0),('superior',2661,0),('super',2660,0),('sunday',2659,0),('sudden',2658,0),('successfully',2657,0),('successful',2656,0),('success',2655,0),('style',2654,0),('stupid',2653,0),('stunts',2652,0),('stunned',2651,0),('stuck',2650,0),('strong',2649,0),('strange',2648,0),('story',2647,0),('stories',2646,0),('store',2645,0),('stopped',2644,0),('stoned',2643,0),('stone',2642,0),('still',2641,0),('sti',2640,0),('steve',2639,0),('steps',2638,0),('step',2637,0),('startup',2636,0),('started',2635,0),('start',2634,0),('stankiest',2633,0),('stake',2632,0),('stages',2631,0),('stage',2630,0),('stack',2629,0),('square',2628,0),('sprites',2627,0),('sprite',2626,0),('spot',2625,0),('sports',2624,0),('split',2623,0),('spirit',2622,0),('spins',2621,0),('sphere',2620,0),('spelled',2619,0),('spell',2618,0),('speed',2617,0),('sparks',2616,0),('spammed',2615,0),('sounded',2614,0),('sound',2613,0),('sorts',2612,0),('sort',2611,0),('sorry',2610,0),('sometimes',2609,0),('someplace',2608,0),('solution',2607,0),('solo',2606,0),('sold',2605,0),('soj',2604,0),('software',2603,0),('soa',2602,0),('snaked',2601,0),('smiling',2600,0),('smile',2599,0),('slinky',2598,0),('slightest',2597,0),('sleeves',2596,0),('slap',2595,0),('slack',2594,0),('skupmem',2593,0),('skills',2592,0),('sized',2591,0),('size',2590,0),('six',2589,0),('site',2588,0),('single',2587,0),('since',2586,0),('simulated',2585,0),('silly',2584,0),('signed',2583,0),('sides',2582,0),('side',2581,0),('shown',2580,0),('showing',2579,0),('showed',2578,0),('show',2577,0),('shook',2576,0),('shocked',2575,0),('shite',2574,0),('ship',2573,0),('shinobu',2572,0),('shelves',2571,0),('shallow',2570,0),('shafted',2569,0),('sh2',2568,0),('sew',2567,0),('severe',2566,0),('several',2565,0),('set',2564,0),('seriously',2563,0),('sequence',2562,0),('sept',2561,0),('seperatly',2560,0),('sent',2559,0),('sense',2558,0),('senns',2557,0),('senn',2556,0),('selling',2555,0),('sell',2554,0),('segasoft',2553,0),('segas',2552,0),('sega',2551,0),('seeya',2550,0),('seems',2549,0),('seem',2548,0),('seeing',2547,0),('second',2546,0),('search',2545,0),('scrollers',2544,0),('scroller',2543,0),('screwed',2542,0),('screenshots',2541,0),('screename',2540,0),('screen',2539,0),('scorch',2538,0),('school',2537,0),('schedule',2536,0),('scandle',2535,0),('scaled',2534,0),('saying',2533,0),('save',2532,0),('saturns',2531,0),('saturn',2530,0),('saturday',2529,0),('sanner',2528,0),('same',2527,0),('salary',2526,0),('sad',2525,0),('sabotaging',2524,0),('rushed',2523,0),('running',2522,0),('run',2521,0),('ruggles',2520,0),('rude',2519,0),('routine',2518,0),('rough',2517,0),('rotated',2516,0),('ropes',2515,0),('room',2514,0),('rom',2513,0),('roll',2512,0),('roger',2511,0),('rodgers',2510,0),('rocked',2509,0),('rock',2508,0),('robert',2507,0),('roaming',2506,0),('rings',2505,0),('ring',2504,0),('right',2503,0),('ridiculous',2502,0),('revolutionary',2501,0),('retentive',2500,0),('rest',2499,0),('response',2498,0),('requested',2497,0),('request',2496,0),('repeat',2495,0),('renderware',2494,0),('rendering',2493,0),('remembers',2492,0),('remakes',2491,0),('releasing',2490,0),('released',2489,0),('release',2488,0),('relate',2487,0),('recognizes',2486,0),('recently',2485,0),('received',2484,0),('recall',2483,0),('reasonable',2482,0),('realtime',2481,0),('realized',2480,0),('reality',2479,0),('real',2478,0),('reaaally',2477,0),('raycasting',2476,0),('ramble',2475,0),('rail',2474,0),('raider',2473,0),('radical',2472,0),('racing',2471,0),('r',2470,0),('quot',2469,0),('quite',2468,0),('quit',2467,0),('quickly',2466,0),('quick',2465,0),('queen',2464,0),('quads',2463,0),('pushers',2462,0),('pushed',2461,0),('pure',2460,0),('pull',2459,0),('public',2458,0),('ps2',2457,0),('provide',2456,0),('prototype',2455,0),('proto',2454,0),('proposed',2453,0),('project',2452,0),('progress',2451,0),('programming',2450,0),('programmers',2449,0),('programmer',2448,0),('program',2447,0),('producer',2446,0),('procs',2445,0),('processing',2444,0),('probably',2443,0),('printed',2442,0),('primitive',2441,0),('prick',2440,0),('previously',2439,0),('don',694,0),('pretty',2438,0),('president',2437,0),('presented',2436,0),('powerfull',2435,0),('powerful',2434,0),('post',2433,0),('positive',2432,0),('position',2431,0),('ported',2430,0),('port',2429,0),('pop',2428,0),('poor',2427,0),('polys',2426,0),('polygons',2425,0),('polygon',2424,0),('poly',2423,0),('politics',2422,0),('poland',2421,0),('points',2420,0),('pointless',2419,0),('point',2418,0),('plus',2417,0),('plug',2416,0),('pleaded',2415,0),('playstation',2414,0),('playable',2413,0),('play',2412,0),('platformer',2411,0),('platform',2410,0),('plane',2409,0),('pitch',2408,0),('piss',2407,0),('pipeline',2406,0),('pins',2405,0),('pinned',2404,0),('piece',2403,0),('pics',2402,0),('picked',2401,0),('physics',2400,0),('phenomenal',2399,0),('phase',2398,0),('pet',2397,0),('perspective',2396,0),('performance',2395,0),('perfect',2394,0),('perception',2393,0),('pencil',2392,0),('peeve',2391,0),('payed',2390,0),('pay',2389,0),('paul',2388,0),('patches',2387,0),('passionate',2386,0),('passion',2385,0),('parts',2384,0),('particular',2383,0),('paranoid',2382,0),('panning',2381,0),('paid',2380,0),('owned',2379,0),('own',2378,0),('overheard',2377,0),('outside',2376,0),('ouside',2375,0),('others',2374,0),('orignal',2373,0),('originally',2372,0),('original',2371,0),('optimized',2370,0),('opposite',2369,0),('opportunities',2368,0),('opinion',2367,0),('opengl',2366,0),('ooze',2365,0),('ooh',2364,0),('online',2363,0),('ones',2362,0),('one',2361,0),('olympics',2360,0),('older',2359,0),('okie',2358,0),('okay',2357,0),('ok',2356,0),('offroad',2355,0),('official',2354,0),('office',2353,0),('ofers',2352,0),('ofer',2351,0),('odd',2350,0),('nvidias',2349,0),('nvidia',2348,0),('nvidea',2347,0),('nv2',2346,0),('nv1',2345,0),('nurbs',2344,0),('nurb',2343,0),('nowadays',2342,0),('note',2341,0),('nope',2340,0),('noon',2339,0),('nod',2338,0),('nobody',2337,0),('niche',2336,0),('nicely',2335,0),('nice',2334,0),('next',2333,0),('nevermind',2332,0),('needless',2331,0),('neat',2330,0),('nearly',2329,0),('myself',2328,0),('music',2327,0),('mug',2326,0),('mtv',2325,0),('movie',2324,0),('movement',2323,0),('move',2322,0),('motherfuckers',2321,0),('morning',2320,0),('morgan',2319,0),('month',2318,0),('moment',2317,0),('modeller',2316,0),('mins',2315,0),('mine',2314,0),('mimic',2313,0),('million',2312,0),('mikes',2311,0),('mike',2310,0),('might',2309,0),('midway',2308,0),('midstory',2307,0),('middleware',2306,0),('middles',2305,0),('middle',2304,0),('microprose',2303,0),('micheal',2302,0),('michael',2301,0),('method',2300,0),('metal',2299,0),('messages',2298,0),('mesh',2297,0),('goddard',839,0),('mensa',2296,0),('megadrive',2295,0),('mechanics',2294,0),('mechanic',2293,0),('meantime',2292,0),('meant',2291,0),('means',2290,0),('meaning',2289,0),('mctaggart',2288,0),('matter',2287,0),('mathematical',2286,0),('marks',2285,0),('marketing',2284,0),('mark',2283,0),('mapping',2282,0),('manny',2281,0),('maniacs',2280,0),('management',2279,0),('managed',2278,0),('man',2277,0),('making',2276,0),('makes',2275,0),('major',2274,0),('mainly',2273,0),('made',2272,0),('mac',2271,0),('maan',2270,0),('luckily',2269,0),('luck',2268,0),('loving',2267,0),('loved',2266,0),('love',2265,0),('lots',2264,0),('loss',2263,0),('loose',2262,0),('loops',2261,0),('looks',2260,0),('long',2259,0),('logs',2258,0),('locked',2257,0),('locational',2256,0),('location',2255,0),('loader',2254,0),('load',2253,0),('lives',2252,0),('literally',2251,0),('listen',2250,0),('list',2249,0),('lines',2248,0),('line',2247,0),('limiting',2246,0),('limitations',2245,0),('limit',2244,0),('likely',2243,0),('lights',2242,0),('lighting',2241,0),('licence',2240,0),('library',2239,0),('levels',2238,0),('level',2237,0),('letting',2236,0),('lets',2235,0),('lester',2234,0),('lense',2233,0),('lemme',2232,0),('legs',2231,0),('left',2230,0),('leave',2229,0),('learnt',2228,0),('learning',2227,0),('learn',2226,0),('lead',2225,0),('laughable',2224,0),('laugh',2223,0),('later',2222,0),('late',2221,0),('last',2220,0),('lame',2219,0),('kupper',2218,0),('knuckles',2217,0),('knowledge',2216,0),('knew',2215,0),('kit',2214,0),('kings',2213,0),('kind',2212,0),('killing',2211,0),('killer',2210,0),('killed',2209,0),('kicked',2208,0),('kept',2207,0),('kalinski',2206,0),('june',2205,0),('joypad',2204,0),('jordangrodecki',2203,0),('jordan',2202,0),('jokes',2201,0),('joke',2200,0),('join',2199,0),('john',2198,0),('interview',940,0),('jobs',2197,0),('job',2196,0),('jean',2195,0),('jealous',2194,0),('jazz',2193,0),('jaw',2192,0),('japanese',2191,0),('japan',2190,0),('jackson',2189,0),('jackrabbit',2188,0),('jacket',2187,0),('ive',2186,0),('itself',2185,0),('itll',2184,0),('issues',2183,0),('island',2182,0),('involvement',2181,0),('involved',2180,0),('invisible',2179,0),('inteviewed',2178,0),('interviewed',2177,0),('internet',2176,0),('interesting',2175,0),('interactive',2174,0),('inside',2173,0),('insanity',2172,0),('informed',2171,0),('influence',2170,0),('infamous',2169,0),('infact',2168,0),('industyr',2167,0),('industry',2166,0),('indeed',2165,0),('incredible',2164,0),('increase',2163,0),('incomplete',2162,0),('impressive',2161,0),('impressed',2160,0),('immediately',2159,0),('im',2158,0),('illusion',2157,0),('ill',2156,0),('iii',2155,0),('ignores',2154,0),('ignore',2153,0),('idiotic',2152,0),('ideas',2151,0),('ideal',2150,0),('idea',2149,0),('i',2148,0),('hundred',2147,0),('humor',2146,0),('humans',2145,0),('huge',2144,0),('htink',2143,0),('hours',2142,0),('hot',2141,0),('hostage',2140,0),('horrible',2139,0),('horizontal',2138,0),('hoped',2137,0),('hookup',2136,0),('honesty',2135,0),('hold',2134,0),('hmm',2133,0),('hl2',2132,0),('hitting',2131,0),('hitachi',2130,0),('hit',2129,0),('history',2128,0),('hired',2127,0),('hire',2126,0),('hippy',2125,0),('high',2124,0),('hes',2123,0),('heroes',2122,0),('help',2121,0),('hello',2120,0),('hell',2119,0),('held',2118,0),('hehehe',2117,0),('hehe',2116,0),('heh',2115,0),('hector',2114,0),('heavy',2113,0),('heavily',2112,0),('hear',2111,0),('head',2110,0),('he',2109,0),('hated',2108,0),('hate',2107,0),('hardware',2106,0),('hardcore',2105,0),('hard',2104,0),('hara',2103,0),('happening',2102,0),('happened',2101,0),('hands',2100,0),('half',2099,0),('hahahaha',2098,0),('hahaha',2097,0),('haha',2096,0),('hah',2095,0),('hacking',2094,0),('guys',2093,0),('guy',2092,0),('guru',2091,0),('gunstar',2090,0),('guessed',2089,0),('guess',2088,0),('guarantee',2087,0),('groundbreaking',2086,0),('groundbreaker',2085,0),('greenlighted',2084,0),('great',2083,0),('graphics',2082,0),('graduated',2081,0),('grads',2080,0),('grabbed',2079,0),('gold',2078,0),('goes',2077,0),('god',2076,0),('gmt',2075,0),('glide',2074,0),('given',2073,0),('giant',2072,0),('gets',2071,0),('gentlemen',2070,0),('geniuses',2069,0),('genius',2068,0),('genesis',2067,0),('gen',2066,0),('gem',2065,0),('gba',2064,0),('gave',2063,0),('gary',2062,0),('gaming',2061,0),('games',2060,0),('gameplay',2059,0),('gamebryo',2058,0),('game',2057,0),('gamasutra',2056,0),('funny',2055,0),('funniest',2054,0),('funding',2053,0),('fuentes',2052,0),('fuckups',2051,0),('fucking',2050,0),('fuck',2049,0),('ftp',2048,0),('frikin',2047,0),('friends',2046,0),('friend',2045,0),('fricking',2044,0),('frickin',2043,0),('freaky',2042,0),('freakin',2041,0),('framed',2040,0),('fps',2039,0),('four',2038,0),('forums',2037,0),('former',2036,0),('form',2035,0),('forgotten',2034,0),('forces',2033,0),('footage',2032,0),('fly',2031,0),('florida',2030,0),('floored',2029,0),('floor',2028,0),('flipped',2027,0),('flexible',2026,0),('flew',2025,0),('five',2024,0),('fisheye',2023,0),('fired',2022,0),('finish',2021,0),('fine',2020,0),('files',2019,0),('fileinfo',2018,0),('figures',2017,0),('figure',2016,0),('fighting',2015,0),('fighter',2014,0),('felt',2013,0),('fell',2012,0),('feet',2011,0),('feel',2010,0),('feb',2009,0),('fault',2008,0),('faster',2007,0),('fast',2006,0),('fashion',2005,0),('fantastic',2004,0),('fang',2003,0),('fan',2002,0),('famous',2001,0),('familiar',2000,0),('fame',1999,0),('fact',1998,0),('faced',1997,0),('face',1996,0),('eyes',1995,0),('extra',1994,0),('exsists',1993,0),('express',1992,0),('explodes',1991,0),('explode',1990,0),('explain',1989,0),('experimental',1988,0),('expensive',1987,0),('expected',1986,0),('expectations',1985,0),('execs',1984,0),('exclusive',1983,0),('exactly',1982,0),('everywhere',1981,0),('everything',1980,0),('est',1979,0),('environment',1978,0),('entity',1977,0),('entire',1976,0),('english',1975,0),('engineering',1974,0),('engine',1973,0),('enemies',1972,0),('ends',1971,0),('ended',1970,0),('employie',1969,0),('employee',1968,0),('emails',1967,0),('email',1966,0),('eidos',1965,0),('egocentric',1964,0),('editor',1963,0),('edges',1962,0),('eberts',1961,0),('ebert',1960,0),('ebay',1959,0),('east',1958,0),('easily',1957,0),('easier',1956,0),('earth',1955,0),('early',1954,0),('earlier',1953,0),('e3',1952,0),('dynamic',1951,0),('duplicated',1950,0),('dumped',1949,0),('drove',1948,0),('droppingly',1947,0),('dropped',1946,0),('dreamcst',1945,0),('dreamcast',1944,0),('dreadful',1943,0),('drawings',1942,0),('drawing',1941,0),('draw',1940,0),('download',1939,0),('doubt',1938,0),('dork',1937,0),('doorsteps',1936,0),('door',1935,0),('doom',1934,0),('done',1933,0),('dominate',1932,0),('dollars',1931,0),('doll',1930,0),('doing',1929,0),('dog',1928,0),('docs',1927,0),('disturbing',1926,0),('distributed',1925,0),('distort',1924,0),('disconnected',1923,0),('disassembler',1922,0),('disasseble',1921,0),('directx',1920,0),('directly',1919,0),('dipped',1918,0),('digital',1917,0),('digg',1916,0),('dig',1915,0),('difficult',1914,0),('differently',1913,0),('different',1912,0),('diff',1911,0),('dick',1910,0),('development',1909,0),('developers',1908,0),('developed',1907,0),('devcons',1906,0),('dev',1905,0),('details',1904,0),('destroy',1903,0),('despised',1902,0),('desk',1901,0),('designs',1900,0),('design',1899,0),('depending',1898,0),('deny',1897,0),('demos',1896,0),('demo',1895,0),('degrees',1894,0),('degree',1893,0),('deformable',1892,0),('def',1891,0),('dedicated',1890,0),('decent',1889,0),('dean',1888,0),('deal',1887,0),('daytona',1886,0),('dave',1885,0),('daughters',1884,0),('daughter',1883,0),('dark',1882,0),('damn',1881,0),('daisy',1880,0),('dah',1879,0),('dads',1878,0),('daddys',1877,0),('cutting',1876,0),('cutout',1875,0),('cut',1874,0),('cusp',1873,0),('curves',1872,0),('curved',1871,0),('curve',1870,0),('currently',1869,0),('cube',1868,0),('crew',1867,0),('creepy',1866,0),('creatures',1865,0),('creator',1864,0),('created',1863,0),('crazy',1862,0),('crash',1861,0),('crappy',1860,0),('crap',1859,0),('crack',1858,0),('cpus',1857,0),('cpu',1856,0),('cover',1855,0),('courted',1854,0),('couple',1853,0),('country',1852,0),('couldve',1851,0),('cost',1850,0),('correct',1849,0),('core',1848,0),('cop',1847,0),('cooperate',1846,0),('cooler',1845,0),('convert',1844,0),('conversationist',1843,0),('conversation',1842,0),('controls',1841,0),('control',1840,0),('contract',1839,0),('continue',1838,0),('contest',1837,0),('console',1836,0),('consistently',1835,0),('connection',1834,0),('concepts',1833,0),('conception',1832,0),('concept',1831,0),('compresser',1830,0),('complete',1829,0),('competitors',1828,0),('competing',1827,0),('compared',1826,0),('company',1825,0),('companies',1824,0),('communtiy',1823,0),('color',1822,0),('college',1821,0),('collector',1820,0),('collecter',1819,0),('collect',1818,0),('coffins',1817,0),('coffin',1816,0),('coder',1815,0),('code',1814,0),('coast',1813,0),('cmon',1812,0),('clue',1811,0),('closeups',1810,0),('close',1809,0),('clones',1808,0),('clip',1807,0),('click',1806,0),('clever',1805,0),('clean',1804,0),('classic',1803,0),('clamoring',1802,0),('claim',1801,0),('circular',1800,0),('circle',1799,0),('christmas',1798,0),('chris',1797,0),('choose',1796,0),('chip',1795,0),('child',1794,0),('cheer',1793,0),('checksum',1792,0),('checking',1791,0),('checkerboards',1790,0),('checked',1789,0),('check',1788,0),('cheap',1787,0),('charlie',1786,0),('character',1785,0),('chaotix',1784,0),('chaotic',1783,0),('changed',1782,0),('catch',1781,0),('cart',1780,0),('cars',1779,0),('cards',1778,0),('card',1777,0),('camera',1776,0),('came',1775,0),('calling',1774,0),('called',1773,0),('call',1772,0),('cable',1771,0),('buy',1770,0),('busy',1769,0),('bunch',1768,0),('built',1767,0),('build',1766,0),('bug',1765,0),('brush',1764,0),('brown',1763,0),('brought',1762,0),('bring',1761,0),('brilliant',1760,0),('brill',1759,0),('briefly',1758,0),('breeze',1757,0),('breach',1756,0),('branched',1755,0),('bragged',1754,0),('boy',1753,0),('box',1752,0),('bottom',1751,0),('bothered',1750,0),('both',1749,0),('bosses',1748,0),('boss',1747,0),('bonus',1746,0),('blazingly',1745,0),('blazing',1744,0),('blast',1743,0),('black',1742,0),('bizarre',1741,0),('biz',1740,0),('bitch',1739,0),('bit',1738,0),('billboard',1737,0),('biggest',1736,0),('bigger',1735,0),('bets',1734,0),('beta',1733,0),('bet',1732,0),('bent',1731,0),('belinskes',1730,0),('believe',1729,0),('beleived',1728,0),('behind',1727,0),('beginning',1726,0),('beats',1725,0),('beating',1724,0),('beast',1723,0),('bead',1722,0),('bastard',1721,0),('basically',1720,0),('basic',1719,0),('bash',1718,0),('based',1717,0),('banding',1716,0),('bandicoot',1715,0),('band',1714,0),('bais',1713,0),('baffling',1712,0),('backstabbing',1711,0),('backported',1710,0),('background',1709,0),('backbone',1708,0),('back',1707,0),('awesome',1706,0),('away',1705,0),('available',1704,0),('attitude',1703,0),('attempting',1702,0),('atitude',1701,0),('ate',1700,0),('atari',1699,0),('assembly',1698,0),('assembler',1697,0),('asking',1696,0),('artists',1695,0),('article',1694,0),('art',1693,0),('arms',1692,0),('arg',1691,0),('arcade',1690,0),('apps',1689,0),('appretice',1688,0),('appear',1687,0),('apparently',1686,0),('app',1685,0),('anyways',1684,0),('anything',1683,0),('anyplace',1682,0),('anyone',1681,0),('answered',1680,0),('animation',1679,0),('and',1678,0),('anal',1677,0),('america',1676,0),('amazing',1675,0),('amazed',1674,0),('always',1673,0),('altogether',1672,0),('alrighty',1671,0),('already',1670,0),('alone',1669,0),('alon',1668,0),('allright',1667,0),('alcatraz',1666,0),('ahead',1665,0),('aha',1664,0),('age',1663,0),('again',1662,0),('admit',1661,0),('added',1660,0),('add',1659,0),('actully',1658,0),('actually',1657,0),('action',1656,0),('acquaintances',1655,0),('according',1654,0),('abuse',1653,0),('absolutly',1652,0),('able',1651,0),('aaahh',1650,0),('9point',1649,0),('8pm',1648,0),('8am',1647,0),('6pm',1646,0),('60fps',1645,0),('2500',1644,0),('2006',1643,0),('1980',1642,0),('59',1641,0),('58',1640,0),('57',1639,0),('56',1638,0),('55',1637,0),('54',1636,0),('53',1635,0),('52',1634,0),('51',1633,0),('50',1632,0),('49',1631,0),('48',1630,0),('47',1629,0),('46',1628,0),('45',1627,0),('44',1626,0),('43',1625,0),('42',1624,0),('41',1623,0),('40',1622,0),('3dfx',1621,0),('3d',1620,0),('39',1619,0),('38',1618,0),('37',1617,0),('36',1616,0),('35',1615,0),('34',1614,0),('33',1613,0),('32x',1612,0),('32',1611,0),('31',1610,0),('30',1609,0),('29',1608,0),('28',1607,0),('27',1606,0),('26',1605,0),('25',1604,0),('24',1603,0),('23',1602,0),('22',1601,0),('21',1600,0),('20',1599,0),('1st',1598,0),('19',1597,0),('18',1596,0),('17',1595,0),('16',1594,0),('15',1593,0),('14',1592,0),('13',1591,0),('12',1590,0),('11pm',1589,0),('11',1588,0),('6',1587,0),('4',1586,0),('3',1585,0),('10fps',1584,0),('10am',1583,0),('10',1582,0),('09',1581,0),('08',1580,0),('07',1579,0),('06',1578,0),('05',1577,0),('04',1576,0),('03',1575,0),('02',1574,0),('01',1573,0),('00',1572,0),('years',2798,0),('yep',2799,0),('yikes',2800,0),('you',2801,0),('yourself',2802,0),('yuck',2803,0),('zbrush',2804,0),('zbuffer',2805,0),('zones',2806,0),('L80',2807,0),('1991',2808,0),('1994',2809,0),('?the',4062,0),('?sonic?',4061,0),('?sonic',4060,0),('adrian',2813,0),('adrian?s',2814,0),('?only',4059,0),('?las',4058,0),('?how',4057,0),('?have',4056,0),('?fisheye?',4055,0),('amp',2820,0),('?did',4054,0),('?cool?',4053,0),('?christmas',4052,0),('?both',4051,0),('?also',4050,0),('?when',4049,0),('you?ve',4048,0),('anyway',2828,0),('yelloworange',4047,0),('yellow',4046,0),('yasuhara',4045,0),('worlds',4044,0),('won?t',4043,0),('area',2834,0),('wonderful',4042,0),('artist',2836,0),('wonder',4041,0),('asked',2838,0),('wireframed',4040,0),('assistance',2840,0),('whiteboard',4039,0),('white',4038,0),('became',2843,0),('whenever',4037,0),('watch',4036,0),('wasted',4035,0),('waited',4034,0),('videos',4033,0),('versions',4032,0),('vegas?',4031,0),('valley',4030,0),('vacation',4029,0),('utmost',4028,0),('upside',4027,0),('builds',2855,0),('canceled',2856,0),('unused',4026,0),('unknown',4025,0),('underlying',4024,0),('uncommon',4023,0),('types',4022,0),('challenges',2862,0),('tries',4021,0),('topped',4020,0),('top',4019,0),('characters',2866,0),('tightly',4018,0),('charge',2868,0),('threw',4017,0),('testing',4016,0),('techniques',4015,0),('teams',4014,0),('talented',4013,0),('supporting',4012,0),('comix',2875,0),('submitted',4011,0),('subject',4010,0),('composer',2878,0),('subcontractor',4009,0),('sti?s',4008,0),('stays',4007,0),('stashed',4006,0),('spread',4005,0),('sponsored',4004,0),('sponcership',4003,0),('corporate',2888,0),('spoken',4002,0),('spinball?',4001,0),('create',2891,0),('spend',4000,0),('specifically',3999,0),('credited',2894,0),('source',3998,0),('something?but',3997,0),('solving',3996,0),('solve',3995,0),('slot',3994,0),('situation',3993,0),('designer',2903,0),('simply',3992,0),('silicon',3991,0),('significance',3990,0),('developing',2907,0),('shiny',3989,0),('didn?t',2909,0),('shaped',3988,0),('shaded',3987,0),('series',3986,0),('senoue',3985,0),('sending',3984,0),('send',3983,0),('selecting',3982,0),('don?t',2917,0),('secret',3981,0),('scope',3980,0),('scandals',3979,0),('satisfying',3978,0),('reworking',3977,0),('reused',3976,0),('drossin',2924,0),('result',3975,0),('responsible',3974,0),('responisble',3973,0),('resemble',3972,0),('research',3971,0),('required',3970,0),('release?',3969,0),('end',2932,0),('enjoyed',2933,0),('rejected',3968,0),('events',2935,0),('regard',3967,0),('refer',3966,0),('reef',3965,0),('recorded',3964,0),('react',3963,0),('puzzles',3962,0),('pulled',3961,0),('publicity',3960,0),('provided',3959,0),('favorite',2945,0),('promotion',3958,0),('final',2947,0),('promises',3957,0),('programs',3956,0),('productive',3955,0),('production',3954,0),('produced',3953,0),('produce',3952,0),('process',3951,0),('problems',3950,0),('problem',3949,0),('primarily',3948,0),('pressure',3947,0),('practically',3946,0),('playing',3945,0),('player?s',3944,0),('plan',3943,0),('pitched',3942,0),('pinnacle',3941,0),('pieces',3940,0),('helping',2966,0),('perfectly',3939,0),('percentage',3938,0),('packed',3937,0),('packaging',3936,0),('oversee',3935,0),('howard',2972,0),('oversaw',3934,0),('overall',3933,0),('outlined',3932,0),('organized',3931,0),('including',2977,0),('opportunity',3930,0),('notch',3929,0),('normally',3928,0),('institute',2981,0),('nike',3927,0),('introduced',2983,0),('naka?s',3926,0),('movies',3925,0),('mostly',3924,0),('it?s',2987,0),('i?d',2988,0),('milpo',3923,0),('mid90?s',3922,0),('ment',3921,0),('memories',3920,0),('memorabilia',3919,0),('mega',3918,0),('materials',3917,0),('massive',3916,0),('marketplace',3915,0),('market',3914,0),('los',3913,0),('living',3912,0),('life',3911,0),('letters',3910,0),('leads',3909,0),('lava',3908,0),('launched',3907,0),('launch',3906,0),('larger',3905,0),('kunitake',3904,0),('logo',3009,0),('knuckles?',3903,0),('knows',3902,0),('knowing',3901,0),('kinds',3900,0),('kinda',3899,0),('math',3015,0),('meetings',3016,0),('keeping',3898,0),('jun',3897,0),('joint',3896,0),('i?ve',3895,0),('i?m',3894,0),('i?ll',3893,0),('itching',3892,0),('moved',3024,0),('involving',3891,0),('naka',3026,0),('involves',3890,0),('intended',3889,0),('inspired',3888,0),('inspiration',3887,0),('number',3031,0),('initial',3886,0),('included',3885,0),('improved',3884,0),('importantly',3883,0),('important',3882,0),('hollywood',3881,0),('hirokazu',3880,0),('hide',3879,0),('hidden',3878,0),('here?',3877,0),('helped',3876,0),('hedgehog',3875,0),('hearing',3874,0),('haven?t',3873,0),('planned',3046,0),('happy',3872,0),('had',3871,0),('political',3049,0),('guide',3870,0),('glad',3869,0),('previous',3052,0),('generally',3868,0),('gang',3867,0),('game?',3866,0),('gamer',3865,0),('front',3864,0),('fourth',3863,0),('font',3862,0),('fond',3861,0),('fit',3860,0),('projects',3062,0),('finally?',3859,0),('female',3858,0),('fascination',3857,0),('fans',3856,0),('family',3855,0),('fake',3854,0),('eye',3853,0),('recollections',3070,0),('experienced',3852,0),('experience',3851,0),('executive',3850,0),('excellent',3849,0),('enough',3848,0),('emeralds',3847,0),('emerald',3846,0),('elements',3845,0),('egg',3844,0),('edge',3843,0),('ect',3842,0),('during',3841,0),('drive',3840,0),('drew',3839,0),('draws',3838,0),('drawn',3837,0),('dozens',3836,0),('dozen',3835,0),('seen',3089,0),('donate',3834,0),('division',3833,0),('discover',3832,0),('senn?s',3093,0),('director?',3831,0),('director',3830,0),('digitizer',3829,0),('diehard',3828,0),('diagonal',3827,0),('develope',3826,0),('detail',3825,0),('designers',3824,0),('delayed',3823,0),('dedication',3822,0),('decided',3821,0),('debugged',3820,0),('death',3819,0),('dates',3818,0),('special',3108,0),('current',3817,0),('credits',3816,0),('spinball',3111,0),('creative',3815,0),('creating',3814,0),('crackers',3813,0),('counted',3812,0),('copy',3811,0),('staff',3117,0),('controlled',3810,0),('contributed',3809,0),('stephens',3120,0),('contribute',3808,0),('stronger',3122,0),('containing',3807,0),('contain',3806,0),('contacts',3805,0),('consisted',3804,0),('confusing',3803,0),('compose',3802,0),('completed',3801,0),('collective',3800,0),('text',3131,0),('that?s',3132,0),('collections',3799,0),('coin',3798,0),('title',3135,0),('clearly',3797,0),('chosen',3796,0),('chemistry',3795,0),('character?s',3794,0),('ultimately',3140,0),('chaos?',3793,0),('chaos',3792,0),('changes',3791,0),('certain',3790,0),('cd?',3789,0),('caused',3788,0),('capacity',3787,0),('can?t',3786,0),('brooks',3785,0),('brit',3784,0),('brainstorm',3783,0),('boxed',3782,0),('wasn?t',3153,0),('boxarts',3781,0),('border',3780,0),('what?s',3156,0),('book',3779,0),('bobby',3778,0),('blue',3777,0),('willing',3160,0),('between?',3776,0),('behing',3775,0),('autonomy',3774,0),('attended',3773,0),('aspects',3772,0),('art?',3771,0),('areas',3770,0),('approved',3769,0),('approval',3768,0),('yuji',3170,0),('zone',3171,0),('approach',3767,0),('appreciate',3766,0),('aoki',3765,0),('anticipation',3764,0),('answers',3763,0),('answering',3762,0),('animations',3761,0),('animals',3760,0),('animal',3759,0),('angeles',3758,0),('among',3757,0),('american',3756,0),('agreed',3755,0),('aggressive',3754,0),('afterward?along',3753,0),('1992',3189,0),('1995',3190,0),('1996',3191,0),('accomplices',3192,0),('achieve',3193,0),('addon',3194,0),('against',3195,0),('alissa',3196,0),('alon?s',3197,0),('although',3198,0),('anxiety',3199,0),('apart',3200,0),('appears',3201,0),('appease',3202,0),('april',3203,0),('artwork',3204,0),('assets',3205,0),('attached',3206,0),('auction',3207,0),('axed',3208,0),('baby',3209,0),('beach',3210,0),('beers',3211,0),('behalf',3212,0),('bodies',3213,0),('brits',3214,0),('burbank',3215,0),('b?ball',3216,0),('camaraderie',3217,0),('carpool',3218,0),('ceilingclimbing',3219,0),('cerny',3220,0),('chance',3221,0),('claude',3222,0),('comingling',3223,0),('comixzone',3224,0),('comments',3225,0),('concrete',3226,0),('considered',3227,0),('crawlers',3228,0),('crayon',3229,0),('cubes',3230,0),('dans',3231,0),('definitely',3232,0),('diversions',3233,0),('dude',3234,0),('dug',3235,0),('effort',3236,0),('ending',3237,0),('enemy',3238,0),('entries',3239,0),('episode',3240,0),('excitement',3241,0),('exciting',3242,0),('expecting',3243,0),('extremely',3244,0),('fight',3245,0),('following',3246,0),('food',3247,0),('format',3248,0),('forward',3249,0),('francisco',3250,0),('friday',3251,0),('further',3252,0),('gee',3253,0),('genxer',3254,0),('graphic',3255,0),('green',3256,0),('grow',3257,0),('grungy',3258,0),('hang',3259,0),('happily',3260,0),('header',3261,0),('heads',3262,0),('hero',3263,0),('hint',3264,0),('howard?s',3265,0),('hurry',3266,0),('images',3267,0),('implying',3268,0),('importance',3269,0),('inhouse',3270,0),('initially',3271,0),('ironically',3272,0),('italy',3273,0),('joe',3274,0),('joined',3275,0),('knock',3276,0),('la',3277,0),('legacy',3278,0),('lived',3279,0),('localization',3280,0),('memory',3281,0),('minute',3282,0),('morawiec',3283,0),('mortus',3284,0),('must?ve',3285,0),('nextgen',3286,0),('nifty',3287,0),('night',3288,0),('nights',3289,0),('nonetheless',3290,0),('nonstop',3291,0),('north',3292,0),('notorious',3293,0),('obviously',3294,0),('open',3295,0),('panel',3296,0),('perhaps',3297,0),('peter',3298,0),('pictures',3299,0),('placeholder',3300,0),('plans',3301,0),('pngs',3302,0),('poking',3303,0),('pool',3304,0),('popup',3305,0),('posh',3306,0),('possibility',3307,0),('prelim',3308,0),('property',3309,0),('rat',3310,0),('realistic',3311,0),('reasons',3312,0),('recognize',3313,0),('renderer',3314,0),('rendition',3315,0),('replaced',3316,0),('ridiculously',3317,0),('round',3318,0),('rules',3319,0),('salvaging',3320,0),('san',3321,0),('satellite',3322,0),('scrawny',3323,0),('sequel',3324,0),('sequences',3325,0),('serious',3326,0),('share',3327,0),('shed',3328,0),('sidekick',3329,0),('sketch',3330,0),('slept',3331,0),('slight',3332,0),('solid',3333,0),('sonic3d',3334,0),('sonic?s',3335,0),('sounds',3336,0),('speaking',3337,0),('spherical',3338,0),('stability',3339,0),('starting',3340,0),('steady',3341,0),('stick',3342,0),('storyboards',3343,0),('string',3344,0),('struck',3345,0),('subsequent',3346,0),('suspect',3347,0),('swapping',3348,0),('tales',3349,0),('tells',3350,0),('theme',3351,0),('thrilled',3352,0),('tiff',3353,0),('tiffs',3354,0),('titles',3355,0),('tough',3356,0),('toward',3357,0),('travelers',3358,0),('turn',3359,0),('turner',3360,0),('until??',3361,0),('upperclass',3362,0),('usual',3363,0),('venturing',3364,0),('wacky',3365,0),('whipped',3366,0),('works',3367,0),('you?',3368,0),('zone?',3369,0),('?95',3370,0),('?empire?',3371,0),('?and',3372,0),('?jean',3373,0),('?joe',3374,0),('?queensbury',3375,0),('?slam',3376,0),('?tally',3377,0),('?we',3378,0),('?',3379,0);

--
-- Table structure for table `hpz_sessions`
--

CREATE TABLE `hpz_sessions` (
  `session_id` char(32) NOT NULL DEFAULT '',
  `session_user_id` mediumint(8) NOT NULL DEFAULT '0',
  `session_start` int(11) NOT NULL DEFAULT '0',
  `session_time` int(11) NOT NULL DEFAULT '0',
  `session_ip` char(8) NOT NULL DEFAULT '0',
  `session_page` int(11) NOT NULL DEFAULT '0',
  `session_logged_in` tinyint(1) NOT NULL DEFAULT '0',
  `session_admin` tinyint(2) NOT NULL DEFAULT '0',
  PRIMARY KEY (`session_id`),
  KEY `session_user_id` (`session_user_id`),
  KEY `session_id_ip_user_id` (`session_id`,`session_ip`,`session_user_id`)
) ENGINE=MyISAM DEFAULT CHARSET=latin1;

--
-- Dumping data for table `hpz_sessions`
--

INSERT INTO `hpz_sessions` VALUES ('8a16ff79c3024759417b072480c98de1',4,1145983957,1145986671,'586fbdf9',-1,1,0),('4266ed8144069f1129893eefd017a0a7',-1,1146077717,1146077717,'586fbdf9',-1,0,0),('7a25c546f6c7ff2653cd108bc353c647',7,1146021999,1146021999,'1817d4d4',0,1,0);

--
-- Table structure for table `hpz_sessions_keys`
--

CREATE TABLE `hpz_sessions_keys` (
  `key_id` varchar(32) NOT NULL DEFAULT '0',
  `user_id` mediumint(8) NOT NULL DEFAULT '0',
  `last_ip` varchar(8) NOT NULL DEFAULT '0',
  `last_login` int(11) NOT NULL DEFAULT '0',
  PRIMARY KEY (`key_id`,`user_id`),
  KEY `last_login` (`last_login`)
) ENGINE=MyISAM DEFAULT CHARSET=latin1;

--
-- Dumping data for table `hpz_sessions_keys`
--

INSERT INTO `hpz_sessions_keys` VALUES ('601a877ec663d094d114b808941b958c',2,'531097fa',1139436779),('a638237c06a0c19320d5774d7cdf5814',2,'531097fa',1139522191),('21bdd4fdd8c13660cb3e6183076b07c4',3,'540094f0',1145721962),('6fbe467c41a7dd2f006cc2b47cec94fb',5,'476b8575',1142371862),('db21a9fdd8060cdfefac9a7abb121650',6,'47fa4f86',1142056698),('1299614b5b8f8a81a06594c423c97d30',7,'1817d4d4',1146021999),('f61d6d40440a72c60b39b435bfe77372',4,'586f8576',1142291736),('995fc5b463c152db3dcbddac9fed92f3',6,'47fa4f86',1142130060),('dc53f06bad398d1c3fa90aaf5073db0c',2,'531097fa',1142370273),('98b834506c23c89775c2c40a58d3c8e3',4,'586f8576',1142530366),('3139aca0fa507366d51e2509d1191e68',2,'531097fa',1142642850),('18053e8c49ee4c4d2687461d90fe8e86',8,'3eaf39f3',1143315276),('6bfc59cdeeb314e469026bb03d862621',2,'530f5362',1144354718),('c1b9d77625901a7c0593b67eff1dd432',4,'acca8d2d',1143823889),('45d9b4baafc511857cb4993f8db0f96e',8,'50ae615d',1144553674),('ff3864adca47b2f861bc44884f188063',5,'476bb879',1145038395),('bbe4326199637e3cba8a99ee5cc7fb1e',8,'3eaf13f9',1145058424),('f76083451f62caf9ba36a64c90700616',8,'3eaf39e4',1145394789),('1a048238cd660b2152ac344499fcc33a',8,'50ae6164',1145934856);

--
-- Table structure for table `hpz_smilies`
--

CREATE TABLE `hpz_smilies` (
  `smilies_id` smallint(5) unsigned NOT NULL AUTO_INCREMENT,
  `code` varchar(50) DEFAULT NULL,
  `smile_url` varchar(100) DEFAULT NULL,
  `emoticon` varchar(75) DEFAULT NULL,
  PRIMARY KEY (`smilies_id`)
) ENGINE=MyISAM AUTO_INCREMENT=43 DEFAULT CHARSET=latin1;

--
-- Dumping data for table `hpz_smilies`
--

INSERT INTO `hpz_smilies` VALUES (1,':D','icon_biggrin.gif','Very Happy'),(2,':-D','icon_biggrin.gif','Very Happy'),(3,':grin:','icon_biggrin.gif','Very Happy'),(4,':)','icon_smile.gif','Smile'),(5,':-)','icon_smile.gif','Smile'),(6,':smile:','icon_smile.gif','Smile'),(7,':(','icon_sad.gif','Sad'),(8,':-(','icon_sad.gif','Sad'),(9,':sad:','icon_sad.gif','Sad'),(10,':o','icon_surprised.gif','Surprised'),(11,':-o','icon_surprised.gif','Surprised'),(12,':eek:','icon_surprised.gif','Surprised'),(13,':shock:','icon_eek.gif','Shocked'),(14,':?','icon_confused.gif','Confused'),(15,':-?','icon_confused.gif','Confused'),(16,':???:','icon_confused.gif','Confused'),(17,'8)','icon_cool.gif','Cool'),(18,'8-)','icon_cool.gif','Cool'),(19,':cool:','icon_cool.gif','Cool'),(20,':lol:','icon_lol.gif','Laughing'),(21,':x','icon_mad.gif','Mad'),(22,':-x','icon_mad.gif','Mad'),(23,':mad:','icon_mad.gif','Mad'),(24,':P','icon_razz.gif','Razz'),(25,':-P','icon_razz.gif','Razz'),(26,':razz:','icon_razz.gif','Razz'),(27,':oops:','icon_redface.gif','Embarassed'),(28,':cry:','icon_cry.gif','Crying or Very sad'),(29,':evil:','icon_evil.gif','Evil or Very Mad'),(30,':twisted:','icon_twisted.gif','Twisted Evil'),(31,':roll:','icon_rolleyes.gif','Rolling Eyes'),(32,':wink:','icon_wink.gif','Wink'),(33,';)','icon_wink.gif','Wink'),(34,';-)','icon_wink.gif','Wink'),(35,':!:','icon_exclaim.gif','Exclamation'),(36,':?:','icon_question.gif','Question'),(37,':idea:','icon_idea.gif','Idea'),(38,':arrow:','icon_arrow.gif','Arrow'),(39,':|','icon_neutral.gif','Neutral'),(40,':-|','icon_neutral.gif','Neutral'),(41,':neutral:','icon_neutral.gif','Neutral'),(42,':mrgreen:','icon_mrgreen.gif','Mr. Green');

--
-- Table structure for table `hpz_themes`
--

CREATE TABLE `hpz_themes` (
  `themes_id` mediumint(8) unsigned NOT NULL AUTO_INCREMENT,
  `template_name` varchar(30) NOT NULL DEFAULT '',
  `style_name` varchar(30) NOT NULL DEFAULT '',
  `head_stylesheet` varchar(100) DEFAULT NULL,
  `body_background` varchar(100) DEFAULT NULL,
  `body_bgcolor` varchar(6) DEFAULT NULL,
  `body_text` varchar(6) DEFAULT NULL,
  `body_link` varchar(6) DEFAULT NULL,
  `body_vlink` varchar(6) DEFAULT NULL,
  `body_alink` varchar(6) DEFAULT NULL,
  `body_hlink` varchar(6) DEFAULT NULL,
  `tr_color1` varchar(6) DEFAULT NULL,
  `tr_color2` varchar(6) DEFAULT NULL,
  `tr_color3` varchar(6) DEFAULT NULL,
  `tr_class1` varchar(25) DEFAULT NULL,
  `tr_class2` varchar(25) DEFAULT NULL,
  `tr_class3` varchar(25) DEFAULT NULL,
  `th_color1` varchar(6) DEFAULT NULL,
  `th_color2` varchar(6) DEFAULT NULL,
  `th_color3` varchar(6) DEFAULT NULL,
  `th_class1` varchar(25) DEFAULT NULL,
  `th_class2` varchar(25) DEFAULT NULL,
  `th_class3` varchar(25) DEFAULT NULL,
  `td_color1` varchar(6) DEFAULT NULL,
  `td_color2` varchar(6) DEFAULT NULL,
  `td_color3` varchar(6) DEFAULT NULL,
  `td_class1` varchar(25) DEFAULT NULL,
  `td_class2` varchar(25) DEFAULT NULL,
  `td_class3` varchar(25) DEFAULT NULL,
  `fontface1` varchar(50) DEFAULT NULL,
  `fontface2` varchar(50) DEFAULT NULL,
  `fontface3` varchar(50) DEFAULT NULL,
  `fontsize1` tinyint(4) DEFAULT NULL,
  `fontsize2` tinyint(4) DEFAULT NULL,
  `fontsize3` tinyint(4) DEFAULT NULL,
  `fontcolor1` varchar(6) DEFAULT NULL,
  `fontcolor2` varchar(6) DEFAULT NULL,
  `fontcolor3` varchar(6) DEFAULT NULL,
  `span_class1` varchar(25) DEFAULT NULL,
  `span_class2` varchar(25) DEFAULT NULL,
  `span_class3` varchar(25) DEFAULT NULL,
  `img_size_poll` smallint(5) unsigned DEFAULT NULL,
  `img_size_privmsg` smallint(5) unsigned DEFAULT NULL,
  PRIMARY KEY (`themes_id`)
) ENGINE=MyISAM AUTO_INCREMENT=2 DEFAULT CHARSET=latin1;

--
-- Dumping data for table `hpz_themes`
--

INSERT INTO `hpz_themes` VALUES (1,'subSilver','subSilver','subSilver.css','','E5E5E5','000000','006699','5493B4','','DD6900','EFEFEF','DEE3E7','D1D7DC','','','','98AAB1','006699','FFFFFF','cellpic1.gif','cellpic3.gif','cellpic2.jpg','FAFAFA','FFFFFF','','row1','row2','','Verdana, Arial, Helvetica, sans-serif','Trebuchet MS','Courier, \'Courier New\', sans-serif',10,11,12,'444444','006600','FFA34F','','','',NULL,NULL);

--
-- Table structure for table `hpz_themes_name`
--

CREATE TABLE `hpz_themes_name` (
  `themes_id` smallint(5) unsigned NOT NULL DEFAULT '0',
  `tr_color1_name` char(50) DEFAULT NULL,
  `tr_color2_name` char(50) DEFAULT NULL,
  `tr_color3_name` char(50) DEFAULT NULL,
  `tr_class1_name` char(50) DEFAULT NULL,
  `tr_class2_name` char(50) DEFAULT NULL,
  `tr_class3_name` char(50) DEFAULT NULL,
  `th_color1_name` char(50) DEFAULT NULL,
  `th_color2_name` char(50) DEFAULT NULL,
  `th_color3_name` char(50) DEFAULT NULL,
  `th_class1_name` char(50) DEFAULT NULL,
  `th_class2_name` char(50) DEFAULT NULL,
  `th_class3_name` char(50) DEFAULT NULL,
  `td_color1_name` char(50) DEFAULT NULL,
  `td_color2_name` char(50) DEFAULT NULL,
  `td_color3_name` char(50) DEFAULT NULL,
  `td_class1_name` char(50) DEFAULT NULL,
  `td_class2_name` char(50) DEFAULT NULL,
  `td_class3_name` char(50) DEFAULT NULL,
  `fontface1_name` char(50) DEFAULT NULL,
  `fontface2_name` char(50) DEFAULT NULL,
  `fontface3_name` char(50) DEFAULT NULL,
  `fontsize1_name` char(50) DEFAULT NULL,
  `fontsize2_name` char(50) DEFAULT NULL,
  `fontsize3_name` char(50) DEFAULT NULL,
  `fontcolor1_name` char(50) DEFAULT NULL,
  `fontcolor2_name` char(50) DEFAULT NULL,
  `fontcolor3_name` char(50) DEFAULT NULL,
  `span_class1_name` char(50) DEFAULT NULL,
  `span_class2_name` char(50) DEFAULT NULL,
  `span_class3_name` char(50) DEFAULT NULL,
  PRIMARY KEY (`themes_id`)
) ENGINE=MyISAM DEFAULT CHARSET=latin1;

--
-- Dumping data for table `hpz_themes_name`
--

INSERT INTO `hpz_themes_name` VALUES (1,'The lightest row colour','The medium row color','The darkest row colour','','','','Border round the whole page','Outer table border','Inner table border','Silver gradient picture','Blue gradient picture','Fade-out gradient on index','Background for quote boxes','All white areas','','Background for topic posts','2nd background for topic posts','','Main fonts','Additional topic title font','Form fonts','Smallest font size','Medium font size','Normal font size (post body etc)','Quote & copyright text','Code text colour','Main table header text colour','','','');

--
-- Table structure for table `hpz_topics`
--

CREATE TABLE `hpz_topics` (
  `topic_id` mediumint(8) unsigned NOT NULL AUTO_INCREMENT,
  `forum_id` smallint(8) unsigned NOT NULL DEFAULT '0',
  `topic_title` varchar(60) NOT NULL DEFAULT '',
  `topic_desc` varchar(60) DEFAULT NULL,
  `topic_poster` mediumint(8) NOT NULL DEFAULT '0',
  `topic_time` int(11) NOT NULL DEFAULT '0',
  `topic_views` mediumint(8) unsigned NOT NULL DEFAULT '0',
  `topic_replies` mediumint(8) unsigned NOT NULL DEFAULT '0',
  `topic_status` tinyint(3) NOT NULL DEFAULT '0',
  `topic_vote` tinyint(1) NOT NULL DEFAULT '0',
  `topic_type` tinyint(3) NOT NULL DEFAULT '0',
  `topic_first_post_id` mediumint(8) unsigned NOT NULL DEFAULT '0',
  `topic_last_post_id` mediumint(8) unsigned NOT NULL DEFAULT '0',
  `topic_moved_id` mediumint(8) unsigned NOT NULL DEFAULT '0',
  PRIMARY KEY (`topic_id`),
  KEY `forum_id` (`forum_id`),
  KEY `topic_moved_id` (`topic_moved_id`),
  KEY `topic_status` (`topic_status`),
  KEY `topic_type` (`topic_type`)
) ENGINE=MyISAM AUTO_INCREMENT=21 DEFAULT CHARSET=latin1;

--
-- Dumping data for table `hpz_topics`
--

INSERT INTO `hpz_topics` VALUES (5,2,'Getting access to the main forum',NULL,2,1139536943,46,6,0,0,1,6,53,0),(4,1,'Invites',NULL,2,1139536396,21,0,0,0,1,5,5,0),(6,2,'validation test',NULL,6,1142006301,26,2,0,0,0,7,21,0),(7,1,'read.me','',2,1142008128,10,0,0,0,1,8,8,0),(8,1,'phpbb',NULL,2,1142008535,12,1,0,0,0,9,22,0),(10,1,'Don Goddard Interview Logs','Exclusivly unedited at HPZ',4,1142017810,33,3,0,0,0,14,61,0),(11,1,'Roger Hector Interview Logs','For archival purposes',4,1142018775,8,0,0,0,0,15,15,0),(12,1,'Peter Morawiec Interview Logs','For archival purposes',4,1142018838,5,0,0,0,0,16,16,0),(13,1,'Adrian Stephens Interview Logs','For archival purposes',4,1142018900,4,0,0,0,0,17,17,0),(14,1,'List of developers','',2,1142025999,67,8,0,0,0,18,64,0),(15,1,'Sonic X-treme','',6,1142030288,158,24,0,0,0,23,74,0),(16,1,'Sonic CD 510?','',2,1142042010,30,5,0,0,0,29,65,0),(17,1,'EFNet: Sutekh','6 MD protos, 3 MCD protos',2,1142042666,8,0,0,0,0,30,30,0),(18,1,'Brian Penzone','repairs arcade boards for Sega',2,1142042793,7,0,0,0,0,31,31,0),(19,1,'Retro Gamer Issue 22 Sonic Xtreme Scans','With Chris, Mike and me as credit :D',4,1142095543,15,2,0,0,0,39,62,0),(20,1,'Fatal error: 0xDEAD','',2,1142646972,12,2,0,0,0,54,56,0);

--
-- Table structure for table `hpz_topics_watch`
--

CREATE TABLE `hpz_topics_watch` (
  `topic_id` mediumint(8) unsigned NOT NULL DEFAULT '0',
  `user_id` mediumint(8) NOT NULL DEFAULT '0',
  `notify_status` tinyint(1) NOT NULL DEFAULT '0',
  KEY `topic_id` (`topic_id`),
  KEY `user_id` (`user_id`),
  KEY `notify_status` (`notify_status`)
) ENGINE=MyISAM DEFAULT CHARSET=latin1;

--
-- Dumping data for table `hpz_topics_watch`
--


--
-- Table structure for table `hpz_user_group`
--

CREATE TABLE `hpz_user_group` (
  `group_id` mediumint(8) NOT NULL DEFAULT '0',
  `user_id` mediumint(8) NOT NULL DEFAULT '0',
  `user_pending` tinyint(1) DEFAULT NULL,
  KEY `group_id` (`group_id`),
  KEY `user_id` (`user_id`)
) ENGINE=MyISAM DEFAULT CHARSET=latin1;

--
-- Dumping data for table `hpz_user_group`
--

INSERT INTO `hpz_user_group` VALUES (1,-1,0),(2,2,0),(3,3,0),(4,4,0),(5,5,0),(6,6,0),(7,7,0),(8,3,0),(9,4,0),(10,5,0),(11,6,0),(12,7,0),(13,8,0);

--
-- Table structure for table `hpz_users`
--

CREATE TABLE `hpz_users` (
  `user_id` mediumint(8) NOT NULL DEFAULT '0',
  `user_active` tinyint(1) DEFAULT '1',
  `username` varchar(25) NOT NULL DEFAULT '',
  `user_password` varchar(32) NOT NULL DEFAULT '',
  `user_session_time` int(11) NOT NULL DEFAULT '0',
  `user_session_page` smallint(5) NOT NULL DEFAULT '0',
  `user_lastvisit` int(11) NOT NULL DEFAULT '0',
  `user_regdate` int(11) NOT NULL DEFAULT '0',
  `user_level` tinyint(4) DEFAULT '0',
  `user_posts` mediumint(8) unsigned NOT NULL DEFAULT '0',
  `user_timezone` decimal(5,2) NOT NULL DEFAULT '0.00',
  `user_style` tinyint(4) DEFAULT NULL,
  `user_lang` varchar(255) DEFAULT NULL,
  `user_dateformat` varchar(14) NOT NULL DEFAULT 'd M Y H:i',
  `user_new_privmsg` smallint(5) unsigned NOT NULL DEFAULT '0',
  `user_unread_privmsg` smallint(5) unsigned NOT NULL DEFAULT '0',
  `user_last_privmsg` int(11) NOT NULL DEFAULT '0',
  `user_login_tries` smallint(5) unsigned NOT NULL DEFAULT '0',
  `user_last_login_try` int(11) NOT NULL DEFAULT '0',
  `user_emailtime` int(11) DEFAULT NULL,
  `user_viewemail` tinyint(1) DEFAULT NULL,
  `user_attachsig` tinyint(1) DEFAULT NULL,
  `user_allowhtml` tinyint(1) DEFAULT '1',
  `user_allowbbcode` tinyint(1) DEFAULT '1',
  `user_allowsmile` tinyint(1) DEFAULT '1',
  `user_allowavatar` tinyint(1) NOT NULL DEFAULT '1',
  `user_allow_pm` tinyint(1) NOT NULL DEFAULT '1',
  `user_allow_viewonline` tinyint(1) NOT NULL DEFAULT '1',
  `user_notify` tinyint(1) NOT NULL DEFAULT '1',
  `user_notify_pm` tinyint(1) NOT NULL DEFAULT '0',
  `user_popup_pm` tinyint(1) NOT NULL DEFAULT '0',
  `user_rank` int(11) DEFAULT '0',
  `user_avatar` varchar(100) DEFAULT NULL,
  `user_avatar_type` tinyint(4) NOT NULL DEFAULT '0',
  `user_email` varchar(255) DEFAULT NULL,
  `user_icq` varchar(15) DEFAULT NULL,
  `user_website` varchar(100) DEFAULT NULL,
  `user_from` varchar(100) DEFAULT NULL,
  `user_sig` text,
  `user_sig_bbcode_uid` varchar(10) DEFAULT NULL,
  `user_aim` varchar(255) DEFAULT NULL,
  `user_yim` varchar(255) DEFAULT NULL,
  `user_msnm` varchar(255) DEFAULT NULL,
  `user_occ` varchar(100) DEFAULT NULL,
  `user_interests` varchar(255) DEFAULT NULL,
  `user_actkey` varchar(32) DEFAULT NULL,
  `user_newpasswd` varchar(32) DEFAULT NULL,
  `user_refs` int(5) NOT NULL DEFAULT '0',
  `user_referer` int(5) DEFAULT NULL,
  `user_validation` text,
  PRIMARY KEY (`user_id`),
  KEY `user_session_time` (`user_session_time`)
) ENGINE=MyISAM DEFAULT CHARSET=latin1;

--
-- Dumping data for table `hpz_users`
--

INSERT INTO `hpz_users` VALUES (-1,0,'Anonymous','',0,0,0,1139436375,0,0,'0.00',NULL,'','',0,0,0,0,0,NULL,0,0,1,1,1,1,0,1,0,1,0,NULL,'',0,'','','','','',NULL,'','','','','','','',0,NULL,NULL),(2,1,'drx','b989602a39ac899b82b11f6a9ff763d1',1145285631,0,1144882934,1139436375,1,22,'0.00',1,'english','d M Y h:i a',0,0,0,0,0,NULL,1,0,0,1,1,1,1,1,0,1,1,0,'',0,'drx@hacking-cult.org','','','','',NULL,'','','','','','','',9,NULL,NULL),(7,1,'rika_chou','8584f299294c28cce9aa5ec66c17045d',1146021999,0,1145937748,1142044157,0,5,'0.00',1,'english','D M d, Y g:i a',0,0,0,0,0,NULL,0,1,1,1,1,1,1,1,0,1,1,0,'',0,'rika_chou@sonicresearch.org','','','','','','','','','','','',NULL,0,2,'_4_'),(6,1,'SANiK','7e9bb1f2c4290bb6e1ee7319db7f92f4',1145250751,0,1144872498,1142025975,0,14,'0.00',1,'english','D M d, Y g:i a',0,0,0,0,0,NULL,0,1,1,1,1,1,1,1,0,1,1,0,'',0,'furikuripsycho@yahoo.com','','','','','','','','','','','',NULL,0,2,'_2_'),(5,1,'Sazpaimon','431629334638b83af67a953bf920389d',1145038462,1,1144483678,1142025966,0,2,'0.00',1,'english','D M d, Y g:i a',0,0,0,0,0,NULL,0,1,1,1,1,1,1,1,0,1,1,0,'',0,'sazpaimon@sonic-cult.org','','','','','','','','','','','',NULL,0,2,'_2_'),(4,1,'hxc','8a97b443f742e6fab8d7c2f3bedcda17',1145986671,-1,1145819072,1142017345,0,11,'0.00',1,'english','D M d, Y g:i a',0,0,0,0,0,NULL,0,1,1,1,1,1,1,1,0,1,1,0,'',0,'relinquished@gmail.com','','','','','','','','','','','',NULL,0,2,'_2_'),(3,1,'Borisz','b17b9809ddbf21f455f3c6dc16334a77',1145721962,0,1145466108,1142009544,0,5,'0.00',1,'english','D M d, Y g:i a',0,0,0,0,0,NULL,0,1,1,1,1,1,1,1,0,1,1,0,'',0,'thedarkprince@freemail.hu','','','','','','','','','','','',NULL,0,2,'_2_'),(8,1,'ICEknight','0f549f4ec9c50876d6ddf9ea8ce322fd',1145934856,0,1145737496,1142646435,0,9,'0.00',1,'english','D M d, Y g:i a',0,0,0,0,0,NULL,0,1,1,1,1,1,1,1,0,0,1,0,'',0,'iceknight@mixmail.com','','','','','','','','','','','',NULL,0,2,'_7_');

--
-- Table structure for table `hpz_vote_desc`
--

CREATE TABLE `hpz_vote_desc` (
  `vote_id` mediumint(8) unsigned NOT NULL AUTO_INCREMENT,
  `topic_id` mediumint(8) unsigned NOT NULL DEFAULT '0',
  `vote_text` text NOT NULL,
  `vote_start` int(11) NOT NULL DEFAULT '0',
  `vote_length` int(11) NOT NULL DEFAULT '0',
  PRIMARY KEY (`vote_id`),
  KEY `topic_id` (`topic_id`)
) ENGINE=MyISAM DEFAULT CHARSET=latin1;

--
-- Dumping data for table `hpz_vote_desc`
--


--
-- Table structure for table `hpz_vote_results`
--

CREATE TABLE `hpz_vote_results` (
  `vote_id` mediumint(8) unsigned NOT NULL DEFAULT '0',
  `vote_option_id` tinyint(4) unsigned NOT NULL DEFAULT '0',
  `vote_option_text` varchar(255) NOT NULL DEFAULT '',
  `vote_result` int(11) NOT NULL DEFAULT '0',
  KEY `vote_option_id` (`vote_option_id`),
  KEY `vote_id` (`vote_id`)
) ENGINE=MyISAM DEFAULT CHARSET=latin1;

--
-- Dumping data for table `hpz_vote_results`
--


--
-- Table structure for table `hpz_vote_voters`
--

CREATE TABLE `hpz_vote_voters` (
  `vote_id` mediumint(8) unsigned NOT NULL DEFAULT '0',
  `vote_user_id` mediumint(8) NOT NULL DEFAULT '0',
  `vote_user_ip` char(8) NOT NULL DEFAULT '',
  KEY `vote_id` (`vote_id`),
  KEY `vote_user_id` (`vote_user_id`),
  KEY `vote_user_ip` (`vote_user_ip`)
) ENGINE=MyISAM DEFAULT CHARSET=latin1;

--
-- Dumping data for table `hpz_vote_voters`
--


--
-- Table structure for table `hpz_words`
--

CREATE TABLE `hpz_words` (
  `word_id` mediumint(8) unsigned NOT NULL AUTO_INCREMENT,
  `word` char(100) NOT NULL DEFAULT '',
  `replacement` char(100) NOT NULL DEFAULT '',
  PRIMARY KEY (`word_id`)
) ENGINE=MyISAM DEFAULT CHARSET=latin1;

--
-- Dumping data for table `hpz_words`
--


--
-- Table structure for table `ircup`
--

CREATE TABLE `ircup` (
  `id` int(8) NOT NULL AUTO_INCREMENT,
  `name` varchar(255) NOT NULL,
  `is_online` int(3) NOT NULL DEFAULT '0',
  `last_action` int(15) NOT NULL,
  `total_time` int(15) NOT NULL,
  `parent_id` int(8) NOT NULL DEFAULT '0',
  PRIMARY KEY (`id`)
) ENGINE=MyISAM AUTO_INCREMENT=195 DEFAULT CHARSET=latin1;

--
-- Dumping data for table `ircup`
--

INSERT INTO `ircup` VALUES (2,'NigServ',0,1200235255,2038890,0),(3,'FUKKEN',1,1204249201,1728293,12),(4,'pikachu',0,1198852200,453344,26),(6,'DoublePLayer',0,1204246253,3542613,0),(14,'DPL|zzz',0,1203850381,250506,6),(9,'DPL|afk',0,1198238742,721,6),(7,'test2',0,1198189491,21,0),(8,'test3',0,1198189497,6,0),(10,'crh',0,1204211480,1357613,0),(13,'Morven',0,1199216340,88337,0),(11,'kelen',0,1204231225,907407,0),(16,'doc',0,1198284322,2327,0),(12,'Kay-kun',0,1199303407,2453,0),(15,'Jurgen',0,1200600861,13993,0),(17,'skt',0,1201216938,290621,0),(18,'FUKKENAFK',0,1198353657,15622,12),(26,'drx',0,1204209455,1294132,0),(19,'Dobromir',0,1198350355,731,0),(20,'Mid-nor',0,1198349637,8,0),(21,'Awruko',0,1198349708,75,0),(22,'Axel_u10',0,1198349818,180,0),(23,'Eighty',0,1198349666,25,0),(24,'Grabi',0,1198349656,11,0),(25,'Dariuss',0,1198350197,547,0),(37,'spermen',0,1198582333,14,0),(38,'Shrimpisu|afk',0,1198604828,18898,0),(27,'kazia|afk',0,1199569987,72436,0),(31,'Nelec1',0,1203266366,1343,0),(28,'slowspoke',0,1198440891,298,0),(29,'Shrimpisu',0,1199586155,285924,0),(30,'stream',0,1198448943,21,0),(36,'mcgnoyek',0,1198536440,522,0),(52,'temp',0,1198694008,23,0),(32,'gumba',0,1203293197,27545,0),(33,'gumba|afk',0,1198874213,24090,0),(34,'kazia|simsy',0,1198695275,51865,0),(45,'ebis',0,1198757451,21,0),(44,'clone',0,1198606566,823,0),(35,'skt_tails',0,1198535782,2218,0),(41,'Kazia|pokemony',0,1198605297,167,0),(62,'pikachuj',0,1198695063,350,0),(39,'Dziwki',0,1198604493,71,0),(40,'Angelina',0,1198604722,229,0),(42,'Sim|kazie',0,1198605395,99,0),(43,'Nick',0,1198682184,14779,0),(48,'tails',0,1198694642,24285,0),(46,'trzepak',0,1198627419,653,0),(47,'WEEGEE',0,1198627613,260,0),(58,'cipkails',0,1198774099,22525,0),(49,'Kasumisty',0,1200080893,615,0),(50,'GOV_policja',0,1198681625,7,0),(51,'Tamagoyaki',0,1198694664,12480,0),(65,'borat',0,1198695284,9,0),(53,'temp',0,1198852200,15821,0),(54,'talis',0,1198694183,175,0),(55,'FUKKOV',0,1203969426,224035,0),(71,'Ebisu666',0,1203896880,39106,0),(56,'kurwelen',0,1198694636,17,0),(57,'CIPKKOV',0,1198694642,22,0),(59,'cipkaplayer',0,1198694663,10,0),(60,'cipkelen',0,1198852200,15753,0),(61,'cipkisu',0,1198695157,493,0),(67,'Yong',0,1200936962,10107,0),(64,'Grubasu',0,1198715797,20640,0),(63,'cipkun',0,1198694781,62,0),(69,'Ebisu',0,1203899190,212630,0),(66,'kazia',0,1204239280,1194504,0),(68,'MetalWeeaboo',0,1198757445,7648,0),(76,'Quatezcoatl',0,1203516958,799833,0),(73,'gumba|tesco',0,1198883255,9042,0),(70,'tails15',0,1198789309,2047,0),(74,'thisisFUKKENhilarious',0,1198932410,25518,0),(72,'NTR',0,1203376063,514133,0),(75,'itsme20F',0,1199058309,272,0),(78,'URDIED',0,1198961500,174,0),(83,'Shrimpman',0,1199055385,3625,0),(77,'Quatwpierdalakolacje',0,1198958332,912,0),(90,'i_tak_mam_metode',0,1199306870,18,0),(85,'Flying Minette',0,1199061674,212,0),(79,'YourDied',0,1199061462,57159,0),(86,'NEKO NEKO TINY NURSE',0,1199062492,818,0),(80,'awwww',0,1198968268,8,0),(81,'nina29',0,1199048428,136,0),(82,'MagChaosu',0,1199051760,996,0),(84,'MUDKIP170636',0,1199056732,1347,0),(87,'MUSHY WISHY COFFEE',0,1199062624,132,0),(89,'Retro',0,1202415689,300748,0),(88,'kazia|zt2',0,1199158799,16918,0),(127,'ChanServ',0,1204072803,4117805,0),(91,'drx_co_u_ciebie',0,1199306894,24,0),(92,'za_co_mom_miec',0,1199306955,61,0),(93,'Quatez',0,1199311804,13,0),(94,'Furrezcoatl',0,1199394225,202,0),(95,'suzy35',0,1199433147,134,0),(100,'Adikbb',0,1199714564,371,0),(96,'HuCard',0,1199481957,2316,0),(98,'drx|afk',1,1204249201,165878,0),(97,'PPA',0,1199481965,8,0),(99,'crh|chemhist',0,1199653171,14684,0),(104,'parabole',0,1199812248,236,0),(102,'Quat|napierdalawskate',0,1199812012,9329,0),(101,'ebis|afk',0,1199879936,16636,0),(103,'chrzescijanin',0,1199812622,1915,0),(105,'Quat',0,1201215012,19773,0),(110,'ogien',0,1199827893,56,0),(107,'crh1',0,1201297379,3835,0),(106,'Barry',0,1203629125,4909,0),(118,'Gilvrik',0,1199828680,36,0),(108,'powietrze',0,1199827822,34,0),(109,'rzyd',0,1199827839,6,0),(111,'Ziemia',0,1199827908,69,0),(119,'twoja_stara',0,1199828682,24,0),(112,'Ogie',0,1199827852,4,0),(113,'Woda',0,1199827903,10,0),(114,'KayKun',0,1199828049,70,0),(115,'Nettapu',0,1199828606,65,0),(117,'JHWH',0,1199828730,124,0),(116,'Gassus',0,1199828765,186,0),(123,'pkb',0,1199828990,225,0),(120,'Dawkins',0,1199828792,112,0),(126,'ChanServ',0,1204072803,4117805,0),(121,'TROLL',0,1199829012,287,0),(124,'deepthroat',0,1199830667,1655,0),(122,'GROKE',0,1199880639,5500,0),(125,'Ebisu|afk',1,1204249201,144298,0),(130,'PkMntrainerRetro',0,1200493693,25129,0),(128,'irc.drx.pl',0,1204072803,4106861,0),(159,'A_non_e_moose',0,1204072803,2948261,0),(138,'swiety mikolaj',0,1200309738,38,0),(129,'thedrx',0,1200761660,186602,0),(131,'CoolTrainerRyszard',0,1200081749,2591,0),(132,'Quatafk',0,1200090657,13904,0),(137,'lol',0,1201790684,231,0),(133,'DoubleGJ',0,1200938112,47590,0),(136,'DPL',0,1203230498,55,0),(134,'Misty',0,1200086782,5889,0),(135,'crhafk',0,1200240893,5688,0),(139,'RetroPOCZTALOL',0,1200498636,4942,0),(144,'Chrystus',0,1200601209,120,0),(152,'MrBrown',0,1200844747,562,0),(140,'RetroGAYSESSSION',0,1200526589,20153,0),(141,'RetrozZzZz',0,1200598909,720,0),(142,'RetroSPI',0,1200682021,38002,0),(145,'QuatNapierdalaWgry',0,1200670480,2439,0),(147,'glinesmith',0,1202403815,326020,0),(143,'Jezus',0,1200601207,138,0),(148,'Drummer',0,1200778983,375,0),(149,'Guitarfag',0,1200848349,29917,0),(146,'RetroKuchnia',0,1200691816,9795,0),(150,'Beaver',0,1203814860,47477,0),(151,'Nigra-kun',0,1200849025,9536,0),(153,'RetroMATH',0,1200855395,7046,0),(160,'delayclose',0,1201132638,4371,0),(157,'Anonimus',0,1200935294,72,0),(154,'Anonymous',0,1200938709,4177,0),(155,'AnonD',0,1200938657,4106,0),(156,'Anon',0,1200934615,63,0),(161,'RetroAGE',0,1201347613,35478,0),(158,'Anonim',0,1200938717,3423,0),(163,'Dementor',0,1201350252,2639,0),(164,'Auror',0,1201349804,1881,0),(166,'cat jet',0,1204072803,1754394,0),(162,'co',0,1201279888,7,0),(165,'SHODAN',0,1203246818,509611,0),(168,'CouchRH',0,1201715126,3358,0),(167,'isorce',0,1201700513,17,0),(169,'CsiRH',0,1202072486,7365,0),(173,'JaSonic',0,1202655733,37,0),(170,'RetroAFK',0,1204072803,731395,0),(171,'mephisto',0,1202417353,8,0),(172,'drx2',0,1202417412,59,0),(174,'x',0,1203220696,242869,0),(177,'x|zzz',0,1203236620,15924,0),(175,'myNAMEisKYLE',0,1203345270,18778,0),(176,'xxxporn',0,1203288129,4236,0),(179,'ArBeWhat',0,1203376206,282,0),(184,'Tweaker',0,1203787925,10,0),(185,'Alphard',0,1203752180,222,0),(178,'drxxxporn',0,1203800823,12460,0),(183,'shoemanbundy',0,1203718145,4,0),(182,'DOCTOR_ECKS',0,1203549565,248,0),(180,'CiezkozbrojnyRobotHerbaciany',0,1203452382,1448,0),(181,'CandleRapingHorsecum',0,1203456474,4092,0),(190,'drx|zzz',0,1203848036,25694,0),(191,'drx|',0,1203886103,0,0),(186,'coaxial',0,1203802082,21,0),(187,'hxc',0,1203804992,2,0),(188,'crhTRONIKSUPERELEKTRONIK',0,1203806440,1444,0),(189,'Thirtysixway',0,1203812649,40,0),(192,'drx|',0,1204072803,186692,0),(193,'drx|',0,1204072803,186692,0),(194,'MrWhite',0,1204068715,16,0);

--
-- Table structure for table `sg3_users`
--

CREATE TABLE `sg3_users` (
  `name` varchar(255) NOT NULL DEFAULT '',
  `pass` varchar(64) DEFAULT NULL,
  `powerups` varchar(100) DEFAULT NULL,
  `points` bigint(20) NOT NULL DEFAULT '0'
) ENGINE=MyISAM DEFAULT CHARSET=latin1;

--
-- Dumping data for table `sg3_users`
--


--
-- Table structure for table `super2_admin_notes`
--

CREATE TABLE `super2_admin_notes` (
  `text` text
) ENGINE=MyISAM DEFAULT CHARSET=latin1;

--
-- Dumping data for table `super2_admin_notes`
--

INSERT INTO `super2_admin_notes` VALUES ('chuj dupa kurwa cipa :D');

--
-- Table structure for table `super2_album`
--

CREATE TABLE `super2_album` (
  `pic_id` int(11) unsigned NOT NULL AUTO_INCREMENT,
  `pic_filename` varchar(255) NOT NULL DEFAULT '',
  `pic_thumbnail` varchar(255) DEFAULT NULL,
  `pic_title` varchar(255) NOT NULL DEFAULT '',
  `pic_desc` text,
  `pic_user_id` mediumint(8) NOT NULL DEFAULT '0',
  `pic_username` varchar(32) DEFAULT NULL,
  `pic_user_ip` varchar(8) NOT NULL DEFAULT '0',
  `pic_time` int(11) unsigned NOT NULL DEFAULT '0',
  `pic_cat_id` mediumint(8) unsigned NOT NULL DEFAULT '1',
  `pic_view_count` int(11) unsigned NOT NULL DEFAULT '0',
  `pic_lock` tinyint(3) NOT NULL DEFAULT '0',
  `pic_approval` tinyint(3) NOT NULL DEFAULT '1',
  PRIMARY KEY (`pic_id`),
  KEY `pic_cat_id` (`pic_cat_id`),
  KEY `pic_user_id` (`pic_user_id`),
  KEY `pic_time` (`pic_time`)
) ENGINE=MyISAM AUTO_INCREMENT=7 DEFAULT CHARSET=latin1;

--
-- Dumping data for table `super2_album`
--

INSERT INTO `super2_album` VALUES (6,'af8a9f4b3bc6ef0c9174b2b46051f5a7.jpg','af8a9f4b3bc6ef0c9174b2b46051f5a7.jpg','Zdjecie 4','opis zdjecia opis zdjecia opis zdjecia opis zdjecia',2,'Przemo','7f000001',1055091404,1,5,0,1),(3,'324c3dcd885b202cbe12358ab21e3073.jpg','324c3dcd885b202cbe12358ab21e3073.jpg','Zdjecie 2','',2,'Przemo','7f000001',1055091316,1,0,0,1),(5,'66738c6936cc0a48670409a2a85dcf7a.jpg','66738c6936cc0a48670409a2a85dcf7a.jpg','Las','LasLasLasLasLasLasLasLasLasLasLasLasLasLasLasLasLasLasLasLasLasLasLasLasLasLasLasLasLasLasLasLasLasLasLasLasLasLas',2,'Przemo','7f000001',1055091390,1,0,0,1);

--
-- Table structure for table `super2_album_cat`
--

CREATE TABLE `super2_album_cat` (
  `cat_id` mediumint(8) unsigned NOT NULL AUTO_INCREMENT,
  `cat_parent` mediumint(8) unsigned NOT NULL DEFAULT '0',
  `cat_type` tinyint(4) NOT NULL DEFAULT '0',
  `cat_title` varchar(255) NOT NULL DEFAULT '',
  `cat_desc` text,
  `cat_order` mediumint(8) NOT NULL DEFAULT '0',
  `cat_view_level` tinyint(3) NOT NULL DEFAULT '-1',
  `cat_upload_level` tinyint(3) NOT NULL DEFAULT '0',
  `cat_rate_level` tinyint(3) NOT NULL DEFAULT '0',
  `cat_comment_level` tinyint(3) NOT NULL DEFAULT '0',
  `cat_edit_level` tinyint(3) NOT NULL DEFAULT '0',
  `cat_delete_level` tinyint(3) NOT NULL DEFAULT '2',
  `cat_view_groups` varchar(255) DEFAULT NULL,
  `cat_upload_groups` varchar(255) DEFAULT NULL,
  `cat_rate_groups` varchar(255) DEFAULT NULL,
  `cat_comment_groups` varchar(255) DEFAULT NULL,
  `cat_edit_groups` varchar(255) DEFAULT NULL,
  `cat_delete_groups` varchar(255) DEFAULT NULL,
  `cat_moderator_groups` varchar(255) DEFAULT NULL,
  `cat_approval` tinyint(3) NOT NULL DEFAULT '0',
  PRIMARY KEY (`cat_id`),
  KEY `cat_order` (`cat_order`)
) ENGINE=MyISAM AUTO_INCREMENT=2 DEFAULT CHARSET=latin1;

--
-- Dumping data for table `super2_album_cat`
--

INSERT INTO `super2_album_cat` VALUES (1,0,0,'Przyroda','Tutaj dajemy zdj??cia krajobraz??w :)',10,-1,0,0,0,0,2,NULL,NULL,NULL,NULL,NULL,NULL,NULL,0);

--
-- Table structure for table `super2_album_comment`
--

CREATE TABLE `super2_album_comment` (
  `comment_id` int(11) unsigned NOT NULL AUTO_INCREMENT,
  `comment_pic_id` int(11) unsigned NOT NULL DEFAULT '0',
  `comment_user_id` mediumint(8) NOT NULL DEFAULT '0',
  `comment_username` varchar(32) DEFAULT NULL,
  `comment_user_ip` varchar(8) NOT NULL DEFAULT '',
  `comment_time` int(11) unsigned NOT NULL DEFAULT '0',
  `comment_text` text,
  `comment_edit_time` int(11) unsigned DEFAULT NULL,
  `comment_edit_count` smallint(5) unsigned NOT NULL DEFAULT '0',
  `comment_edit_user_id` mediumint(8) DEFAULT NULL,
  PRIMARY KEY (`comment_id`),
  KEY `comment_pic_id` (`comment_pic_id`),
  KEY `comment_user_id` (`comment_user_id`),
  KEY `comment_user_ip` (`comment_user_ip`),
  KEY `comment_time` (`comment_time`)
) ENGINE=MyISAM DEFAULT CHARSET=latin1;

--
-- Dumping data for table `super2_album_comment`
--


--
-- Table structure for table `super2_album_config`
--

CREATE TABLE `super2_album_config` (
  `config_name` varchar(255) NOT NULL DEFAULT '',
  `config_value` varchar(255) NOT NULL DEFAULT '',
  PRIMARY KEY (`config_name`)
) ENGINE=MyISAM DEFAULT CHARSET=latin1;

--
-- Dumping data for table `super2_album_config`
--

INSERT INTO `super2_album_config` VALUES ('max_pics','1024'),('user_pics_limit','50'),('mod_pics_limit','250'),('max_file_size','128000'),('max_width','800'),('max_height','600'),('rows_per_page','3'),('cols_per_page','4'),('fullpic_popup','1'),('thumbnail_quality','50'),('thumbnail_size','125'),('thumbnail_cache','1'),('sort_method','pic_time'),('sort_order','DESC'),('jpg_allowed','1'),('png_allowed','1'),('gif_allowed','0'),('desc_length','512'),('hotlink_prevent','0'),('hotlink_allowed',''),('personal_gallery','0'),('personal_gallery_private','0'),('personal_gallery_limit','10'),('personal_gallery_view','-1'),('rate','1'),('rate_scale','10'),('comment','1'),('gd_version','1'),('album_version','.0.51');

--
-- Table structure for table `super2_album_rate`
--

CREATE TABLE `super2_album_rate` (
  `rate_pic_id` int(11) unsigned NOT NULL DEFAULT '0',
  `rate_user_id` mediumint(8) NOT NULL DEFAULT '0',
  `rate_user_ip` char(8) NOT NULL DEFAULT '',
  `rate_point` tinyint(3) unsigned NOT NULL DEFAULT '0',
  KEY `rate_pic_id` (`rate_pic_id`),
  KEY `rate_user_id` (`rate_user_id`),
  KEY `rate_user_ip` (`rate_user_ip`),
  KEY `rate_point` (`rate_point`)
) ENGINE=MyISAM DEFAULT CHARSET=latin1;

--
-- Dumping data for table `super2_album_rate`
--

INSERT INTO `super2_album_rate` VALUES (6,6,'531598ec',7);

--
-- Table structure for table `super2_anti_robotic_reg`
--

CREATE TABLE `super2_anti_robotic_reg` (
  `session_id` char(32) NOT NULL DEFAULT '',
  `reg_key` char(4) NOT NULL DEFAULT '',
  `timestamp` int(10) unsigned NOT NULL DEFAULT '0',
  PRIMARY KEY (`session_id`)
) ENGINE=MyISAM DEFAULT CHARSET=latin1;

--
-- Dumping data for table `super2_anti_robotic_reg`
--


--
-- Table structure for table `super2_attach_quota`
--

CREATE TABLE `super2_attach_quota` (
  `user_id` mediumint(8) unsigned NOT NULL DEFAULT '0',
  `group_id` mediumint(8) unsigned NOT NULL DEFAULT '0',
  `quota_type` smallint(2) NOT NULL DEFAULT '0',
  `quota_limit_id` mediumint(8) unsigned NOT NULL DEFAULT '0',
  KEY `quota_type` (`quota_type`)
) ENGINE=MyISAM DEFAULT CHARSET=latin1;

--
-- Dumping data for table `super2_attach_quota`
--


--
-- Table structure for table `super2_attachments`
--

CREATE TABLE `super2_attachments` (
  `attach_id` mediumint(8) unsigned NOT NULL DEFAULT '0',
  `post_id` mediumint(8) unsigned NOT NULL DEFAULT '0',
  `privmsgs_id` mediumint(8) unsigned NOT NULL DEFAULT '0',
  `user_id_1` mediumint(8) NOT NULL DEFAULT '0',
  `user_id_2` mediumint(8) NOT NULL DEFAULT '0',
  KEY `attach_id_post_id` (`attach_id`,`post_id`),
  KEY `attach_id_privmsgs_id` (`attach_id`,`privmsgs_id`)
) ENGINE=MyISAM DEFAULT CHARSET=latin1;

--
-- Dumping data for table `super2_attachments`
--


--
-- Table structure for table `super2_attachments_config`
--

CREATE TABLE `super2_attachments_config` (
  `config_name` varchar(255) NOT NULL DEFAULT '',
  `config_value` varchar(255) NOT NULL DEFAULT '',
  PRIMARY KEY (`config_name`)
) ENGINE=MyISAM DEFAULT CHARSET=latin1;

--
-- Dumping data for table `super2_attachments_config`
--

INSERT INTO `super2_attachments_config` VALUES ('upload_dir','files'),('upload_img','images/icon_clip.gif'),('topic_icon','images/icon_clip.gif'),('display_order','0'),('max_filesize','262144'),('attachment_quota','52428800'),('max_filesize_pm','262144'),('max_attachments','10'),('max_attachments_pm','1'),('disable_mod','0'),('allow_pm_attach','1'),('attachment_topic_review','1'),('allow_ftp_upload','0'),('show_apcp','0'),('ftp_server',''),('ftp_path',''),('download_path',''),('ftp_user',''),('ftp_pass',''),('img_display_inlined','1'),('img_max_width','0'),('img_max_height','0'),('img_link_width','0'),('img_link_height','0'),('img_create_thumbnail','1'),('img_min_thumb_filesize','12000'),('img_imagick',''),('wma_autoplay','0'),('flash_autoplay','0'),('attach_version','2.3.9'),('default_upload_quota','0'),('default_pm_quota','0'),('ftp_pasv_mode','1'),('use_gd2','0');

--
-- Table structure for table `super2_attachments_desc`
--

CREATE TABLE `super2_attachments_desc` (
  `attach_id` mediumint(8) unsigned NOT NULL AUTO_INCREMENT,
  `physical_filename` varchar(255) NOT NULL DEFAULT '',
  `real_filename` varchar(255) NOT NULL DEFAULT '',
  `download_count` mediumint(8) unsigned NOT NULL DEFAULT '0',
  `comment` varchar(255) DEFAULT NULL,
  `extension` varchar(100) DEFAULT NULL,
  `mimetype` varchar(100) DEFAULT NULL,
  `filesize` int(20) NOT NULL DEFAULT '0',
  `filetime` int(11) NOT NULL DEFAULT '0',
  `thumbnail` tinyint(1) NOT NULL DEFAULT '0',
  PRIMARY KEY (`attach_id`),
  KEY `filetime` (`filetime`),
  KEY `physical_filename` (`physical_filename`(10)),
  KEY `filesize` (`filesize`)
) ENGINE=MyISAM DEFAULT CHARSET=latin1;

--
-- Dumping data for table `super2_attachments_desc`
--


--
-- Table structure for table `super2_auth_access`
--

CREATE TABLE `super2_auth_access` (
  `group_id` mediumint(8) NOT NULL DEFAULT '0',
  `forum_id` smallint(5) unsigned NOT NULL DEFAULT '0',
  `auth_view` tinyint(1) NOT NULL DEFAULT '0',
  `auth_read` tinyint(1) NOT NULL DEFAULT '0',
  `auth_post` tinyint(1) NOT NULL DEFAULT '0',
  `auth_reply` tinyint(1) NOT NULL DEFAULT '0',
  `auth_edit` tinyint(1) NOT NULL DEFAULT '0',
  `auth_delete` tinyint(1) NOT NULL DEFAULT '0',
  `auth_sticky` tinyint(1) NOT NULL DEFAULT '0',
  `auth_announce` tinyint(1) NOT NULL DEFAULT '0',
  `auth_globalannounce` tinyint(1) NOT NULL DEFAULT '0',
  `auth_vote` tinyint(1) NOT NULL DEFAULT '0',
  `auth_pollcreate` tinyint(1) NOT NULL DEFAULT '0',
  `auth_attachments` tinyint(1) NOT NULL DEFAULT '0',
  `auth_mod` tinyint(1) NOT NULL DEFAULT '0',
  `auth_download` tinyint(1) NOT NULL DEFAULT '0',
  KEY `group_id` (`group_id`),
  KEY `forum_id` (`forum_id`)
) ENGINE=MyISAM DEFAULT CHARSET=latin1;

--
-- Dumping data for table `super2_auth_access`
--

INSERT INTO `super2_auth_access` VALUES (5,31,0,0,0,0,0,0,0,0,0,0,0,0,1,0),(5,32,0,0,0,0,0,0,0,0,0,0,0,0,1,0);

--
-- Table structure for table `super2_banlist`
--

CREATE TABLE `super2_banlist` (
  `ban_id` mediumint(8) unsigned NOT NULL AUTO_INCREMENT,
  `ban_userid` mediumint(8) NOT NULL DEFAULT '0',
  `ban_ip` varchar(8) NOT NULL DEFAULT '',
  `ban_email` varchar(255) DEFAULT NULL,
  `ban_time` int(11) DEFAULT NULL,
  `ban_expire_time` int(11) DEFAULT NULL,
  `ban_by_userid` mediumint(8) DEFAULT NULL,
  `ban_by` text,
  `ban_priv_reason` text,
  `ban_pub_reason_mode` tinyint(1) DEFAULT NULL,
  `ban_pub_reason` text,
  `ban_reason` text,
  PRIMARY KEY (`ban_id`),
  KEY `ban_ip_user_id` (`ban_ip`,`ban_userid`)
) ENGINE=MyISAM DEFAULT CHARSET=latin1;

--
-- Dumping data for table `super2_banlist`
--


--
-- Table structure for table `super2_birthday`
--

CREATE TABLE `super2_birthday` (
  `user_id` varchar(9) NOT NULL DEFAULT '',
  `send_user_id` varchar(9) NOT NULL DEFAULT '',
  `send_year` int(11) NOT NULL DEFAULT '0',
  PRIMARY KEY (`user_id`,`send_user_id`,`send_year`)
) ENGINE=MyISAM DEFAULT CHARSET=latin1;

--
-- Dumping data for table `super2_birthday`
--

INSERT INTO `super2_birthday` VALUES ('5','2',2006);

--
-- Table structure for table `super2_categories`
--

CREATE TABLE `super2_categories` (
  `cat_id` mediumint(8) unsigned NOT NULL AUTO_INCREMENT,
  `cat_title` varchar(100) DEFAULT NULL,
  `cat_order` mediumint(8) unsigned NOT NULL DEFAULT '0',
  `cat_main_type` char(1) DEFAULT NULL,
  `cat_main` mediumint(8) unsigned NOT NULL DEFAULT '0',
  `cat_desc` text NOT NULL,
  PRIMARY KEY (`cat_id`),
  KEY `cat_order` (`cat_order`)
) ENGINE=MyISAM AUTO_INCREMENT=12 DEFAULT CHARSET=latin1;

--
-- Dumping data for table `super2_categories`
--

INSERT INTO `super2_categories` VALUES (6,'Sonic the Hedgehog',10,'c',0,'Tutaj rozmawiamy o wszystkim, co zwi±zane z Niebieskim JeÂ?em'),(8,'Anime',80,'c',0,'Tu rozmawiamy o anime'),(9,'Sprawy Forum',190,'c',0,''),(10,'Other Stuff',250,'c',0,''),(11,'Przygody',330,'c',0,'Tu bierzemy udziaÂ? w przygodach w ¶wiecie Sonica');

--
-- Table structure for table `super2_chatbox`
--

CREATE TABLE `super2_chatbox` (
  `id` int(11) NOT NULL AUTO_INCREMENT,
  `name` varchar(99) NOT NULL DEFAULT '',
  `msg` varchar(255) NOT NULL DEFAULT '',
  `timestamp` int(10) unsigned NOT NULL DEFAULT '0',
  PRIMARY KEY (`id`)
) ENGINE=MyISAM AUTO_INCREMENT=3 DEFAULT CHARSET=latin1;

--
-- Dumping data for table `super2_chatbox`
--

INSERT INTO `super2_chatbox` VALUES (1,'<span style=\'color: #DD6900\'> Msg</span>','<span style=\'color: #006600\'><b><i>Thunder</b> has joined chat on 2006-03-29, 17:22</i></span>',1143649364),(2,'<span style=\'color: #DD6900\'> Msg</span>','<span style=\'color: #660000\'><i><b>Thunder</b> logged out on 2006-03-29, 17:22</i></span>',1143649369);

--
-- Table structure for table `super2_chatbox_session`
--

CREATE TABLE `super2_chatbox_session` (
  `username` varchar(99) NOT NULL DEFAULT '',
  `lastactive` int(10) NOT NULL DEFAULT '0',
  `laststatus` varchar(8) NOT NULL DEFAULT '',
  UNIQUE KEY `username` (`username`)
) ENGINE=MyISAM DEFAULT CHARSET=latin1;

--
-- Dumping data for table `super2_chatbox_session`
--


--
-- Table structure for table `super2_config`
--

CREATE TABLE `super2_config` (
  `config_name` varchar(255) NOT NULL DEFAULT '',
  `config_value` text NOT NULL,
  PRIMARY KEY (`config_name`)
) ENGINE=MyISAM DEFAULT CHARSET=latin1;

--
-- Dumping data for table `super2_config`
--

INSERT INTO `super2_config` VALUES ('config_id','1'),('board_disable',''),('sitename','Super forum o Sonicu i innych anime'),('site_desc',''),('cookie_name','phpbb2mysql'),('cookie_path','/'),('cookie_domain','blahtemp.no-ip.org'),('cookie_secure','0'),('session_length','3600'),('allow_html','1'),('allow_html_tags','b,i,u,pre'),('allow_bbcode','1'),('allow_smilies','1'),('allow_sig','1'),('allow_namechange','1'),('allow_theme_create','1'),('allow_avatar_local','1'),('allow_avatar_remote','1'),('allow_avatar_upload','1'),('override_user_style','0'),('posts_per_page','15'),('topics_per_page','25'),('hot_threshold','30'),('max_poll_options','30'),('max_sig_chars','255'),('max_inbox_privmsgs','50'),('max_sentbox_privmsgs','25'),('max_savebox_privmsgs','50'),('board_email_sig','Administrator Forum'),('board_email','trazap@wp.pl'),('smtp_delivery','0'),('smtp_host',''),('smtp_username',''),('smtp_password',''),('require_activation','0'),('flood_interval','20'),('board_email_form','0'),('avatar_filesize','12144'),('avatar_max_width','500'),('avatar_max_height','500'),('avatar_path','images/avatars'),('avatar_gallery_path','images/avatars/gallery'),('smilies_path','images/smiles'),('default_style','1'),('default_dateformat','Y-m-d, H:i'),('board_timezone','1'),('prune_enable','0'),('privmsg_disable','0'),('gzip_compress','1'),('coppa_fax',''),('coppa_mail',''),('record_online_users','6'),('record_online_date','1154631150'),('server_name','blahtemp.no-ip.org'),('server_port','80'),('script_path','/superforum/superforum/'),('version','Powered by <a href=\"http://phpbb.com\" class=\"copyright\" target=\"_blank\">phpBB</a> modified v1.9 by <a href=\"http://www.przemo.org/phpBB2/\" class=\"copyright\" target=\"_blank\">Przemo</a> &copy; 2003 phpBB Group'),('allow_photo_remote','1'),('allow_photo_upload','1'),('photo_filesize','40000'),('photo_max_height','200'),('photo_max_width','200'),('photo_path','images/photos'),('allow_custom_rank','0'),('birthday_greeting','1'),('max_user_age','100'),('min_user_age','5'),('birthday_check_day','7'),('cload','0'),('cchat','1'),('cstat','1'),('cregist','1'),('cstyles','1'),('ccount','1'),('cchat2','1'),('cbirth','1'),('cpost','1'),('ctop','1'),('cfriend','1'),('cage','1'),('cjoin','1'),('cfrom','1'),('cposts','1'),('clevell','0'),('cleveld','0'),('cglow','1'),('cfreak','1'),('cignore','1'),('cquick','1'),('cgg','1'),('csearch','1'),('cicq','1'),('cllogin','1'),('clevelp','1'),('cyahoo','1'),('cmsn','1'),('cjob','1'),('cinter','1'),('cemail','1'),('cbbcode','1'),('chtml','1'),('csmiles','1'),('cpppage','1'),('clang','1'),('ctimezone','1'),('cdatefor','1'),('cbstyle','1'),('refresh','0'),('meta_keywords',''),('meta_description',''),('cavatar','1'),('clog','0'),('cagent','1'),('login_require','1'),('crestrict','1'),('validate','0'),('button_b','1'),('button_i','1'),('button_u','1'),('button_q','1'),('button_c','1'),('button_l','1'),('button_im','1'),('button_ur','1'),('button_ce','1'),('button_f','1'),('button_s','1'),('button_hi','1'),('color_box','1'),('size_box','1'),('glow_box','1'),('freak','1'),('allow_bbcode_quest','0'),('google','1'),('sql','http://'),('cregist_b','0'),('allow_custom_color','0'),('custom_color_view','0'),('custom_color_use','1'),('post_icon','1'),('auto_date','1'),('newest','1'),('download','1'),('ipview','0'),('show_badwords','1'),('album_gallery','1'),('address_whois','http://ripe.net/perl/whois?form_type=simple&amp;full_query_string=&amp;searchtext='),('u_o_t_d','1'),('group_rank_hack_version','1'),('expire','1'),('expire_value','0'),('numer_gg',''),('haslo_gg',''),('block_time','15'),('max_login_error','10'),('min_password_len','3'),('force_complex_password','0'),('password_not_login','0'),('del_user_notify','0'),('require_aim','0'),('require_website','0'),('require_location','0'),('post_footer','1'),('graphic','1'),('max_sig_custom_rank','20'),('max_sig_location','200'),('custom_color_mod','0'),('custom_rank_mod','1'),('allow_sig_image','1'),('sig_images_path','images/signatures'),('sig_image_filesize','99999'),('sig_image_max_width','999'),('sig_image_max_height','9999'),('hide_viewed_admin','0'),('hide_edited_admin','0'),('who_viewed','0'),('who_viewed_admin','0'),('edit_time','0'),('read_tracking','1'),('sort_methods','1'),('gender','1'),('require_gender','0'),('main_admin_id','2'),('day_to_prune','30'),('banner_top',''),('banner_top_enable','0'),('banner_bottom',''),('banner_bottom_enable','0'),('header_enable','0'),('not_edit_admin','1'),('staff_forums','1'),('staff_enable','1'),('smilies_columns','4'),('smilies_rows','8'),('smilies_w_columns','8'),('generate_time','0'),('name_color','8B008B'),('desc_color','6A5ACD'),('mod_nick_color',''),('warnings_enable','1'),('mod_warnings','1'),('mod_edit_warnings','0'),('mod_value_warning','1'),('write_warnings','3'),('ban_warnings','6'),('expire_warnings','0'),('warnings_mods_public','1'),('viewtopic_warnings','0'),('board_msg_enable','0'),('board_msg',''),('width_forum','0'),('width_table','800'),('width_color1',''),('width_color2',''),('table_border','6'),('rebuild_search',''),('generate_time_admin','0'),('redirect_after_registering','0'),('redirect_address',''),('r_a_r_time','10'),('show_rules','0'),('visitors','115'),('email_return_path','trazap@wp.pl'),('email_from','trazap@wp.pl'),('poster_posts','1'),('sub_forum','1'),('sub_forum_over','0'),('split_cat','0'),('split_cat_over','0'),('last_topic_title','1'),('last_topic_title_over','0'),('last_topic_title_length','24'),('sub_level_links','2'),('sub_level_links_over','0'),('display_viewonline','2'),('display_viewonline_over','0'),('ignore_topics','0'),('topic_color','1'),('topic_color_all','0'),('topic_color_mod','1'),('jump_value_arr',''),('allow_sig_image_img','0'),('last_dtable_notify',''),('report_no_guestes','1'),('report_no_auth_users',''),('report_no_auth_groups',''),('report_disabled_users',''),('report_disabled_groups',''),('report_only_admin','0'),('report_popup_height','250'),('report_popup_width','700'),('report_popup_links_target','2'),('report_post_hack_version','1.0.5'),('report_disable','1'),('allow_avatar','0'),('last_visitors_time','24'),('max_sig_chars_admin','6'),('max_sig_chars_mod','3'),('viewonline','0'),('restrict_smilies','0'),('topic_preview','0'),('not_anonymous_posting','0'),('not_anonymous_quickreply','0'),('max_smilies','24'),('portal_link','1'),('search_enable','1'),('overlib','1'),('notify_gg','1'),('admin_notify_gg',''),('admin_notify_reply','1'),('admin_notify_message','0'),('topic_start_date','0'),('topic_start_dateformat','d-m-y'),('all_time_ban_check','0'),('autorepair_tables','1'),('check_address','0'),('echange_banner','0'),('banners_list','<center><a href=\"http://phpbb.com\" target=\"_blank\"><img src=\"images/link_phpbb.gif\" alt=\"\" border=\"0\" /></a></center><br />[banner]<center><a href=\"http://forumimages.com\" target=\"_blank\"><img src=\"images/link_forumimages.gif\" alt=\"\" border=\"0\" /></a></center><br />[banner]<center><embed src=\"images/clock.swf\" quality=high type=\"application/x-shockwave-flash\" width=\"80\" height=\"80\" /></center>'),('split_messages','1'),('split_messages_admin','1'),('split_messages_mod','1'),('split_messages_except',''),('admin_html','1'),('jr_admin_html','1'),('mod_html','1'),('lastvisit_days','14'),('helped','1'),('helped_forums',''),('del_notify_method','1'),('del_notify_enable','0'),('del_notify_choice','0'),('open_in_windows','1'),('admin_files','admin_board,admin_mass_email,admin_shoutbox,admin_update,admin_portal,admin_forums_config,admin_forums,admin_overall_forumauth,admin_forumauth,admin_users_list,admin_user_bantron,admin_custom_fields,admin_mysql,admin_sql,admin_phpinfo'),('title_explain','1'),('board_startdate','1141091270'),('default_lang','polish'),('xs_auto_compile','1'),('xs_auto_recompile','1'),('xs_use_cache','1'),('xs_php','php'),('xs_def_template','subSilver'),('xs_check_switches','1'),('xs_warn_includes','1'),('xs_add_comments','0'),('xs_ftp_host',''),('xs_ftp_login',''),('xs_ftp_path',''),('xs_downloads_count','0'),('xs_downloads_default','0'),('xs_shownav','1'),('xs_template_time','1141091280'),('xs_version','7');

--
-- Table structure for table `super2_disallow`
--

CREATE TABLE `super2_disallow` (
  `disallow_id` mediumint(8) unsigned NOT NULL AUTO_INCREMENT,
  `disallow_username` varchar(25) NOT NULL DEFAULT '',
  PRIMARY KEY (`disallow_id`)
) ENGINE=MyISAM DEFAULT CHARSET=latin1;

--
-- Dumping data for table `super2_disallow`
--


--
-- Table structure for table `super2_extension_groups`
--

CREATE TABLE `super2_extension_groups` (
  `group_id` mediumint(8) NOT NULL AUTO_INCREMENT,
  `group_name` varchar(20) NOT NULL DEFAULT '',
  `cat_id` tinyint(2) NOT NULL DEFAULT '0',
  `allow_group` tinyint(1) NOT NULL DEFAULT '0',
  `download_mode` tinyint(1) unsigned NOT NULL DEFAULT '1',
  `upload_icon` varchar(100) DEFAULT '',
  `max_filesize` int(20) NOT NULL DEFAULT '0',
  `forum_permissions` varchar(255) NOT NULL DEFAULT '',
  PRIMARY KEY (`group_id`)
) ENGINE=MyISAM AUTO_INCREMENT=8 DEFAULT CHARSET=latin1;

--
-- Dumping data for table `super2_extension_groups`
--

INSERT INTO `super2_extension_groups` VALUES (1,'Images',1,1,1,'',0,''),(2,'Archives',0,1,1,'',0,''),(3,'Plain Text',0,0,1,'',0,''),(4,'Documents',0,0,1,'',0,''),(5,'Real Media',0,0,2,'',0,''),(6,'Streams',2,0,1,'',0,''),(7,'Flash Files',3,0,1,'',0,'');

--
-- Table structure for table `super2_extensions`
--

CREATE TABLE `super2_extensions` (
  `ext_id` mediumint(8) unsigned NOT NULL AUTO_INCREMENT,
  `group_id` mediumint(8) unsigned NOT NULL DEFAULT '0',
  `extension` varchar(100) NOT NULL DEFAULT '',
  `comment` varchar(100) DEFAULT NULL,
  PRIMARY KEY (`ext_id`)
) ENGINE=MyISAM AUTO_INCREMENT=36 DEFAULT CHARSET=latin1;

--
-- Dumping data for table `super2_extensions`
--

INSERT INTO `super2_extensions` VALUES (1,1,'gif',''),(2,1,'png',''),(3,1,'jpeg',''),(4,1,'jpg',''),(5,1,'tif',''),(6,1,'tga',''),(7,2,'gtar',''),(8,2,'gz',''),(9,2,'tar',''),(10,2,'zip',''),(11,2,'rar',''),(12,2,'ace',''),(13,3,'txt',''),(14,3,'c',''),(15,3,'h',''),(16,3,'cpp',''),(17,3,'hpp',''),(18,3,'diz',''),(19,4,'xls',''),(20,4,'doc',''),(21,4,'dot',''),(22,4,'pdf',''),(23,4,'ai',''),(24,4,'ps',''),(25,4,'ppt',''),(26,5,'rm',''),(27,6,'wma',''),(31,6,'avi',''),(32,6,'mpg',''),(33,6,'mpeg',''),(34,6,'mp3',''),(35,6,'wav','');

--
-- Table structure for table `super2_forbidden_extensions`
--

CREATE TABLE `super2_forbidden_extensions` (
  `ext_id` mediumint(8) unsigned NOT NULL AUTO_INCREMENT,
  `extension` varchar(100) NOT NULL DEFAULT '',
  PRIMARY KEY (`ext_id`)
) ENGINE=MyISAM AUTO_INCREMENT=8 DEFAULT CHARSET=latin1;

--
-- Dumping data for table `super2_forbidden_extensions`
--

INSERT INTO `super2_forbidden_extensions` VALUES (1,'php'),(2,'php3'),(3,'php4'),(4,'phtml'),(5,'pl'),(6,'asp'),(7,'cgi');

--
-- Table structure for table `super2_forum_prune`
--

CREATE TABLE `super2_forum_prune` (
  `prune_id` mediumint(8) unsigned NOT NULL AUTO_INCREMENT,
  `forum_id` smallint(5) unsigned NOT NULL DEFAULT '0',
  `prune_days` smallint(5) unsigned NOT NULL DEFAULT '0',
  `prune_freq` smallint(5) unsigned NOT NULL DEFAULT '0',
  PRIMARY KEY (`prune_id`),
  KEY `forum_id` (`forum_id`)
) ENGINE=MyISAM DEFAULT CHARSET=latin1;

--
-- Dumping data for table `super2_forum_prune`
--


--
-- Table structure for table `super2_forums`
--

CREATE TABLE `super2_forums` (
  `forum_id` smallint(5) unsigned NOT NULL DEFAULT '0',
  `cat_id` mediumint(8) unsigned NOT NULL DEFAULT '0',
  `forum_name` varchar(150) DEFAULT NULL,
  `forum_desc` text,
  `forum_status` tinyint(4) NOT NULL DEFAULT '0',
  `forum_order` mediumint(8) unsigned NOT NULL DEFAULT '1',
  `forum_posts` mediumint(8) unsigned NOT NULL DEFAULT '0',
  `forum_topics` mediumint(8) unsigned NOT NULL DEFAULT '0',
  `forum_last_post_id` mediumint(8) unsigned NOT NULL DEFAULT '0',
  `prune_next` int(11) DEFAULT NULL,
  `prune_enable` tinyint(1) NOT NULL DEFAULT '0',
  `auth_view` tinyint(2) NOT NULL DEFAULT '0',
  `auth_read` tinyint(2) NOT NULL DEFAULT '0',
  `auth_post` tinyint(2) NOT NULL DEFAULT '0',
  `auth_reply` tinyint(2) NOT NULL DEFAULT '0',
  `auth_edit` tinyint(2) NOT NULL DEFAULT '0',
  `auth_delete` tinyint(2) NOT NULL DEFAULT '0',
  `auth_sticky` tinyint(2) NOT NULL DEFAULT '0',
  `auth_announce` tinyint(2) NOT NULL DEFAULT '0',
  `auth_globalannounce` tinyint(2) NOT NULL DEFAULT '3',
  `auth_vote` tinyint(2) NOT NULL DEFAULT '0',
  `auth_pollcreate` tinyint(2) NOT NULL DEFAULT '0',
  `auth_attachments` tinyint(2) NOT NULL DEFAULT '0',
  `auth_download` tinyint(2) NOT NULL DEFAULT '0',
  `password` varchar(20) NOT NULL DEFAULT '',
  `forum_sort` text NOT NULL,
  `forum_color` varchar(20) NOT NULL DEFAULT '',
  `forum_link` varchar(255) DEFAULT NULL,
  `forum_link_internal` tinyint(1) NOT NULL DEFAULT '0',
  `forum_link_hit_count` tinyint(1) NOT NULL DEFAULT '0',
  `forum_link_hit` bigint(20) unsigned NOT NULL DEFAULT '0',
  `main_type` char(1) DEFAULT NULL,
  `forum_moderate` tinyint(1) NOT NULL DEFAULT '0',
  `no_count` tinyint(1) NOT NULL DEFAULT '0',
  PRIMARY KEY (`forum_id`),
  KEY `forums_order` (`forum_order`),
  KEY `cat_id` (`cat_id`),
  KEY `forum_last_post_id` (`forum_last_post_id`)
) ENGINE=MyISAM DEFAULT CHARSET=latin1;

--
-- Dumping data for table `super2_forums`
--

INSERT INTO `super2_forums` VALUES (7,6,'Sonic Art','Tutaj rozmawiamy o fanowskiej tw??rczo¶ci dotycz±cej Sonica (obrazki, muzyczki itp)',0,60,9,1,166,NULL,0,0,0,1,0,1,1,3,3,3,1,1,1,1,'','SORT_FPDATE','','',0,0,0,'c',0,0),(2,6,'Sonic, jego przyjaciele i wrogowie','Tu rozmawiamy o Sonicu i innych postaciach',0,20,21,11,162,NULL,0,0,0,1,0,1,1,3,3,3,1,1,1,1,'','SORT_FPDATE','','',0,0,0,'c',0,0),(3,6,'Sonic Gry','Gry z udziaÂ?em Sonica',0,30,18,2,164,NULL,0,0,0,1,0,1,1,3,3,3,1,1,1,1,'','SORT_FPDATE','','',0,0,0,'c',0,0),(4,6,'Sonic Filmy','Tu rozmawiamy o Sonic X, Sonic Underground, Sonic Satam',0,40,4,1,165,NULL,0,0,0,1,0,1,1,3,3,3,1,1,1,1,'','SORT_FPDATE','','',0,0,0,'c',0,0),(6,6,'Sonic Muzyka','Tu rozmawiamy o muzyce z gier z Sonic\'iem',0,50,0,0,0,NULL,0,0,0,1,0,1,1,3,3,3,1,1,1,1,'','SORT_FPDATE','','',0,0,0,'c',0,0),(8,6,'Sonic offtopic','Tutaj rozmawiamy o innych rzeczach zwi±zanych z Sonic\'iem, kt??re nie pasuj± do innych kategorii.',0,70,0,0,0,NULL,0,0,0,1,0,1,1,3,3,3,1,1,1,1,'','SORT_FPDATE','','',0,0,0,'c',0,0),(9,8,'Bdaman','Bedameny to temat tych rozm??w',0,100,6,6,141,NULL,0,0,0,1,0,1,1,3,3,3,1,1,1,1,'','SORT_FPDATE','','',0,0,0,'c',0,0),(10,8,'Pokemon','Tu m??wimy o pokach :)',0,110,8,1,174,NULL,0,0,0,1,0,1,1,3,3,3,1,1,1,1,'','SORT_FPDATE','','',0,0,0,'c',0,0),(11,8,'Megaman','Net nawigator Megaman :)',0,120,1,1,137,NULL,0,0,0,1,0,1,1,3,3,3,1,1,1,1,'','SORT_FPDATE','','',0,0,0,'c',0,0),(12,8,'Power Rengers','Je¶li lubisz obcisÂ?e, lateksowe ubranka to zapraszam!',0,130,0,0,0,NULL,0,0,0,1,0,1,1,3,3,3,1,1,1,1,'','SORT_FPDATE','','',0,0,0,'c',0,0),(13,8,'Beyblade','Tu rozmawiamy o Beyblade',0,90,9,7,130,NULL,0,0,0,1,0,1,1,3,3,3,1,1,1,1,'','SORT_FPDATE','','',0,0,0,'c',0,0),(14,8,'Yu-Gi-Oh','Tutaj rozmawiamy o obu seriach Yu-Gi-Oh',0,140,0,0,0,NULL,0,0,0,1,0,1,1,3,3,3,1,1,1,1,'','SORT_FPDATE','','',0,0,0,'c',0,0),(15,8,'Digimon','Tutaj rozmawiamy o Digimonach',0,150,4,1,178,NULL,0,0,0,1,0,1,1,3,3,3,1,1,1,1,'','SORT_FPDATE','','',0,0,0,'c',0,0),(16,9,'OgÂ?oszenia','Przeczytaj koniecznie!',0,210,0,0,0,NULL,0,0,0,3,3,3,1,3,3,3,1,1,1,1,'','SORT_FPDATE','','',0,0,0,'c',0,0),(17,9,'Regulamin','Od tego powiniene¶ zacz±?¦!',0,200,1,1,13,NULL,0,0,0,5,5,5,1,3,3,3,1,1,1,1,'','SORT_FPDATE','','',0,0,0,'c',0,0),(18,9,'Sprawy Forum','Tutaj zgÂ?aszamy wszystkie propozycje, Â?yczenia i zaÂ?alenia :) oraz sprawy takie jak naruszenia regulaminu.',0,220,33,3,176,NULL,0,0,0,1,0,1,1,3,3,3,1,1,1,1,'','SORT_FPDATE','','',0,0,0,'c',0,0),(19,10,'Offtopic','Rozmowy o wszystkim i o niczym',0,260,0,0,0,NULL,0,0,0,1,0,1,1,3,3,3,1,1,1,1,'','SORT_FPDATE','','',0,0,0,'c',0,0),(20,10,'Wasze zainteresowania','Tu rozmawiamy o waszych zainteresowaniach, hobby, etc',0,270,11,2,170,NULL,0,0,0,1,0,1,1,3,3,3,1,1,1,1,'','SORT_FPDATE','','',0,0,0,'c',0,0),(21,10,'Wasza tw??rczo¶?¦','NapisaÂ?e¶ opowiadanie, wiersz, narysowaÂ?e¶ Â?adny obrazek? Podziel si?? :)',0,280,0,0,0,NULL,0,0,0,1,0,1,1,3,3,3,1,1,1,1,'','SORT_FPDATE','','',0,0,0,'c',0,0),(22,10,'Gry','Tu rozmawiacie o waszych ulubionych grach',0,290,6,1,134,NULL,0,0,0,1,0,1,1,3,3,3,1,1,1,1,'','SORT_FPDATE','','',0,0,0,'c',0,0),(23,10,'Sport','Tu rozmawiamy o sporcie',0,300,7,1,136,NULL,0,0,0,1,0,1,1,3,3,3,1,1,1,1,'','SORT_FPDATE','','',0,0,0,'c',0,0),(24,10,'Humor','Tutaj sie ¶miejemy :D',0,310,6,1,135,NULL,0,0,0,1,0,1,1,3,3,3,1,1,1,1,'','SORT_FPDATE','','',0,0,0,'c',0,0),(25,10,'Inne strony','Linki do ciekawych stron',0,320,7,1,173,NULL,0,0,0,1,0,1,1,3,3,3,1,1,1,1,'','SORT_FPDATE','','',0,0,0,'c',0,0),(26,9,'¦mietnik','Trafiaj± tu niepotrzebne tematy i posty',1,230,0,0,0,NULL,0,0,0,1,0,1,1,3,3,3,1,1,1,1,'','SORT_FPDATE','','',0,0,0,'c',0,0),(27,9,'Cze, jestem tu nowy!','Przywitaj si?? i przeÂ?egnaj :D',0,240,11,1,169,NULL,0,0,0,1,0,1,1,3,3,3,1,1,1,1,'','SORT_FPDATE','','',0,0,0,'c',0,0),(28,8,'Dragonball','Tu rozmawiamy o wojownikach z Dragonball',0,160,0,0,0,NULL,0,0,0,1,0,1,1,3,3,3,1,1,1,1,'','SORT_FPDATE','','',0,0,0,'c',0,0),(29,8,'Naturo','Tu rozmawiamy o Naruto',0,170,0,0,0,NULL,0,0,0,1,0,1,1,3,3,3,1,1,1,1,'','SORT_FPDATE','','',0,0,0,'c',0,0),(30,8,'Shaman King','Rozmowy o Szamanach :)',0,180,2,2,57,NULL,0,0,0,1,0,1,1,3,3,3,1,1,1,1,'','SORT_FPDATE','','',0,0,0,'c',0,0),(31,11,'Przygody','Tu bierzemy udziaÂ? w przygodach w ¶wiecie Sonica ',0,340,0,0,0,NULL,0,0,0,1,0,1,1,3,3,3,1,1,1,1,'','SORT_FPDATE','','',0,0,0,'c',0,0),(32,11,'Sprawy techniczne','Zasady i zapisy do przyg??d.',0,340,2,2,127,NULL,0,0,0,1,0,1,1,3,3,3,1,1,1,1,'','SORT_FPDATE','','',0,0,0,'c',0,0);

--
-- Table structure for table `super2_groups`
--

CREATE TABLE `super2_groups` (
  `group_id` mediumint(8) NOT NULL AUTO_INCREMENT,
  `group_type` tinyint(4) NOT NULL DEFAULT '1',
  `group_name` varchar(40) NOT NULL DEFAULT '',
  `group_description` varchar(255) NOT NULL DEFAULT '',
  `group_moderator` mediumint(8) NOT NULL DEFAULT '0',
  `group_single_user` tinyint(1) NOT NULL DEFAULT '1',
  `group_order` mediumint(8) NOT NULL DEFAULT '0',
  `group_count` int(4) unsigned DEFAULT '99999999',
  `group_count_enable` smallint(2) unsigned DEFAULT '0',
  PRIMARY KEY (`group_id`),
  KEY `group_single_user` (`group_single_user`)
) ENGINE=MyISAM AUTO_INCREMENT=11 DEFAULT CHARSET=latin1;

--
-- Dumping data for table `super2_groups`
--

INSERT INTO `super2_groups` VALUES (1,1,'Anonymous','Personal User',0,1,0,99999999,0),(2,1,'Admin','Personal User',0,1,0,99999999,0),(3,1,'','Personal User',0,1,0,99999999,0),(4,1,'','Personal User',0,1,0,99999999,0),(5,1,'','Personal User',0,1,0,99999999,0),(6,1,'','Personal User',0,1,0,99999999,0),(7,1,'','Personal User',0,1,0,99999999,0),(8,1,'','Personal User',0,1,0,99999999,0),(9,1,'','Personal User',0,1,0,99999999,0),(10,1,'','Personal User',0,1,0,99999999,0);

--
-- Table structure for table `super2_ignores`
--

CREATE TABLE `super2_ignores` (
  `user_id` mediumint(8) NOT NULL DEFAULT '0',
  `user_ignore` mediumint(8) NOT NULL DEFAULT '0'
) ENGINE=MyISAM DEFAULT CHARSET=latin1;

--
-- Dumping data for table `super2_ignores`
--


--
-- Table structure for table `super2_jr_admin_users`
--

CREATE TABLE `super2_jr_admin_users` (
  `user_id` mediumint(9) NOT NULL DEFAULT '0',
  `user_jr_admin` longtext NOT NULL,
  `start_date` int(10) unsigned NOT NULL DEFAULT '0',
  `update_date` int(10) unsigned NOT NULL DEFAULT '0',
  `admin_notes` text NOT NULL,
  `notes_view` tinyint(1) NOT NULL DEFAULT '0',
  PRIMARY KEY (`user_id`)
) ENGINE=MyISAM DEFAULT CHARSET=latin1;

--
-- Dumping data for table `super2_jr_admin_users`
--


--
-- Table structure for table `super2_logs`
--

CREATE TABLE `super2_logs` (
  `id_log` mediumint(10) NOT NULL AUTO_INCREMENT,
  `mode` varchar(50) DEFAULT '',
  `topic_id` mediumint(10) DEFAULT '0',
  `user_id` mediumint(8) DEFAULT '0',
  `username` varchar(255) DEFAULT '',
  `user_ip` varchar(8) NOT NULL DEFAULT '0',
  `time` int(11) DEFAULT '0',
  PRIMARY KEY (`id_log`)
) ENGINE=MyISAM AUTO_INCREMENT=23 DEFAULT CHARSET=latin1;

--
-- Dumping data for table `super2_logs`
--

INSERT INTO `super2_logs` VALUES (1,'admin',0,2,'trazap','531097fa',1141091293),(2,'admin',0,2,'trazap','531097fa',1141093142),(3,'delete',4,3,'Hagall','531a06c8',1141093504),(4,'admin',0,3,'Hagall','531a06c8',1141093517),(5,'admin',0,3,'Hagall','531a06c8',1141094317),(6,'admin',0,3,'Hagall','531a06c8',1141094728),(7,'admin',0,3,'Sir_Hagall','531a06c8',1141095386),(8,'admin',0,3,'Sir_Hagall','531a06c8',1141097210),(9,'admin',0,3,'Sir_Hagall','531a06c8',1141097233),(10,'admin',0,3,'Sir_Hagall','531a06c8',1141142471),(11,'admin',0,3,'Sir_Hagall','531a06c8',1141142749),(12,'admin',0,3,'Sir_Hagall','531a06c8',1141147413),(13,'admin',0,3,'Sir_Hagall','531a06c8',1141149301),(14,'admin',0,3,'Sir_Hagall','531a30c1',1141164094),(15,'admin',0,3,'Sir_Hagall','531a30c1',1141165235),(16,'admin',0,3,'Sir_Hagall','531a30c1',1141165319),(17,'admin',0,3,'Sir_Hagall','531a30c1',1141166314),(18,'admin',0,3,'Sir_Hagall','531a30c1',1141176360),(19,'lock',41,5,'Thunder','3e8dd6fc',1141229038),(20,'edit',40,5,'Thunder','3e8dd42b',1142773290),(21,'edit',40,5,'Thunder','3e8dd42b',1142773401),(22,'admin',0,3,'Sir_Hagall','531a0190',1145126534);

--
-- Table structure for table `super2_pa_cat`
--

CREATE TABLE `super2_pa_cat` (
  `cat_id` int(10) NOT NULL AUTO_INCREMENT,
  `cat_name` text,
  `cat_desc` text,
  `cat_files` int(10) DEFAULT NULL,
  `cat_1xid` int(10) DEFAULT NULL,
  `cat_parent` int(50) DEFAULT NULL,
  `cat_order` int(50) DEFAULT NULL,
  PRIMARY KEY (`cat_id`)
) ENGINE=MyISAM AUTO_INCREMENT=2 DEFAULT CHARSET=latin1;

--
-- Dumping data for table `super2_pa_cat`
--

INSERT INTO `super2_pa_cat` VALUES (1,'Test Category','Test category',0,0,0,1);

--
-- Table structure for table `super2_pa_comments`
--

CREATE TABLE `super2_pa_comments` (
  `comments_id` int(10) NOT NULL AUTO_INCREMENT,
  `file_id` int(10) NOT NULL DEFAULT '0',
  `comments_text` text NOT NULL,
  `comments_title` text NOT NULL,
  `comments_time` int(50) NOT NULL DEFAULT '0',
  `comment_bbcode_uid` varchar(10) DEFAULT NULL,
  `poster_id` mediumint(8) NOT NULL DEFAULT '0',
  PRIMARY KEY (`comments_id`),
  KEY `comments_id` (`comments_id`),
  KEY `comment_bbcode_uid` (`comment_bbcode_uid`)
) ENGINE=MyISAM DEFAULT CHARSET=latin1;

--
-- Dumping data for table `super2_pa_comments`
--


--
-- Table structure for table `super2_pa_custom`
--

CREATE TABLE `super2_pa_custom` (
  `custom_id` int(50) NOT NULL AUTO_INCREMENT,
  `custom_name` text NOT NULL,
  `custom_description` text NOT NULL,
  PRIMARY KEY (`custom_id`)
) ENGINE=MyISAM DEFAULT CHARSET=latin1;

--
-- Dumping data for table `super2_pa_custom`
--


--
-- Table structure for table `super2_pa_customdata`
--

CREATE TABLE `super2_pa_customdata` (
  `customdata_file` int(50) NOT NULL DEFAULT '0',
  `customdata_custom` int(50) NOT NULL DEFAULT '0',
  `data` text NOT NULL
) ENGINE=MyISAM DEFAULT CHARSET=latin1;

--
-- Dumping data for table `super2_pa_customdata`
--


--
-- Table structure for table `super2_pa_files`
--

CREATE TABLE `super2_pa_files` (
  `file_id` int(10) NOT NULL AUTO_INCREMENT,
  `file_name` text,
  `file_desc` text,
  `file_creator` text,
  `file_version` text,
  `file_longdesc` text,
  `file_ssurl` text,
  `file_dlurl` text,
  `file_time` int(50) DEFAULT NULL,
  `file_catid` int(10) DEFAULT NULL,
  `file_posticon` text,
  `file_license` int(10) DEFAULT NULL,
  `file_dls` int(10) DEFAULT NULL,
  `file_last` int(50) DEFAULT NULL,
  `file_pin` int(2) DEFAULT NULL,
  `file_docsurl` text,
  `file_rating` double(6,4) NOT NULL DEFAULT '0.0000',
  `file_totalvotes` int(255) NOT NULL DEFAULT '0',
  PRIMARY KEY (`file_id`)
) ENGINE=MyISAM DEFAULT CHARSET=latin1;

--
-- Dumping data for table `super2_pa_files`
--


--
-- Table structure for table `super2_pa_license`
--

CREATE TABLE `super2_pa_license` (
  `license_id` int(10) NOT NULL AUTO_INCREMENT,
  `license_name` text,
  `license_text` text,
  PRIMARY KEY (`license_id`)
) ENGINE=MyISAM DEFAULT CHARSET=latin1;

--
-- Dumping data for table `super2_pa_license`
--


--
-- Table structure for table `super2_pa_settings`
--

CREATE TABLE `super2_pa_settings` (
  `settings_id` int(1) NOT NULL DEFAULT '1',
  `settings_dbname` text NOT NULL,
  `settings_sitename` text NOT NULL,
  `settings_dbdescription` text NOT NULL,
  `settings_dburl` text NOT NULL,
  `settings_topnumber` int(5) NOT NULL DEFAULT '0',
  `settings_homeurl` text NOT NULL,
  `settings_newdays` int(5) NOT NULL DEFAULT '0',
  `settings_stats` int(5) NOT NULL DEFAULT '0',
  `settings_viewall` int(5) NOT NULL DEFAULT '0',
  `settings_showss` int(5) NOT NULL DEFAULT '0',
  `settings_disable` int(5) NOT NULL DEFAULT '0',
  `allow_html` int(5) NOT NULL DEFAULT '0',
  `allow_bbcode` int(5) NOT NULL DEFAULT '0',
  `allow_smilies` int(5) NOT NULL DEFAULT '0',
  `allow_comment_links` int(5) NOT NULL DEFAULT '0',
  `no_comment_link_message` varchar(255) NOT NULL DEFAULT '',
  `allow_comment_images` int(5) NOT NULL DEFAULT '0',
  `no_comment_image_message` varchar(255) NOT NULL DEFAULT '',
  `max_comment_chars` int(255) NOT NULL DEFAULT '0',
  `directly_linked` int(5) NOT NULL DEFAULT '0'
) ENGINE=MyISAM DEFAULT CHARSET=latin1;

--
-- Dumping data for table `super2_pa_settings`
--

INSERT INTO `super2_pa_settings` VALUES (1,'Download Index','My Site','','http://yoursite_URL/phpBB2',10,'http://yoursite_URL',5,0,1,1,0,0,1,1,0,'No links please',0,'No images please',1000,0);

--
-- Table structure for table `super2_pa_votes`
--

CREATE TABLE `super2_pa_votes` (
  `votes_ip` varchar(50) NOT NULL DEFAULT '0',
  `votes_file` int(50) NOT NULL DEFAULT '0'
) ENGINE=MyISAM DEFAULT CHARSET=latin1;

--
-- Dumping data for table `super2_pa_votes`
--


--
-- Table structure for table `super2_portal_config`
--

CREATE TABLE `super2_portal_config` (
  `config_name` varchar(255) NOT NULL DEFAULT '',
  `config_value` text NOT NULL,
  PRIMARY KEY (`config_name`)
) ENGINE=MyISAM DEFAULT CHARSET=latin1;

--
-- Dumping data for table `super2_portal_config`
--

INSERT INTO `super2_portal_config` VALUES ('portal_on','1'),('link_logo','1'),('own_header','1'),('portal_header_body','<table class=\"topbkg\" width=\"100%\" cellspacing=\"0\" cellpadding=\"0\" border=\"0\"><tr><td align=\"center\"><a href=\"index.php\"><img src=\"images/portal_logo.jpg\" border=\"0\" alt=\"Forum\" /></a></td><td align=\"center\"><span class=\"gensmall\">To jest wÂ?asny nagÂ???wek. MoÂ?esz go caÂ?kowicie zmieni?¦ w panelu admina, prawdopodobnie kolorystyka jest nieodpowiednia, moÂ?esz j± dobra?¦ w zaleÂ?no¶ci jakiego stylu uÂ?ywasz.</span></td><td align=\"right\"><img src=\"images/phpbb2_logor.jpg\" alt=\"\" /></td></tr></table><table width=\"100%\" border=\"0\" cellspacing=\"0\" cellpadding=\"2\"><tr><td class=\"topnav\"><a href=\"index.php\" class=\"mainmenu\">Forum</a>  &#8226;  <a href=\"chatbox_mod/chatbox.php\" class=\"mainmenu\">Chat</a>  &#8226;  <a href=\"faq.php\" class=\"mainmenu\">Pomoc</a>  &#8226;  <a href=\"search.php\" class=\"mainmenu\">Szukaj</a>  &#8226;  <a href=\"memberlist.php\" class=\"mainmenu\">UÂ?ytkownicy</a>  &#8226;  <a href=\"groupcp.php\" class=\"mainmenu\">Grupy</a>  &#8226;  <a href=\"statistics.php\" class=\"mainmenu\">Statystyki</a>  &#8226;  <a href=\"album.php\" class=\"mainmenu\">Album</a>  &#8226;  <a href=\"dload.php\" class=\"mainmenu\">Download</a></td></tr></table><br />'),('portal_footer_body','<table class=\"topbkg\" width=\"100%\" cellspacing=\"0\" cellpadding=\"0\" border=\"0\"><tr><td align=\"center\"><span class=\"gensmall\">W tym miejscu moÂ?esz ustawi?¦ wÂ?asn± stopk?? portalu</span></td></tr></table>'),('news_forum','1'),('body_news_forum','<table width=\"100%\" cellpadding=\"2\" cellspacing=\"1\" border=\"0\" class=\"forumline\"><tr><td class=\"catHead\" height=\"25\"><span class=\"genmed\"><b>TytuÂ? news??w lub strony</b></span></td>\r\n</tr><tr><td class=\"row1\" align=\"left\"><span class=\"gensmall\" style=\"line-height:150%\">Dowolna tresc opisuj±ca portal, strone, forum ...<br /> </span></td></tr></table><br />'),('number_of_news','20'),('news_length','2000'),('witch_news_forum','6'),('witch_poll_forum','7'),('except_forum',''),('scroll_recent_topics','1'),('poll','1'),('download_pos','right'),('portal_menu_a','left'),('links_a','left'),('links_a2','right'),('search_a','left'),('stat_a','left'),('recent_topics_a','right'),('top_posters_a','right'),('links1','1'),('links2','1'),('links3','1'),('links4','1'),('links5','1'),('links6','1'),('links7','1'),('links8','1'),('module1','portal_menu'),('module2','register_menu'),('module3','info_menu'),('module4','search_menu'),('module5','stats_user_menu'),('module6','whoonline_menu'),('module7',''),('module8','links_menu'),('module9','clock_menu'),('module10','custom_module1'),('module11',''),('module12',''),('module13','birthday_menu'),('module14','recent_topics_menu'),('module15','login_menu'),('module16','album_menu'),('module17','download'),('module18','top_posters_menu'),('module19','chat_menu'),('module20','blank_module1'),('module21',''),('module22',''),('module23',''),('module24',''),('links_body','<object><center><br /><a href=\"http://phpbb.com\" target=\"_blank\"><img src=\"images/link_phpbb.gif\" alt=\"\" border=\"0\" title=\"phpBB\" /></a><br /><br /><a href=\"http://www.forumimages.com/\" target=\"_blank\"><img src=\"images/link_forumimages.gif\" alt=\"\" border=\"0\" title=\"ForumImages\" /></a><br /><br /><a href=\"http://phpbb.com/\" target=\"_blank\"><img src=\"images/links_google.gif\" alt=\"\" border=\"0\" title=\"Google\" /></a><br /><br /><a href=\"http://www.apache.org/\" target=\"_blank\"><img src=\"images/link_apache.gif\" alt=\"\" border=\"0\" title=\"Apache Software Foundation\" /></a></center></object><br /><br />'),('custom1_body','jaka¶ tre¶?¦, lub tre¶?¦ i html'),('custom1_name','WÂ?asne menu'),('custom1_body_a','left'),('custom1_body_on','1'),('custom2_body','jaka¶ tre¶?¦, lub tre¶?¦ i html'),('custom2_name','WÂ?asne menu 2'),('custom2_body_a','right'),('custom2_body_on','1'),('custom_desc1','wÂ?asny link'),('custom_address1','http://www.przemo.org'),('custom_desc2',''),('custom_address2',''),('custom_desc3',''),('custom_address3',''),('custom_desc4',''),('custom_address4',''),('custom_desc5','Statystyki'),('custom_address5','statistics.php'),('custom_desc6',''),('custom_address6',''),('custom_desc7','Kto tu rzadzi :)'),('custom_address7','staff.php'),('custom_desc8','wlasny link2'),('custom_address8','http://www.phpbb.com'),('blank1_body_on','1'),('blank1_body','<table width=\"100%\" cellpadding=\"2\" cellspacing=\"1\" border=\"0\" class=\"forumline\"><tr><td class=\"catHead\" height=\"25\" align=\"right\"><span class=\"genmed\"><b>Wlasny modul</b></span></td></tr><tr><td class=\"row1\" align=\"right\"><span class=\"genmed\" style=\"line-height: 150%\"><iframe src=\"http://phpbb.com\" width=\"100%\" height=\"300\"></iframe></span></td></tr></table><br />'),('blank2_body_on','0'),('blank2_body',''),('blank3_body_on','0'),('blank3_body',''),('blank4_body_on','0'),('blank4_body',''),('birthday_a','right'),('info_a','left'),('login_a','right'),('whoonline_a','left'),('chat_a','right'),('register_a','right'),('album_recent_pics','2'),('album_a','left'),('recent_pics','2'),('album_pos','right'),('own_body',''),('value_recent_topics','10'),('value_top_posters','10'),('ri_time','1145126530'),('ri_data','<table width=\"100%\" cellspacing=\"6\" cellpadding=\"6\"><tr><td align=\"center\" bgcolor=\"white\"><b><font style=\"font-size: 16px; font-color: #FF0000; color: #FF0000;\">Wersja tego forum jest nieaktualna i zawiera niebezpieczne luki ! Jak najszybciej zaktualizuj forum do wersji 1.12.5 do pobrania: <a href=\"http://www.przemo.org/phpBB2/\" target=\"_blank\">Tutaj</a></font><br />&bull; <a href=\"http://www.przemo.org/phpBB2/forum/viewtopic.php?t=23506\" target=\"_blank\">Szczeg??Â?y aktualizacji do nowej wersji</a><br />&bull; <a href=\"http://www.przemo.org/phpBB2/index.php?page=122\" target=\"_blank\">Zle?¦ aktualizacj?? do najnowszej wersji</a></td></tr></table>');

--
-- Table structure for table `super2_posts`
--

CREATE TABLE `super2_posts` (
  `post_id` mediumint(8) unsigned NOT NULL AUTO_INCREMENT,
  `topic_id` mediumint(8) unsigned NOT NULL DEFAULT '0',
  `forum_id` smallint(5) unsigned NOT NULL DEFAULT '0',
  `poster_id` mediumint(8) NOT NULL DEFAULT '0',
  `post_time` int(11) NOT NULL DEFAULT '0',
  `poster_ip` varchar(8) NOT NULL DEFAULT '',
  `post_username` varchar(25) DEFAULT NULL,
  `enable_bbcode` tinyint(1) NOT NULL DEFAULT '1',
  `enable_html` tinyint(1) NOT NULL DEFAULT '0',
  `enable_smilies` tinyint(1) NOT NULL DEFAULT '1',
  `enable_sig` tinyint(1) NOT NULL DEFAULT '1',
  `post_edit_time` int(11) DEFAULT NULL,
  `post_edit_count` smallint(5) unsigned NOT NULL DEFAULT '0',
  `post_attachment` tinyint(1) NOT NULL DEFAULT '0',
  `user_agent` text,
  `post_icon` tinyint(2) unsigned NOT NULL DEFAULT '0',
  `post_expire` int(255) unsigned NOT NULL DEFAULT '0',
  `reporter_id` mediumint(8) NOT NULL DEFAULT '0',
  `post_marked` enum('n','y') DEFAULT NULL,
  `post_approve` tinyint(1) NOT NULL DEFAULT '1',
  `poster_delete` tinyint(1) DEFAULT '0',
  PRIMARY KEY (`post_id`),
  KEY `forum_id` (`forum_id`),
  KEY `topic_id` (`topic_id`),
  KEY `poster_id` (`poster_id`),
  KEY `post_time` (`post_time`),
  KEY `reporter_id` (`reporter_id`)
) ENGINE=MyISAM AUTO_INCREMENT=179 DEFAULT CHARSET=latin1;

--
-- Dumping data for table `super2_posts`
--

INSERT INTO `super2_posts` VALUES (11,9,24,3,1141097523,'531a06c8','',1,1,1,1,NULL,0,0,'Mozilla/5.0 (Windows; U; Win 9x 4.90; pl-PL; rv:1.7.6) Gecko/20050321 Firefox/1.0.2',0,0,0,NULL,1,0),(12,9,24,2,1141142390,'531ba131','',1,1,1,1,NULL,0,0,'Mozilla/4.0 (compatible; MSIE 6.0; Windows NT 5.1; i-NavFourF)',0,0,0,NULL,1,0),(14,11,18,2,1141146182,'531ba131','',1,1,1,0,NULL,0,0,'Mozilla/4.0 (compatible; MSIE 6.0; Windows NT 5.1; i-NavFourF)',0,0,0,NULL,1,0),(13,10,17,2,1141146095,'531ba131','',1,1,1,0,NULL,0,0,'Mozilla/4.0 (compatible; MSIE 6.0; Windows NT 5.1; i-NavFourF)',0,0,0,NULL,1,0),(15,12,22,2,1141146269,'531ba131','',1,1,1,0,NULL,0,0,'Mozilla/4.0 (compatible; MSIE 6.0; Windows NT 5.1; i-NavFourF)',0,0,0,NULL,1,0),(16,13,15,2,1141146355,'531ba131','',1,1,1,0,NULL,0,0,'Mozilla/4.0 (compatible; MSIE 6.0; Windows NT 5.1; i-NavFourF)',0,0,0,NULL,1,0),(17,14,10,2,1141146448,'531ba131','',1,1,1,0,NULL,0,0,'Mozilla/4.0 (compatible; MSIE 6.0; Windows NT 5.1; i-NavFourF)',0,0,0,NULL,1,0),(18,15,3,3,1141146590,'531a06c8','',1,1,1,1,NULL,0,0,'Mozilla/4.0 (compatible; MSIE 5.5; Windows 98; Win 9x 4.90)',0,0,0,NULL,1,0),(19,16,2,3,1141146862,'531a06c8','',1,1,1,1,NULL,0,0,'Mozilla/4.0 (compatible; MSIE 5.5; Windows 98; Win 9x 4.90)',0,0,0,NULL,1,0),(20,17,3,3,1141146966,'531a06c8','',1,1,1,1,NULL,0,0,'Mozilla/4.0 (compatible; MSIE 5.5; Windows 98; Win 9x 4.90)',0,0,0,NULL,1,0),(21,11,18,3,1141147100,'531a06c8','',1,1,1,1,NULL,0,0,'Mozilla/4.0 (compatible; MSIE 5.5; Windows 98; Win 9x 4.90)',0,0,0,NULL,1,0),(22,16,2,2,1141147147,'531ba131','',1,1,1,1,NULL,0,0,'Mozilla/4.0 (compatible; MSIE 6.0; Windows NT 5.1; i-NavFourF)',0,0,0,NULL,1,0),(23,18,20,3,1141147270,'531a06c8','',1,1,1,1,NULL,0,0,'Mozilla/4.0 (compatible; MSIE 5.5; Windows 98; Win 9x 4.90)',0,0,0,NULL,1,0),(24,19,25,3,1141147573,'531a06c8','',1,1,1,1,NULL,0,0,'Mozilla/4.0 (compatible; MSIE 5.5; Windows 98; Win 9x 4.90)',0,0,0,NULL,1,0),(25,20,23,3,1141147642,'531a06c8','',1,1,1,1,NULL,0,0,'Mozilla/4.0 (compatible; MSIE 5.5; Windows 98; Win 9x 4.90)',0,0,0,NULL,1,0),(26,12,22,3,1141147734,'531a06c8','',1,1,1,1,NULL,0,0,'Mozilla/4.0 (compatible; MSIE 5.5; Windows 98; Win 9x 4.90)',0,0,0,NULL,1,0),(27,21,7,3,1141148051,'531a06c8','',1,1,1,1,NULL,0,0,'Mozilla/4.0 (compatible; MSIE 5.5; Windows 98; Win 9x 4.90)',0,0,0,NULL,1,0),(28,17,3,2,1141148144,'531ba131','',1,1,1,0,NULL,0,0,'Mozilla/4.0 (compatible; MSIE 6.0; Windows NT 5.1; i-NavFourF)',0,0,0,NULL,1,0),(29,21,7,2,1141148431,'531ba131','',1,1,1,1,NULL,0,0,'Mozilla/4.0 (compatible; MSIE 6.0; Windows NT 5.1; i-NavFourF)',0,0,0,NULL,1,0),(30,22,27,4,1141148535,'531a06c8','',1,1,1,1,NULL,0,0,'Mozilla/4.0 (compatible; MSIE 5.5; Windows 98; Win 9x 4.90)',0,0,0,NULL,1,0),(31,16,2,5,1141148579,'3e8dd6fc','',1,1,1,1,NULL,0,0,'Mozilla/4.0 (compatible; MSIE 6.0; Windows NT 5.1)',0,0,0,NULL,1,0),(32,12,22,4,1141148603,'531a06c8','',1,1,1,1,NULL,0,0,'Mozilla/4.0 (compatible; MSIE 5.5; Windows 98; Win 9x 4.90)',0,0,0,NULL,1,0),(33,11,18,4,1141148623,'531a06c8','',1,1,1,1,NULL,0,0,'Mozilla/4.0 (compatible; MSIE 5.5; Windows 98; Win 9x 4.90)',0,0,0,NULL,1,0),(34,21,7,4,1141148647,'531a06c8','',1,1,1,1,NULL,0,0,'Mozilla/4.0 (compatible; MSIE 5.5; Windows 98; Win 9x 4.90)',0,0,0,NULL,1,0),(35,12,22,5,1141148716,'3e8dd6fc','',1,1,1,1,NULL,0,0,'Mozilla/4.0 (compatible; MSIE 6.0; Windows NT 5.1)',0,0,0,NULL,1,0),(36,18,20,4,1141148746,'531a06c8','',1,1,1,1,NULL,0,0,'Mozilla/4.0 (compatible; MSIE 5.5; Windows 98; Win 9x 4.90)',0,0,0,NULL,1,0),(37,16,2,4,1141148794,'531a06c8','',1,1,1,1,NULL,0,0,'Mozilla/4.0 (compatible; MSIE 5.5; Windows 98; Win 9x 4.90)',0,0,0,NULL,1,0),(38,22,27,3,1141148878,'531a06c8','',1,1,1,1,NULL,0,0,'Mozilla/4.0 (compatible; MSIE 5.5; Windows 98; Win 9x 4.90)',0,0,0,NULL,1,0),(39,11,18,3,1141148899,'531a06c8','',1,1,1,1,NULL,0,0,'Mozilla/4.0 (compatible; MSIE 5.5; Windows 98; Win 9x 4.90)',0,0,0,NULL,1,0),(40,16,2,5,1141148950,'3e8dd6fc','',1,1,1,1,NULL,0,0,'Mozilla/4.0 (compatible; MSIE 6.0; Windows NT 5.1)',0,0,0,NULL,1,0),(41,18,20,5,1141148998,'3e8dd6fc','',1,1,1,1,NULL,0,0,'Mozilla/4.0 (compatible; MSIE 6.0; Windows NT 5.1)',0,0,0,NULL,1,0),(42,14,10,3,1141149014,'531a06c8','',1,1,1,1,NULL,0,0,'Mozilla/4.0 (compatible; MSIE 5.5; Windows 98; Win 9x 4.90)',0,0,0,NULL,1,0),(43,22,27,5,1141149038,'3e8dd6fc','',1,1,1,1,NULL,0,0,'Mozilla/4.0 (compatible; MSIE 6.0; Windows NT 5.1)',0,0,0,NULL,1,0),(44,22,27,3,1141149096,'531a06c8','',1,1,1,1,NULL,0,0,'Mozilla/4.0 (compatible; MSIE 5.5; Windows 98; Win 9x 4.90)',0,0,0,NULL,1,0),(45,18,20,3,1141149116,'531a06c8','',1,1,1,1,NULL,0,0,'Mozilla/4.0 (compatible; MSIE 5.5; Windows 98; Win 9x 4.90)',0,0,0,NULL,1,0),(46,16,2,3,1141149143,'531a06c8','',1,1,1,1,NULL,0,0,'Mozilla/4.0 (compatible; MSIE 5.5; Windows 98; Win 9x 4.90)',0,0,0,NULL,1,0),(47,11,18,5,1141149166,'3e8dd6fc','',1,1,1,1,NULL,0,0,'Mozilla/4.0 (compatible; MSIE 6.0; Windows NT 5.1)',0,0,0,NULL,1,0),(48,21,7,3,1141149209,'531a06c8','',1,1,1,1,NULL,0,0,'Mozilla/4.0 (compatible; MSIE 5.5; Windows 98; Win 9x 4.90)',0,0,0,NULL,1,0),(49,16,2,5,1141149265,'3e8dd6fc','',1,1,1,1,NULL,0,0,'Mozilla/4.0 (compatible; MSIE 6.0; Windows NT 5.1)',0,0,0,NULL,1,0),(50,11,18,3,1141149289,'531a06c8','',1,1,1,1,NULL,0,0,'Mozilla/4.0 (compatible; MSIE 5.5; Windows 98; Win 9x 4.90)',0,0,0,NULL,1,0),(51,22,27,5,1141149333,'3e8dd6fc','',1,1,1,1,NULL,0,0,'Mozilla/4.0 (compatible; MSIE 6.0; Windows NT 5.1)',0,0,0,NULL,1,0),(52,11,18,5,1141149371,'3e8dd6fc','',1,1,1,1,NULL,0,0,'Mozilla/4.0 (compatible; MSIE 6.0; Windows NT 5.1)',0,0,0,NULL,1,0),(53,22,27,2,1141149434,'531ba131','',1,1,1,1,NULL,0,0,'Mozilla/4.0 (compatible; MSIE 6.0; Windows NT 5.1; i-NavFourF)',0,0,0,NULL,1,0),(54,11,18,3,1141149483,'531a06c8','',1,1,1,1,NULL,0,0,'Mozilla/4.0 (compatible; MSIE 5.5; Windows 98; Win 9x 4.90)',0,0,0,NULL,1,0),(55,18,20,5,1141149486,'3e8dd6fc','',1,1,1,1,NULL,0,0,'Mozilla/4.0 (compatible; MSIE 6.0; Windows NT 5.1)',0,0,0,NULL,1,0),(56,23,30,5,1141149695,'3e8dd6fc','',1,1,1,1,NULL,0,0,'Mozilla/4.0 (compatible; MSIE 6.0; Windows NT 5.1)',0,0,0,NULL,1,0),(57,24,30,5,1141149857,'3e8dd6fc','',1,1,1,1,NULL,0,0,'Mozilla/4.0 (compatible; MSIE 6.0; Windows NT 5.1)',0,0,0,NULL,1,0),(58,11,18,5,1141150073,'3e8dd6fc','',1,1,1,1,NULL,0,0,'Mozilla/4.0 (compatible; MSIE 6.0; Windows NT 5.1)',0,0,0,NULL,1,0),(59,19,25,5,1141150253,'3e8dd6fc','',1,1,1,1,NULL,0,0,'Mozilla/4.0 (compatible; MSIE 6.0; Windows NT 5.1)',0,0,0,NULL,1,0),(60,25,9,5,1141150367,'3e8dd6fc','',1,1,1,1,NULL,0,0,'Mozilla/4.0 (compatible; MSIE 6.0; Windows NT 5.1)',0,0,0,NULL,1,0),(61,26,9,5,1141150499,'3e8dd6fc','',1,1,1,1,NULL,0,0,'Mozilla/4.0 (compatible; MSIE 6.0; Windows NT 5.1)',0,0,0,NULL,1,0),(62,27,9,5,1141150568,'3e8dd6fc','',1,1,1,1,NULL,0,0,'Mozilla/4.0 (compatible; MSIE 6.0; Windows NT 5.1)',0,0,0,NULL,1,0),(63,21,7,5,1141150893,'3e8dd6fc','',1,1,1,1,NULL,0,0,'Mozilla/4.0 (compatible; MSIE 6.0; Windows NT 5.1)',0,0,0,NULL,1,0),(64,22,27,5,1141151005,'3e8dd6fc','',1,1,1,1,NULL,0,0,'Mozilla/4.0 (compatible; MSIE 6.0; Windows NT 5.1)',0,0,0,NULL,1,0),(65,14,10,5,1141151066,'3e8dd6fc','',1,1,1,1,NULL,0,0,'Mozilla/4.0 (compatible; MSIE 6.0; Windows NT 5.1)',0,0,0,NULL,1,0),(66,13,15,5,1141151277,'3e8dd6fc','',1,1,1,1,NULL,0,0,'Mozilla/4.0 (compatible; MSIE 6.0; Windows NT 5.1)',0,0,0,NULL,1,0),(67,20,23,5,1141151539,'3e8dd6fc','',1,1,1,1,NULL,0,0,'Mozilla/4.0 (compatible; MSIE 6.0; Windows NT 5.1)',0,0,0,NULL,1,0),(68,9,24,5,1141151601,'3e8dd6fc','',1,1,1,1,NULL,0,0,'Mozilla/4.0 (compatible; MSIE 6.0; Windows NT 5.1)',0,0,0,NULL,1,0),(69,28,13,5,1141152414,'3e8dd6fc','',1,1,1,1,NULL,0,0,'Mozilla/4.0 (compatible; MSIE 6.0; Windows NT 5.1)',0,0,0,NULL,1,0),(70,29,13,5,1141152476,'3e8dd6fc','',1,1,1,1,NULL,0,0,'Mozilla/4.0 (compatible; MSIE 6.0; Windows NT 5.1)',0,0,0,NULL,1,0),(71,30,13,5,1141152531,'3e8dd6fc','',1,1,1,1,NULL,0,0,'Mozilla/4.0 (compatible; MSIE 6.0; Windows NT 5.1)',0,0,0,NULL,1,0),(72,31,13,5,1141152622,'3e8dd6fc','',1,1,1,1,NULL,0,0,'Mozilla/4.0 (compatible; MSIE 6.0; Windows NT 5.1)',0,0,0,NULL,1,0),(73,32,13,5,1141152792,'3e8dd6fc','',1,1,1,1,NULL,0,0,'Mozilla/4.0 (compatible; MSIE 6.0; Windows NT 5.1)',0,0,0,NULL,1,0),(74,33,13,5,1141152963,'3e8dd6fc','',1,1,1,1,NULL,0,0,'Mozilla/4.0 (compatible; MSIE 6.0; Windows NT 5.1)',0,0,0,NULL,1,0),(75,34,13,5,1141153023,'3e8dd6fc','',1,1,1,1,NULL,0,0,'Mozilla/4.0 (compatible; MSIE 6.0; Windows NT 5.1)',0,0,0,NULL,1,0),(76,35,18,5,1141155018,'3e8dd6fc','',1,1,1,1,NULL,0,0,'Mozilla/4.0 (compatible; MSIE 6.0; Windows NT 5.1)',0,0,0,NULL,1,0),(78,35,18,2,1141158029,'531097fa','',1,1,1,1,NULL,0,0,'Mozilla/5.0 (Windows; U; Windows NT 5.1; pl-PL; rv:1.7.12) Gecko/20050919 Firefox/1.0.7',0,0,0,NULL,1,0),(79,35,18,5,1141158151,'3e8dd6fc','',1,1,1,1,NULL,0,0,'Mozilla/4.0 (compatible; MSIE 6.0; Windows NT 5.1)',0,0,0,NULL,1,0),(80,37,18,5,1141158565,'3e8dd6fc','',1,1,1,1,NULL,0,0,'Mozilla/4.0 (compatible; MSIE 6.0; Windows NT 5.1)',0,0,0,NULL,1,0),(82,37,18,2,1141159210,'531097fa','',1,1,1,1,NULL,0,0,'Mozilla/5.0 (Windows; U; Windows NT 5.1; pl-PL; rv:1.7.12) Gecko/20050919 Firefox/1.0.7',0,0,0,NULL,1,0),(83,37,18,5,1141159340,'3e8dd6fc','',1,1,1,1,NULL,0,0,'Mozilla/4.0 (compatible; MSIE 6.0; Windows NT 5.1)',0,0,0,NULL,1,0),(84,17,3,5,1141160546,'3e8dd6fc','',1,1,1,1,NULL,0,0,'Mozilla/4.0 (compatible; MSIE 6.0; Windows NT 5.1)',0,0,0,NULL,1,0),(85,15,3,5,1141160713,'3e8dd6fc','',1,1,1,1,NULL,0,0,'Mozilla/4.0 (compatible; MSIE 6.0; Windows NT 5.1)',0,0,0,NULL,1,0),(86,37,18,3,1141162085,'531a30c1','',1,1,1,1,NULL,0,0,'Mozilla/4.0 (compatible; MSIE 5.5; Windows 98; Win 9x 4.90)',0,0,0,NULL,1,0),(87,35,18,3,1141162162,'531a30c1','',1,1,1,1,NULL,0,0,'Mozilla/4.0 (compatible; MSIE 5.5; Windows 98; Win 9x 4.90)',0,0,0,NULL,1,0),(88,37,18,5,1141162184,'3e8dd6fc','',1,1,1,1,NULL,0,0,'Mozilla/4.0 (compatible; MSIE 6.0; Windows NT 5.1)',0,0,0,NULL,1,0),(89,35,18,5,1141162310,'3e8dd6fc','',1,1,1,1,NULL,0,0,'Mozilla/4.0 (compatible; MSIE 6.0; Windows NT 5.1)',0,0,0,NULL,1,0),(90,17,3,3,1141162387,'531a30c1','',1,1,1,1,NULL,0,0,'Mozilla/4.0 (compatible; MSIE 5.5; Windows 98; Win 9x 4.90)',0,0,0,NULL,1,0),(91,17,3,5,1141162482,'3e8dd6fc','',1,1,1,1,NULL,0,0,'Mozilla/4.0 (compatible; MSIE 6.0; Windows NT 5.1)',0,0,0,NULL,1,0),(92,17,3,3,1141162673,'531a30c1','',1,1,1,1,NULL,0,0,'Mozilla/4.0 (compatible; MSIE 5.5; Windows 98; Win 9x 4.90)',0,0,0,NULL,1,0),(93,37,18,3,1141162746,'531a30c1','',1,1,1,1,NULL,0,0,'Mozilla/4.0 (compatible; MSIE 5.5; Windows 98; Win 9x 4.90)',0,0,0,NULL,1,0),(94,17,3,5,1141162769,'3e8dd6fc','',1,1,1,1,NULL,0,0,'Mozilla/4.0 (compatible; MSIE 6.0; Windows NT 5.1)',0,0,0,NULL,1,0),(95,20,23,3,1141162814,'531a30c1','',1,1,1,1,NULL,0,0,'Mozilla/4.0 (compatible; MSIE 5.5; Windows 98; Win 9x 4.90)',0,0,0,NULL,1,0),(96,37,18,5,1141163046,'3e8dd6fc','',1,1,1,1,NULL,0,0,'Mozilla/4.0 (compatible; MSIE 6.0; Windows NT 5.1)',0,0,0,NULL,1,0),(97,20,23,5,1141163212,'3e8dd6fc','',1,1,1,1,NULL,0,0,'Mozilla/4.0 (compatible; MSIE 6.0; Windows NT 5.1)',0,0,0,NULL,1,0),(98,37,18,3,1141163275,'531a30c1','',1,1,1,1,NULL,0,0,'Mozilla/4.0 (compatible; MSIE 5.5; Windows 98; Win 9x 4.90)',0,0,0,NULL,1,0),(99,17,3,3,1141163426,'531a30c1','',1,1,1,1,NULL,0,0,'Mozilla/4.0 (compatible; MSIE 5.5; Windows 98; Win 9x 4.90)',0,0,0,NULL,1,0),(100,35,18,3,1141163866,'531a30c1','',1,1,1,1,NULL,0,0,'Mozilla/4.0 (compatible; MSIE 5.5; Windows 98; Win 9x 4.90)',0,0,0,NULL,1,0),(101,20,23,3,1141163984,'531a30c1','',1,1,1,1,NULL,0,0,'Mozilla/4.0 (compatible; MSIE 5.5; Windows 98; Win 9x 4.90)',0,0,0,NULL,1,0),(102,9,24,3,1141165145,'531a30c1','',1,1,1,1,NULL,0,0,'Mozilla/4.0 (compatible; MSIE 5.5; Windows 98; Win 9x 4.90)',0,0,0,NULL,1,0),(103,9,24,4,1141165628,'531a30c1','',1,1,1,1,NULL,0,0,'Mozilla/4.0 (compatible; MSIE 5.5; Windows 98; Win 9x 4.90)',0,0,0,NULL,1,0),(104,20,23,4,1141165659,'531a30c1','',1,1,1,1,NULL,0,0,'Mozilla/4.0 (compatible; MSIE 5.5; Windows 98; Win 9x 4.90)',0,0,0,NULL,1,0),(105,37,18,4,1141165680,'531a30c1','',1,1,1,1,NULL,0,0,'Mozilla/4.0 (compatible; MSIE 5.5; Windows 98; Win 9x 4.90)',0,0,0,NULL,1,0),(106,14,10,4,1141165714,'531a30c1','',1,1,1,1,NULL,0,0,'Mozilla/4.0 (compatible; MSIE 5.5; Windows 98; Win 9x 4.90)',0,0,0,NULL,1,0),(107,18,20,4,1141165830,'531a30c1','',1,1,1,1,NULL,0,0,'Mozilla/4.0 (compatible; MSIE 5.5; Windows 98; Win 9x 4.90)',0,0,0,NULL,1,0),(108,19,25,4,1141165971,'531a30c1','',1,1,1,1,NULL,0,0,'Mozilla/4.0 (compatible; MSIE 5.5; Windows 98; Win 9x 4.90)',0,0,0,NULL,1,0),(109,19,25,6,1141205613,'5315a098','',1,1,1,0,NULL,0,0,'Mozilla/4.0 (compatible; MSIE 6.0; Windows NT 5.1; SV1; Neostrada TP 6.1)',0,0,0,NULL,1,0),(110,16,2,7,1141206044,'530676d9','',1,1,1,0,NULL,0,0,'Mozilla/4.0 (compatible; MSIE 6.0; Windows NT 5.1; SV1; FDM)',0,0,0,NULL,1,0),(111,17,3,7,1141206222,'530676d9','',1,1,1,0,NULL,0,0,'Mozilla/4.0 (compatible; MSIE 6.0; Windows NT 5.1; SV1; FDM)',0,0,0,NULL,1,0),(112,21,7,7,1141206380,'530676d9','',1,1,1,0,NULL,0,0,'Mozilla/4.0 (compatible; MSIE 6.0; Windows NT 5.1; SV1; FDM)',0,0,0,NULL,1,0),(113,14,10,7,1141206457,'530676d9','',1,1,1,0,NULL,0,0,'Mozilla/4.0 (compatible; MSIE 6.0; Windows NT 5.1; SV1; FDM)',0,0,0,NULL,1,0),(114,37,18,7,1141206599,'530676d9','',1,1,1,0,NULL,0,0,'Mozilla/4.0 (compatible; MSIE 6.0; Windows NT 5.1; SV1; FDM)',0,0,0,NULL,1,0),(115,18,20,7,1141206701,'530676d9','',1,1,1,0,NULL,0,0,'Mozilla/4.0 (compatible; MSIE 6.0; Windows NT 5.1; SV1; FDM)',0,0,0,NULL,1,0),(116,12,22,7,1141206761,'530676d9','',1,1,1,0,NULL,0,0,'Mozilla/4.0 (compatible; MSIE 6.0; Windows NT 5.1; SV1; FDM)',0,0,0,NULL,1,0),(117,22,27,7,1141206924,'530676d9','',1,1,1,0,NULL,0,0,'Mozilla/4.0 (compatible; MSIE 6.0; Windows NT 5.1; SV1; FDM)',0,0,0,NULL,1,0),(118,15,3,7,1141207066,'530676d9','',1,1,1,0,NULL,0,0,'Mozilla/4.0 (compatible; MSIE 6.0; Windows NT 5.1; SV1; FDM)',0,0,0,NULL,1,0),(119,39,4,7,1141207338,'530676d9','',1,1,1,0,NULL,0,0,'Mozilla/4.0 (compatible; MSIE 6.0; Windows NT 5.1; SV1; FDM)',0,0,0,NULL,1,0),(120,29,13,7,1141207552,'530676d9','',1,1,1,0,NULL,0,0,'Mozilla/4.0 (compatible; MSIE 6.0; Windows NT 5.1; SV1; FDM)',0,0,0,NULL,1,0),(121,16,2,5,1141228108,'3e8dd6fc','',1,1,1,1,NULL,0,0,'Mozilla/4.0 (compatible; MSIE 6.0; Windows NT 5.1)',0,0,0,NULL,1,0),(122,15,3,5,1141228209,'3e8dd6fc','',1,1,1,1,NULL,0,0,'Mozilla/4.0 (compatible; MSIE 6.0; Windows NT 5.1)',0,0,0,NULL,1,0),(123,17,3,5,1141228278,'3e8dd6fc','',1,1,1,1,NULL,0,0,'Mozilla/4.0 (compatible; MSIE 6.0; Windows NT 5.1)',0,0,0,NULL,1,0),(124,39,4,5,1141228381,'3e8dd6fc','',1,1,1,1,NULL,0,0,'Mozilla/4.0 (compatible; MSIE 6.0; Windows NT 5.1)',0,0,0,NULL,1,0),(125,37,18,5,1141228490,'3e8dd6fc','',1,1,1,1,NULL,0,0,'Mozilla/4.0 (compatible; MSIE 6.0; Windows NT 5.1)',0,0,0,NULL,1,0),(126,40,32,5,1141228765,'3e8dd6fc','',1,1,1,1,NULL,0,0,'Mozilla/4.0 (compatible; MSIE 6.0; Windows NT 5.1)',0,0,0,NULL,1,0),(127,41,32,5,1141229017,'3e8dd6fc','',1,1,1,1,NULL,0,0,'Mozilla/4.0 (compatible; MSIE 6.0; Windows NT 5.1)',0,0,0,NULL,1,0),(128,21,7,5,1141229174,'3e8dd6fc','',1,1,1,1,NULL,0,0,'Mozilla/4.0 (compatible; MSIE 6.0; Windows NT 5.1)',0,0,0,NULL,1,0),(129,35,18,5,1141229454,'3e8dd6fc','',1,1,1,1,NULL,0,0,'Mozilla/4.0 (compatible; MSIE 6.0; Windows NT 5.1)',0,0,0,NULL,1,0),(130,29,13,5,1141229598,'3e8dd6fc','',1,1,1,1,NULL,0,0,'Mozilla/4.0 (compatible; MSIE 6.0; Windows NT 5.1)',0,0,0,NULL,1,0),(131,14,10,5,1141229653,'3e8dd6fc','',1,1,1,1,NULL,0,0,'Mozilla/4.0 (compatible; MSIE 6.0; Windows NT 5.1)',0,0,0,NULL,1,0),(132,22,27,5,1141229714,'3e8dd6fc','',1,1,1,1,NULL,0,0,'Mozilla/4.0 (compatible; MSIE 6.0; Windows NT 5.1)',0,0,0,NULL,1,0),(133,18,20,5,1141229815,'3e8dd6fc','',1,1,1,1,NULL,0,0,'Mozilla/4.0 (compatible; MSIE 6.0; Windows NT 5.1)',0,0,0,NULL,1,0),(134,12,22,5,1141229878,'3e8dd6fc','',1,1,1,1,NULL,0,0,'Mozilla/4.0 (compatible; MSIE 6.0; Windows NT 5.1)',0,0,0,NULL,1,0),(135,9,24,5,1141229992,'3e8dd6fc','',1,1,1,1,NULL,0,0,'Mozilla/4.0 (compatible; MSIE 6.0; Windows NT 5.1)',0,0,0,NULL,1,0),(136,20,23,5,1141230160,'3e8dd6fc','',1,1,1,1,NULL,0,0,'Mozilla/4.0 (compatible; MSIE 6.0; Windows NT 5.1)',0,0,0,NULL,1,0),(137,42,11,5,1141230484,'3e8dd6fc','',1,1,1,1,NULL,0,0,'Mozilla/4.0 (compatible; MSIE 6.0; Windows NT 5.1)',0,0,0,NULL,1,0),(138,43,20,5,1141290992,'3e8dd6fc','',1,1,1,1,NULL,0,0,'Mozilla/4.0 (compatible; MSIE 6.0; Windows NT 5.1)',0,0,0,NULL,1,0),(139,44,9,5,1141291125,'3e8dd6fc','',1,1,1,1,NULL,0,0,'Mozilla/4.0 (compatible; MSIE 6.0; Windows NT 5.1)',0,0,0,NULL,1,0),(140,45,9,5,1141291389,'3e8dd6fc','',1,1,1,1,NULL,0,0,'Mozilla/4.0 (compatible; MSIE 6.0; Windows NT 5.1)',0,0,0,NULL,1,0),(141,46,9,5,1141291454,'3e8dd6fc','',1,1,1,1,NULL,0,0,'Mozilla/4.0 (compatible; MSIE 6.0; Windows NT 5.1)',0,0,0,NULL,1,0),(142,47,2,5,1141291581,'3e8dd6fc','',1,1,1,1,NULL,0,0,'Mozilla/4.0 (compatible; MSIE 6.0; Windows NT 5.1)',0,0,0,NULL,1,0),(143,48,2,5,1141291615,'3e8dd6fc','',1,1,1,1,NULL,0,0,'Mozilla/4.0 (compatible; MSIE 6.0; Windows NT 5.1)',0,0,0,NULL,1,0),(144,49,2,5,1141291650,'3e8dd6fc','',1,1,1,1,NULL,0,0,'Mozilla/4.0 (compatible; MSIE 6.0; Windows NT 5.1)',0,0,0,NULL,1,0),(145,50,2,5,1141291717,'3e8dd6fc','',1,1,1,1,NULL,0,0,'Mozilla/4.0 (compatible; MSIE 6.0; Windows NT 5.1)',0,0,0,NULL,1,0),(146,51,2,5,1141291769,'3e8dd6fc','',1,1,1,1,NULL,0,0,'Mozilla/4.0 (compatible; MSIE 6.0; Windows NT 5.1)',0,0,0,NULL,1,0),(147,52,2,5,1141291824,'3e8dd6fc','',1,1,1,1,NULL,0,0,'Mozilla/4.0 (compatible; MSIE 6.0; Windows NT 5.1)',0,0,0,NULL,1,0),(148,53,2,5,1141291863,'3e8dd6fc','',1,1,1,1,NULL,0,0,'Mozilla/4.0 (compatible; MSIE 6.0; Windows NT 5.1)',0,0,0,NULL,1,0),(149,54,2,5,1141291911,'3e8dd6fc','',1,1,1,1,NULL,0,0,'Mozilla/4.0 (compatible; MSIE 6.0; Windows NT 5.1)',0,0,0,NULL,1,0),(150,55,2,5,1141291964,'3e8dd6fc','',1,1,1,1,NULL,0,0,'Mozilla/4.0 (compatible; MSIE 6.0; Windows NT 5.1)',0,0,0,NULL,1,0),(151,56,2,5,1141292018,'3e8dd6fc','',1,1,1,1,NULL,0,0,'Mozilla/4.0 (compatible; MSIE 6.0; Windows NT 5.1)',0,0,0,NULL,1,0),(152,19,25,5,1141582141,'3e8dd6fc','',1,1,1,1,NULL,0,0,'Mozilla/4.0 (compatible; MSIE 6.0; Windows NT 5.1)',0,0,0,NULL,1,0),(153,35,18,7,1141650349,'5306767d','',1,1,1,0,NULL,0,0,'Mozilla/4.0 (compatible; MSIE 6.0; Windows NT 5.1; SV1; FDM)',0,0,0,NULL,1,0),(154,22,27,7,1141650452,'5306767d','',1,1,1,0,NULL,0,0,'Mozilla/4.0 (compatible; MSIE 6.0; Windows NT 5.1; SV1; FDM)',0,0,0,NULL,1,0),(155,18,20,7,1141650642,'5306767d','',1,1,1,0,NULL,0,0,'Mozilla/4.0 (compatible; MSIE 6.0; Windows NT 5.1; SV1; FDM)',0,0,0,NULL,1,0),(156,17,3,7,1141650860,'5306767d','',1,1,1,0,NULL,0,0,'Mozilla/4.0 (compatible; MSIE 6.0; Windows NT 5.1; SV1; FDM)',0,0,0,NULL,1,0),(157,21,7,7,1141651293,'5306767d','',1,1,1,0,NULL,0,0,'Mozilla/4.0 (compatible; MSIE 6.0; Windows NT 5.1; SV1; FDM)',0,0,0,NULL,1,0),(158,15,3,7,1141651419,'5306767d','',1,1,1,0,NULL,0,0,'Mozilla/4.0 (compatible; MSIE 6.0; Windows NT 5.1; SV1; FDM)',0,0,0,NULL,1,0),(159,16,2,7,1141651493,'5306767d','',1,1,1,0,NULL,0,0,'Mozilla/4.0 (compatible; MSIE 6.0; Windows NT 5.1; SV1; FDM)',0,0,0,NULL,1,0),(160,39,4,7,1141651761,'5306767d','',1,1,1,0,NULL,0,0,'Mozilla/4.0 (compatible; MSIE 6.0; Windows NT 5.1; SV1; FDM)',0,0,0,NULL,1,0),(161,37,18,7,1141651883,'5306767d','',1,1,1,0,NULL,0,0,'Mozilla/4.0 (compatible; MSIE 6.0; Windows NT 5.1; SV1; FDM)',0,0,0,NULL,1,0),(162,16,2,5,1141681022,'3e8dd6fc','',1,1,1,1,NULL,0,0,'Mozilla/4.0 (compatible; MSIE 6.0; Windows NT 5.1)',0,0,0,NULL,1,0),(163,17,3,5,1141681159,'3e8dd6fc','',1,1,1,1,NULL,0,0,'Mozilla/4.0 (compatible; MSIE 6.0; Windows NT 5.1)',0,0,0,NULL,1,0),(164,15,3,5,1141681243,'3e8dd6fc','',1,1,1,1,NULL,0,0,'Mozilla/4.0 (compatible; MSIE 6.0; Windows NT 5.1)',0,0,0,NULL,1,0),(165,39,4,5,1141681297,'3e8dd6fc','',1,1,1,1,NULL,0,0,'Mozilla/4.0 (compatible; MSIE 6.0; Windows NT 5.1)',0,0,0,NULL,1,0),(166,21,7,5,1141681366,'3e8dd6fc','',1,1,1,1,NULL,0,0,'Mozilla/4.0 (compatible; MSIE 6.0; Windows NT 5.1)',0,0,0,NULL,1,0),(167,37,18,5,1141681448,'3e8dd6fc','',1,1,1,1,NULL,0,0,'Mozilla/4.0 (compatible; MSIE 6.0; Windows NT 5.1)',0,0,0,NULL,1,0),(168,35,18,5,1141681596,'3e8dd6fc','',1,1,1,1,NULL,0,0,'Mozilla/4.0 (compatible; MSIE 6.0; Windows NT 5.1)',0,0,0,NULL,1,0),(169,22,27,5,1141681703,'3e8dd6fc','',1,1,1,1,NULL,0,0,'Mozilla/4.0 (compatible; MSIE 6.0; Windows NT 5.1)',0,0,0,NULL,1,0),(170,18,20,5,1141681789,'3e8dd6fc','',1,1,1,1,NULL,0,0,'Mozilla/4.0 (compatible; MSIE 6.0; Windows NT 5.1)',0,0,0,NULL,1,0),(171,19,25,6,1142708734,'53158320','',1,1,1,0,NULL,0,0,'Mozilla/4.0 (compatible; MSIE 6.0; Windows NT 5.1; SV1; Neostrada TP 6.1)',0,0,0,NULL,1,0),(172,14,10,6,1142709272,'53158320','',1,1,1,1,NULL,0,0,'Mozilla/4.0 (compatible; MSIE 6.0; Windows NT 5.1; SV1; Neostrada TP 6.1)',0,0,0,NULL,1,0),(173,19,25,5,1142759770,'3e8dd42b','',1,1,1,1,NULL,0,0,'Mozilla/4.0 (compatible; MSIE 6.0; Windows NT 5.1)',0,0,0,NULL,1,0),(174,14,10,5,1142759816,'3e8dd42b','',1,1,1,1,NULL,0,0,'Mozilla/4.0 (compatible; MSIE 6.0; Windows NT 5.1)',0,0,0,NULL,1,0),(175,35,18,6,1142767467,'531598ec','',1,1,1,0,NULL,0,0,'Mozilla/4.0 (compatible; MSIE 6.0; Windows NT 5.1; SV1; Neostrada TP 6.1)',0,0,0,NULL,1,0),(176,35,18,5,1142772059,'3e8dd42b','',1,1,1,1,NULL,0,0,'Mozilla/4.0 (compatible; MSIE 6.0; Windows NT 5.1)',0,0,0,NULL,1,0),(177,13,15,8,1144786780,'d962bbce','',1,1,1,1,NULL,0,0,'Mozilla/5.0 (Windows; U; Windows NT 5.1; pl; rv:1.8.0.1) Gecko/20060111 Firefox/1.5.0.1',0,0,0,NULL,1,0),(178,13,15,5,1144866018,'3e8dd42b','',1,1,1,1,NULL,0,0,'Mozilla/4.0 (compatible; MSIE 6.0; Windows NT 5.1)',0,0,0,NULL,1,0);

--
-- Table structure for table `super2_posts_text`
--

CREATE TABLE `super2_posts_text` (
  `post_id` mediumint(8) unsigned NOT NULL DEFAULT '0',
  `bbcode_uid` varchar(10) NOT NULL DEFAULT '',
  `post_subject` varchar(60) DEFAULT NULL,
  `post_text` text,
  PRIMARY KEY (`post_id`)
) ENGINE=MyISAM DEFAULT CHARSET=latin1;

--
-- Dumping data for table `super2_posts_text`
--

INSERT INTO `super2_posts_text` VALUES (12,'1d4f050c00','','fajny :) ale troche wulgarny :) i pisze sie m??j a nie muj!'),(13,'c5942f0acf','Regulamin!','Regulamin forum.\r\n\r\n1. Nie spamowa?¦.\r\n2. Nie wulgaryzowa?¦.\r\n3. Nie pisa?¦ bez s??su.\r\n4. Nie pisa?¦ gupot.\r\n5. Trzeba by?¦ miÂ?ym.'),(14,'21c230d2de','Propozycje na forum.','Piszcie propozycje co do forum, np. nowych for albo czego¶.'),(15,'7a5d6e65ab','Wasza ulubiona gra.','Moja to GTA: San Andreas. Bardzo fajna gra, przeszedÂ?em caÂ?± (prawie bez kod??w)'),(16,'da635bcd22','Wasz ulubiony Digimon','Ja najbardziej lubie patamona.'),(17,'f41456fd60','M??j ulubiony Pokemon - Treecko','Ja najbardziej lubie Treecko - ma fajne ataki i wog??le. A kogo wy najbardziej lubicie?'),(18,'a57851d6dd','Sonic Rush','Gra wyszÂ?a kilka dni temu, tu macie kilka screen??w z niej :\r\n[img:a57851d6dd]http://www.vidaextra.com/images/sonicrush.jpg[/img:a57851d6dd] \r\n[img:a57851d6dd]http://www.jeux-france.com/Webmasters/Images/30881020050726_201126_1_big.jpg[/img:a57851d6dd] \r\n[img:a57851d6dd]http://www.jeux-france.com/Webmasters/Images/30881020050726_201127_9_big.jpg[/img:a57851d6dd] \r\n[img:a57851d6dd]http://dsmedia.ign.com/ds/image/article/626/626686/sonic-rush-20050617114529517.jpg[/img:a57851d6dd] \r\n[img:a57851d6dd]http://www.eurogamer.net/assets/articles/a59279/ss_preview_Sonic_Rush_E3_2.jpg[/img:a57851d6dd] \r\nco o tym s±dzicie?'),(11,'608c863538','Muj ulubiony kawal :)','Jasiu mowi do mamy: \"Mamo, cho?¦ zobacz , babcia ma maÂ?Â???!\". \"Ale ja nie mam czasu\" - mama odpowiada. \"No cho?¦,prosz??\" - Jasiu nalega. Id± wi??c do pokoju, gdzie pod koÂ?dr± leÂ?y babcia. Jasiu odsÂ?ania koÂ?dr?? i pokazuje mamie maÂ?Â???.\r\n\"Jasiu, ale to jest obrzydliwe cipsko babci\" - m??wi mama. Jasiu odpowiada: \"A smakuje jak maÂ?Â?a!!!\"'),(19,'a4b1da8283','Shadow the Hedgehog','http://img2.kult-mag.com/photos/00/00/57/23/ME0000572321_2.jpg co s±dzicie o Shadowie i jego nowym pistolecie? Jak dla mnie nie pasuje ale wygl±da nawet fajnie :)\r\n\r\n[img:a4b1da8283]http://cubemedia.gamespy.com/cube/image/article/662/662467/shadow-the-hedgehog-20051028113942191.jpg[/img:a4b1da8283] \r\n[img:a4b1da8283]http://www.gamebgs.com/files/images/wallpaper_shadow_the_hedgehog_02_1600.preview.jpg[/img:a4b1da8283]'),(20,'011b35231d','Sonic Riders!','[img:011b35231d]http://image.com.com/gamespot/images/2005/250/929719_20050908_screen010.jpg[/img:011b35231d] \r\n[img:011b35231d]http://games.kikizo.com/media/sonic_riders_sep05/01c.jpg[/img:011b35231d] \r\n[img:011b35231d]http://ps2media.gamespy.com/ps2/image/article/652/652565/sonic-riders-20050921104414107.jpg[/img:011b35231d] \r\n[img:011b35231d]http://www.allaboutgames.co.uk/images/news/sonicriders3.jpeg[/img:011b35231d] \r\n\r\nJak dla mnie super gra, bardzo dynamiczna i wci±gaj±ca. Co o niej s±dzicie?'),(21,'ed490991ee','','Osby kt??re wymy¶l± co¶ fajnego zostan± moderatorami ;)'),(22,'fd45422e9d','','fajnie wygl±da z pistoletem!'),(23,'85bfeec8f1','Zwierz??ta','Macie jakie¶ zwierz±tka domowe? Ja mam psa, boksera, kt??ry nazywa sie Chucky :D:D'),(24,'6ecc46e03b','Ciekawe linki','http://mitglied.lycos.de/kurakjs/ - strona o skejtach :)\r\nhttp://4chan.org/ <- codziennie tam wchodz?? :)\r\nhttp://www.joemonster.org/ <- tutaj teÂ?\r\n\r\nPostujcie swoje linki!!'),(25,'d7cb7db013','Sk8','Skateboard, to jest to co lubi?? :D Kto¶ jeszcze si?? tym zajmuje?'),(26,'7460735561','','TeÂ? w to cz??sto gram, z takim jednym kumplem Streamem. CaÂ?kiem fajna gra :D'),(27,'612a786e77','Moje rysunki','Tutaj b??d?? zamieszczaÂ? swoje rysunki:\r\n[img:612a786e77]http://sonicwhammy.20fr.com/sonic.jpg[/img:612a786e77] \r\n\r\npiszcie co o tym s±dzicie :) \n\n[size=9:612a786e77][ [i:612a786e77][b:612a786e77]Dodano[/b:612a786e77]: 2006-02-28, 18:35[/i:612a786e77] ][/size:612a786e77]\n[img:612a786e77]http://webzoom.freewebs.com/countconkula/Mario%20vs%20Sonic.JPG[/img:612a786e77]'),(28,'f099e6e0f5','','Nie wiesz na jakie konsole? Ch??tnie bym zagraÂ? :)'),(29,'4c105fbd5a','','Sam to narysowales? oooo nie wierze'),(30,'f64639e7fa','Cze¶?¦','KazaÂ?e¶ si?? zarejestrowa?¦ to jestem :P :)'),(31,'6e6b27ee37','','PostanowiÂ?em was o¶wieci?¦ swoj± widz± i przytoczy?¦ wam peÂ?n± histori?? Shadowa. \r\n\r\nAle najpierw kilka waÂ?nych fakt??w: \r\n\r\nPrzez wiele ale to wiele lat rodzina Robotnik??w byÂ?a chlub± dla nauki i zawsze staraÂ?a si?? pomaga?¦ ludziom uÂ?ywaj±c do tego pot??gi nauki...ale wkr??tce miaÂ?o si?? to zmieni?¦. \r\n\r\n50 lat temu Prof.Gerald Robotnik dostaÂ? list od uwczesnego Prezydenta zawieraj±cy pewn± pro¶b??,pro¶ba dotyczyÂ?a jednego: \r\n&quot;Najwi??ksze Marzenie ludzko¶ci,badania nad nie¶miertelno¶ci±&quot; \r\n\r\nGerald odm??wiÂ? podj??cia si?? tego zadania poniewaÂ? to przekraczaÂ?o &quot;ludzki limit&quot;.JednakÂ?e(caÂ?owicie ironicznie) okazaÂ?o si?? Â?e ukochana wnuczka Geralda,Maria daÂ?a mu pow??d do rozpocz??cia tych bada?±.OkazaÂ?o si?? Â?e Maria cierpi na NIDS(Neuro immunodeficiency syndrome),chorba ta byÂ?a niemoÂ?liwa do wyleczenia.Mimo iÂ? Greald nie spodziewaÂ? si?? wyleczenia Mari poprzez t± metod?? badania medyczne byÂ?y kontynuÂ?owane na pokÂ?adzie Arki.W ko?±cu Gerald ogÂ?osiÂ? swoje badania nad nie¶miertelno¶ci±.Badania byÂ?y prowadzone na Szmaragdach Chaosu czego owocem byÂ?o stworzenia Nap??d??w Chaosu co byÂ?o testem kt??ry miaÂ? na celu uzyska?¦ niesko?±czon± Energi?? Â?ycia.Prace nad GÂ???wnym Projektem miaÂ?y si?? rozpocz±?¦ zaraz po stworzeniu Prototypu.&quot;Prototyp Ostatecznej Formy Â?ycia&quot;,zostaÂ? stworzony na obraz jaszczurki,pokazywaÂ? oznaki wspaniaÂ?ego rozrostu.Regeneracja,przywracanie,auto-reprodukcja.Naukowcy byli tym zaskoczeni.Ale w czasie kiedy ¶wi??towano to jak wspaniaÂ?y jest projekt okazaÂ?o si?? Â?e staÂ? si?? on nieposÂ?uszny i trudny do kontrolowania co sprawiaÂ?o wiele porblem??w.PowstaÂ?y gÂ?osy zw±tpienia kt??re kwestionowaÂ?y dalsze prace na projektem gdyÂ? jest to niebezpieczne dla wszystkich na Arce.Nie wiadomo kto przekazaÂ? prywatne informacja nad projektem do G.U.N.(Specjalne odzdziaÂ?y,W Serniku X naleÂ?± do nich Rouge i Topaz),jednakÂ?e byÂ? to podbno jeden z tych kt??rzy nie byli pewni co do caÂ?ego Projektu.Ci kt??rzy byli po¶r??d najwyÂ?szego Ranking G.U.N. nie przepadali za t± organizacj± naukow± i wymy¶lili plan maj±cy na celu zamkn±?¦ Ark?? osobi¶cie,i przej±?¦ kontrol?? nad sytuacj±.Sekretny plan nazwany zostaÂ?:ARK\'s Indestructible Seal(Niezniszczalna Piecz???¦ Arki). \r\n\r\nPlan zostaÂ? wprowadzony w Â?ycie,a Â?oÂ?nierze G.U.N. nic nie wiedzieli,w przeci±gu siedmiu dni wszyscy mieszka?±cy Arki zostali przeniesieni na planet?? i wszystkie osoby zamieszane w &quot;Projekt Shadow&quot; opr??cz Prof.Geralda zostaÂ?y ogÂ?oszone &quot;Zaginionymi w NiezwykÂ?ych Okoliczno¶ciach&quot;.Plan zostaÂ? uko?±czony a &quot;Prototyp Ostatecznej Formy Â?ycia&quot; zostaÂ? znaleziony i zamkni??ty w najgÂ???pszej cz??¶ci Koloni. \r\n\r\nAle okazaÂ?o si?? Â?e przeliczyli si?? w swoich planach.Wygl±daÂ?o na to Â?e Prof.Gerald uko?±czyÂ? Ostateczn± Form?? Â?ycia &quot;Shadow&quot; ale tym razem z uÂ?yciem poÂ?±dnej formy gdy plan zostaÂ? wykonany.Kiedy SiÂ?y Specjalne G.U.N. wyruszyÂ?y do Instytutu Bada?±,Gerald uciekÂ? i powierzyÂ? wszystko swojej wnuczce Marii,sprawdzaj±c wcze¶niej czy jedna KapsuÂ?a Ucieczki zostaÂ?a wystrzelona w stron?? ziemi. \r\n\r\nTeraz juÂ? niewiadomo czy jeÂ? &quot;Shadow&quot;,kt??ry jest zamkni??ty na Wi??ziennej Wyspie jest kopi± stworzon± przez kogo¶ innego czy teÂ? moÂ?e Oryginalnym &quot;Shadow\'em&quot; kt??ry zostaÂ? wystrzelony w stron?? ziemi w kapsule. \r\n\r\nI co?Dotrwali¶my?No to teraz Historia Shadowa(PeÂ?na) \r\n\r\nShadow jak juÂ? wiecie zostaÂ? stworzony przez Geralda Robotnika,dziadka Dr.Ivo &quot;Eggmana&quot; Robotnika.Shadow powstaÂ? poto by by?¦ kompanem i towrzyszem zabaw Marii,wnuczki Prof.Geralda acz kolwiek jego istnienie miaÂ?o drugi cel... \r\nPrzynie¶?¦ Nadziej?? dla Ludzko¶ci. \r\nKiedy OdziaÂ?y G.U.N. dotarÂ?y na Ark?? Maria zaprowadziÂ?a Shadow\'a do KapsuÂ?y Ratunkowej i wystrzeliÂ?a go w stron?? Ziemi Â?egnaj±c si?? z nim sÂ?owami: \r\n&quot;Adios...JeÂ?u Shadow&quot;. \r\nByÂ?y to jednocze¶nie ostatnie sÂ?owa jakie wypowiedziaÂ?a w swoim Â?yciu. \r\nDobra...ale to mniej wi??cej wiecie nawet z ogl±dania tego durnego Sernik X!Nic nowego!No to nadszedÂ? czas na prawdziw± opowie¶?¦ czyli fakty kt??re zostaÂ?y ujawnione w grze Shadow The Hedgehog. \r\n\r\n50 lat temu nad Mobius(Planeta na kt??rej Â?yj± Sonic i reszta...to wcale nie ziemia a w grach ludzie teÂ? Â?yj± na tej planecie ale dzi??ki Bogu graj± maÂ?± rol??) przeleciaÂ?a kometa do¶?¦ niezwykÂ?a gdyÂ? caÂ?kiem Czarna.Nazwana zostaÂ?a Black Comet.Teraz owa kometa zn??w zbliÂ?a si?? do Ziemi...niestety. \r\nShadow\'a trapi to kim jest(W grze Sonic Heroes straciÂ? pami???¦,potem si?? okazaÂ?o Â?e to robot a jeszcze p??Â?niej okazaÂ?o si?? Â?e Eggman zrobiÂ? setki kopi Shadow\'a).Jedyne co pami??ta to jaka¶ dziewczyna o imieniu Maria kt??ra ucieka przed uzbrojonymi m??Â?czyznami.W pewnym momencie poajawiaj± si?? czerwone chmury kt??re zbliÂ?aj± si?? do Westopolis(Takie miasto).Nagle w ¶rodku chmur otwiera si?? koÂ?o z kt??rego wylatuj± setki kosmit??w zwanych Black Arms.Shadow zezbyt przejoÂ? si?? tym Â?e Black Arms wyka?±czaj± ludzi.Shadow miaÂ? juÂ? odej¶?¦ gdy w pewnym momencie pojawiÂ? si?? koÂ?o niego Doom\'s Eye(Taka jakby rozgwiaza z jednym duÂ?ym okiem) kt??ra wy¶wietliÂ?a chologram Black Doom\'a(Przyw??dcy ufoli) kt??ry zaczoÂ? m??wi?¦. \r\nBlack Doom:&quot;Jak widzisz...dzie?± rozrachunku wkr??tce tu b??dzie.ZnajdÂ? siedem Szmaragd??w Chaosu i przynie¶ je do mnie - jak obiecaÂ?e¶. \r\nShadow:Huh?Kim jeste¶,i sk±d wiesz Â?e jestem Shadow?I o czym ty m??wisz? \r\nBlack Doom odchodzi. \r\nNo i Shadow postanowiÂ? zdoby?¦ wszystkie Szmaragdy Chaosu bo skoro Black Doom go zna to musi co¶ wiedzie?¦ o jego przeszÂ?o¶ci. \r\nDobra...to wst??p do peÂ?nej histori mam za sob±. \r\n\r\nPrawda jest taka Â?e Gerald nie byÂ? jednak w stanie uko?±czy?¦ Projektu Shadow.Wtem jednak pokazaÂ?a si?? Czarna Kometa kt??ra jest Statkiem Baz± Black Arms i Black Doom\'a.Gerald skontaktowaÂ? si?? z obcymi i porposiÂ? Black Doom\'a o pomoc.Black Doom zgodziÂ? si?? na pomoc w zamian za przysÂ?ug??.Kiedy za 50 lat Czarna Kometa zn??w tu wr??ci Shadow zbierze dla Black Dooma wszystkie Szmaragdy Chaosu.Gerald zgodziÂ? si?? i powiedziaÂ? by Black Doom oddaÂ? mu pr??bk?? swojej krwi.Dzi??ki wÂ?a¶nie tej pr??bce Projekt Shadow zostaÂ? uko?±czony...Gerald nie m??gÂ? jednak wiedzie?¦ Â?e Black Doom potrzebowaÂ? Szmaragd??w Chaosu by przy pomocy Kontroli Chaosu(Tak,tak.To wÂ?a¶nie od Black Doom\'a Shadow ma te wszystkie &quot;cool paÂ?ery&quot;.) przenie¶?¦ Czarn± Komet?? prosto na Mobius co oznaczaÂ?o by natychmiastow± zgub?? caÂ?ej planety.Black Doom twierdzi Â?e przybyÂ? aby uratowa?¦ ludzi przed nimi samymi... \r\n\r\nBlack Doom:Ich chciwo¶?¦,Â?±dza pot??gi i skÂ?onno¶?¦ do Zdrady zniszczy ich samych!Ich dziaÂ?ania doprowadz± do wyga¶ni??cia ich Rasy!Jeste¶my tu aby uratowa?¦ ich przed nimi samymi...z naszym idealnym porz±dkiem...pozwolimy im i¶?¦ przez ich desperackie Â?ycia w pokoju.Ludzie s± dla nas wspaniaÂ?ym Â?r??dÂ?em Energi...b??d± bezpiecznie przechowywani. \r\n\r\nI taka jest prawda...acz kolwiek nie do ko?±ca.Vector,Espio i Charmy(DruÂ?yna Chaotix) znajdowaÂ?a si?? w tym samym czasie w O¶rodku Bada?± &quot;Arka&quot; pr??buj± odzyskiwa?¦ dane z jednego z Komputer??w Arki lecz Komputer nie dziaÂ?a.W pewnym momencie Charmy wkurzyÂ? si?? i uderzyÂ? w pulpit...ekran rozja¶niÂ? si?? ukazuj±c na nim sylwetk?? Prof.Geralda....prawd?? m??wi±c ukazaÂ? si?? na wszystkich monitorach na Mobius jak i na Czarnej Komecie. \r\n\r\nGerald:JeÂ?eli tego sÂ?uchasz to oznacza Â?e staÂ?o si?? najgorsze...musisz zna?¦ prawd??.Plany Rz±du maj±ce na celu zamkni??cie tego Centrum Bada?±...plany maj±ce na celu zamkn±?¦ wszystkich kt??rzy o tobie wiedzieli.PopeÂ?niÂ?em ogromn± pomyÂ?k??,Shadow...to wszystko moja wina...nawi±zanie kontaktu z t± komet±...Teraz SÂ?uchaj Bardzo UwaÂ?nie.Za 50 lat Czarna Kometa powr??ci...ich plan polega na okiÂ?znaniu jej energi do zniszczenia tej planety!Jedyn± drog± by ich powstrzyma?¦ jest...uÂ?y?¦ tej samej energi kt??rej ONI chc± uÂ?y?¦.Shadow...wszystko zaleÂ?y od ciebie i tylko ty moÂ?esz ich powstrzyma?¦!ZbudowaÂ?em DziaÂ?o Za?¦mienia....to jedyna bro?± kt??ra moÂ?e zniszczy?¦ t± Czarn± Komet??.Shadow,jeste¶ jedyn± nadziej± na uratowanie ludzko¶ci jak± znamy....PrzyszÂ?o¶?¦ tej planety polega na...you! \r\n\r\nW nagraniu Maria podbiega do Geralda. \r\n\r\nMaria:Nie martw si?? dziadku.Shadow i ja ochronimy t?? planet??.Racja Shadow? \r\n\r\nI oto caÂ?a prawda...po walce z ostatni± Wersj± Black Doom\'a-Devil Doom\'em Shadow jako Super Shadow teleporotwaÂ? caÂ?± Czarn± Komet?? prosto w pole raÂ?enia DziaÂ?a Za?¦mienia.DziaÂ?o zaczeÂ?o si?? Â?adowa?¦ i zniszczyÂ?o doszcz??tnie Czarn± Komet??. \r\n\r\nOstatnia scena z gry: \r\nShadow stoi przed oknem patrz±c na ziemi??.W r??ku trzyma zdj??cie Marii i Geralda. \r\n\r\nShadow:Â?egnaj na zawsze...JeÂ?u Shadow. \r\n\r\nShadow odwraca si?? do wyj¶cia,i rzuca zdj??cie za siebie. \r\nWszystko si?? wyczernia...'),(32,'b4ec635c3d','','teÂ? lubi?? gta :)'),(33,'bd4d96f2ab','','np. co fajnego?'),(34,'785b020b0a','','nawet niezÂ?e :-)'),(35,'4217c705e2','','Sonic Heroes to moja ulubiona gra'),(36,'a17485abe4','','ja miaÂ?em szynszyla ale zdechÂ? :('),(37,'2740d4f5aa','','o, Thunder, widz?? Â?e si?? przygotowaÂ?e¶ :)'),(38,'064eea8a3f','','Wcale nie kazaÂ?em :) Fajnie Â?e jeste¶ :)'),(39,'f3a5b4a210','','np. propozycje co do forum, np. nowych for albo czego¶. :D:D'),(40,'17f173fb9f','','Dzi??ki przygotowaÂ?em  :)'),(41,'cb5eafd12a','','Ja nie mam bo rodzice mi nie pozwalaj±'),(42,'cd124f8966','','Ja tam zawsze lubilem Charmandera :)'),(43,'789e2a2e72','','Ja teÂ? jestem'),(44,'85b5ac6815','','Hehe, zatem witaj :)'),(45,'3d66514db3','','Cuda juz nie rozpaczaj, niedÂ?ugo mama Ci kupi nowego ;):)'),(46,'eac620eaaa','','Mi by si?? nie chciaÂ?o tyle tÂ?umaczy?¦ :P'),(47,'a7251f9c80','','Ja proponuje zrobi?¦ dziaÂ? o dragonball i naturo i o Shaman king'),(48,'9484fb0db9','','Dzi??ki, dopiero si?? rozkr??cam \n\n[size=9:9484fb0db9][ [i:9484fb0db9][b:9484fb0db9]Dodano[/b:9484fb0db9]: 2006-02-28, 18:53[/i:9484fb0db9] ][/size:9484fb0db9]\ntak, sam narysowaÂ?em'),(49,'10c16bfe91','','Nikomu si?? nie chciaÂ?o'),(50,'cfa549ab94','','ok, zaraz dodam'),(51,'5be2dc3ec3','','Ok.juÂ? jestem powitany'),(52,'48d431a0d8','','Ale b??dzie  :D'),(53,'cea8d41671','','Cze¶?¦ Thunder :)'),(54,'e2f217be61','','dodane, Thunder, chyba sie starasz zosta?¦ Moderatorem ;)'),(55,'80d981ec23','','moÂ?e chociaÂ? ona b??dzie miaÂ?a zabawe  :cry:'),(56,'5a40302e0d','Yoh','Tu rozmawiamy o szamanie zwanym yoh [img:5a40302e0d]http://shamanking.byethost6.com/images/shaman/postacie/yohasakura.jpg[/img:5a40302e0d] To on'),(57,'cac0146e43','Zick','tu rozmawiamy o zicku [img:cac0146e43]http://shamanking.byethost6.com/images/shaman/postacie/zig.jpg[/img:cac0146e43] To on'),(58,'f777bbbb92','','Mam propozycje na caÂ?± kategorje :\r\nNasz portal:\r\n-Nasz portal(forum jako link portalu tej strony)\r\n-Newsy(tu b??d± pisane newsy na potalu np. mamy now± wersje forum i admin potem to ustwai w portalu)\r\n\r\ni co wy na to'),(59,'a3975c6319','','http://www.sonicforum.fora.pl/index.php moje forum  :D'),(60,'4dc1884fb1','Ulubiony Bdaman','Jaki jest wasz ulubiony Bda man m??j to Black knights dla maÂ?o wiedz±cych moge da?¦ zdj??cia i nazwy ale w ostasteczno¶ci'),(61,'e2f6756b17','Ulubiona posta?¦','Jaka jest wasza ulubiona posta?¦ bo moja to egzekwo :\r\nEnrju i bull'),(62,'64eac790b8','Tuning','tu rozmawiamy o tym jak ulepszyli¶cie swojego bda mana moÂ?napisa?¦do tego instrukcje itp.'),(63,'fd98f385bf','','nawet,nawet'),(64,'7d8b33713c','','Dzi??ki za powitanie'),(65,'cc43cc975a','','a ja mew'),(66,'ea071df86d','','ja skalgramona'),(67,'43dfd1a343','','Ja nie nawidzie sport??w'),(68,'25b901fd14','','Ale i tak fajny'),(69,'9d20540a16','BeyBlade','to og??lny temat o beyblade'),(70,'2ec61ffc9a','Ulubiony beyblade','jaki jest wasz ulubion beyblade m??j to dragon'),(71,'f2e361026a','Jakiego beyblade macie','jakiego beyblada macie ja mam duÂ?o nie bede wymieniaÂ?'),(72,'9193010d32','wasz ulubiony BitBeast','jakiego BitBeast lubicie najbardziej ja dragona'),(73,'dacaa88325','Tuning','jak ulepszyli¶cie swojego bey blade ja zrobiÂ?em tak± tarcze do tachania'),(74,'6260110691','wyÂ???tnia','jaka wyÂ?utnia podoba wam si?? najbardziej mi tak komp??terowa'),(75,'dcb8d0e39c','ulubiona walka','jaka jest wasza ulubiona walka ?'),(76,'10e81993ee','Grupy','mam pytanie czemu na forum nie ma Â?adnych grup ?'),(78,'ed681dbaea','','bo uwazam ze sa raczej niepotrzebne :) ale moge dodac jakas jesli chcesz'),(79,'3cc804dc5b','','Od ciebie zaleÂ?y ale mam pomysÂ?y je¶li chcesz'),(80,'86ef98d7f9','Przygody','MoÂ?emy zrobi?¦ taki dziaÂ? przygody jak na moim forum chodzi o to Â?e jest w niej\r\n-DziaÂ? zapisy gdzie zapisujemy swoj± posta?¦ (wymy¶lon± np. ze ¶wiata sonica)\r\na potem kto¶ b??dzie tak± przygode prowadziÂ?\r\nCo wy na to'),(82,'c99f41483f','','fajny pomysl, tylko musi wiecej ludzi chciec :)'),(83,'3b89b645f3','','To robimy na spr??bowanie ja bende prowadziÂ? ja jestem w tym dobry (jedna przygoda ma juÂ? okoÂ?o 67 stron  :D )'),(84,'5d666d5f89','','Ja teÂ?'),(85,'6d81f9802d','','CAÂ?kiem niezÂ?a'),(86,'c65f30572a','','Dobry pomysÂ?, chyba znam kilka os??b kt??re byÂ?yby ch??tne na to :)'),(87,'fc865bb9a1','','Narazie jest za maÂ?o os??b, niedÂ?ugo b??dzie wi??cej. Wtedy zrobimy grupy :)'),(88,'1086bb6ba4','','Napewno klay z mojego forum'),(89,'6b852140b5','','mam pomysÂ? na grupe kt??r± moÂ?ecie teraz zrobi?¦'),(90,'8160f2c809','','Napewno na PS2, w Europie powinni wyda?¦ j± w poÂ?owie marca. W Polsce niewiadomo. To sobie sprowadze np. z Anglii :D'),(91,'4b4fa5df81','','mam nadziej?? Â?e jest wersja pc'),(92,'30bb82899a','','o grze:\r\nGracz otrzyma do dyspozycji 16 zawodnik??w, w tym wszystkie najwaÂ?niejsze postacie ze ¶wiata p??dz±cego jeÂ?a: jego mroczne alter ergo, lisa z dwoma kitami, pon??tn± kr??liczk??, paru najbardziej znanych przeciwnik??w. Wszyscy oni zmierz± si?? na 15 starannie przygotowanych torach, dÂ?ugich, peÂ?nych zaskakuj±cych puÂ?apek i ostrych zakr??t??w. Tempo biegu b??dzie, jak Â?atwo si?? domy¶li?¦, niesamowite. Fani Sonika przyzwyczajeni s± do chorych pr??dko¶ci i ich wÂ?a¶nie w Sonic Riders na pewno nie zabraknie.\r\n\r\nProgram wygl±da nieco lepiej niÂ? ostatnie odsÂ?ony serii, cho?¦ oprawa graficzna utrzymana jest w tym samym klimacie. MaÂ?e, ¶wietnie animowane ludki zakaszaniaj± po olbrzymich planszach, korzystaj± z ramp, odskoczni, spiral, zeskok??w i charakterystycznych odbijaczy, kt??re wyrzucaj± ich na wyÂ?sze platformy. W otoczeniu roi si?? od neon??w, ¶wiateÂ?, tajemniczych budynk??w czy palemek stoj±cych nad brzegiem oceanu. Na ich podziwianie nie ma jednak czasu. Biegacze zasuwaj± bowiem do przodu i gracz ma czas tylko i wyÂ?±cznie na reagowanie na kolejne atrakcje toru. A tych nie brakuje. Sonic Riders to nie tylko biegi, ale i... surfowanie po wzburzonej rzece na przykÂ?ad. Na jednym z etap??w pÂ?ynie pot??Â?na struga. Bohaterowie dobiegaj± do niej, wskakuj± na dechy i zasuwaj± przed siebie. Niejako przy okazji krzesz± tricki podobne do tych, jakie gracze znaj± z serii SSX. Spos??b ich wykonywania jest duÂ?o prostszy niÂ? w oryginale Electronic Arts, jednak wszystko dzieje si?? o wiele szybciej. Tak, tak, masz racj??, na innym etapie bohaterowie trafiaj± na o¶nieÂ?ony stok, wskakuj± na dechy i mkn± w d??Â? na zÂ?amanie karku. Gra jest trudna nie tylko ze wzgl??du na znaczne pr??dko¶ci. Jej autorzy postarali si?? bowiem, by gracz wci±Â? byÂ? naraÂ?ony na jakie¶ niebezpiecze?±stwo. W efekcie nie wszystkie tory maj± ograniczniki i czasem moÂ?na z nich spa¶?¦, co wi±Â?e si?? z utrat± kilku cennych sekund. Innym perfidnym pomysÂ?em autor??w s± wspomniane puÂ?apki oraz moÂ?liwo¶?¦ spychania na nie rywali. Je¶li dorzuci?¦ do tego sprytnie poukrywane skr??ty, liczne dopalacze i rampy, z kt??rych moÂ?na po prostu polecie?¦ na ryja, je¶li nie ma si?? odpowiedniej pr??dko¶ci... robi si?? ciekawie.\r\n\r\nZnalazÂ?em na jakiej¶ stronie, nie pami??tam na jakiej :)'),(93,'f1b25b1195','','Ok, poÂ?niej zrobie odpowiedni dziaÂ? ;)'),(94,'dd168157f1','','Fajny opis pojawiaj± si?? nowe postacie'),(95,'bf3d6698dc','','Hehe, teÂ? kiedy¶ nie lubiÂ?em, ale kupiÂ?em deske i polubiÂ?em :D'),(96,'45a443d2c0','','Ok.czy m??gÂ? bym prowadzi?¦ ?'),(97,'42b21084b7','','a ja nie lubie szczeg??lnie piÂ?kaÂ?y  :twisted:'),(98,'959cd9b982','','Jasne  8) \n\n[size=9:959cd9b982][ [i:959cd9b982][b:959cd9b982]Dodano[/b:959cd9b982]: 2006-02-28, 23:06[/i:959cd9b982] ][/size:959cd9b982]\nDodaÂ?em forum o przygodach, Thunder bedzie je moderowaÂ?.'),(99,'1718de3ac5','','No, teÂ? si?? nie moge doczeka?¦ aÂ? je zobacze  8)'),(100,'5010d7dbd1','','Powiedz, moÂ?e wykorzystamy Tw??j pomysÂ? ;)'),(101,'cb974f05cb','','Tez nie lubie piÂ?ki noÂ?nej, wogle nie lubie sport??w zespoÂ?owych. Chyba Â?e siatk??wka na plaÂ?y z koleÂ?ankami w strojach kompielowych  8)'),(102,'52e39a65b3','','Mam jeszcze kilka podobnych, ale s± r??wnie obrzydliwe wi??c narazie ich nie zacytuj??  8)'),(103,'36ada97271','','wez przestan Hagall, niedobrze sie robi :/'),(104,'e19d2ebcc2','','ja tam lubi?? nog??, nie wiem jak moÂ?na nie lubi?¦.'),(105,'a7aad088b8','','o fajnie, tez ch??tnie pogram : )'),(106,'7f915850ce','','a ja mew2 :D:D:D'),(107,'81cd2677d3','','heh, narazie nie b??d?? chciaÂ? mie?¦ Â?adnego zwierz±tka, moÂ?e w przyszÂ?o¶ci.'),(108,'8bf456e0aa','','http://gtasite.net/ - strona o GTA :]'),(109,'0b4d57ff2f','','www.grzesforumowwszystkim.fora.pl\r\nMoje forum.'),(110,'63e89db49a','','HeJ WsZyStKim  :) ShAdOw JeSt SuPeR [;'),(111,'31497537e8','','[size=18:31497537e8]Postacie ;][/size:31497537e8]\r\n\r\nSONIC [URL=http://imageshack.us][img:31497537e8]http://img53.imageshack.us/img53/2228/sonicriders6yo.png[/img:31497537e8][/URL] \r\nTAILS [URL=http://imageshack.us][img:31497537e8]http://img96.imageshack.us/img96/7493/tailsriders4gc.png[/img:31497537e8][/URL]  \r\nAMY [URL=http://imageshack.us][img:31497537e8]http://img96.imageshack.us/img96/3282/amyriders4co.png[/img:31497537e8][/URL]\r\nKNUCKLES[URL=http://imageshack.us][img:31497537e8]http://img97.imageshack.us/img97/9636/knucklesriders9bz.png[/img:31497537e8][/URL]\r\nCREAM [URL=http://imageshack.us][img:31497537e8]http://img97.imageshack.us/img97/3839/creamriders0lb.png[/img:31497537e8][/URL]\r\nROUGE [URL=http://imageshack.us][img:31497537e8]http://img97.imageshack.us/img97/344/rougeriders1fr.png[/img:31497537e8][/URL]\r\nSHADOW [URL=http://imageshack.us][img:31497537e8]http://img137.imageshack.us/img137/8544/shadowriders8qf.png[/img:31497537e8][/URL]\r\nEGGMAN [URL=http://imageshack.us][img:31497537e8]http://img137.imageshack.us/img137/8729/eggmanriders6kl.png[/img:31497537e8][/URL]\r\n\r\n\r\n[size=18:31497537e8]Nowe postacie:[/size:31497537e8]\r\nJET [URL=http://imageshack.us][img:31497537e8]http://img97.imageshack.us/img97/9896/jestriders6em.png[/img:31497537e8][/URL]\r\n\r\nSTORM [URL=http://imageshack.us][img:31497537e8]http://img149.imageshack.us/img149/1250/stormriders8jx.png[/img:31497537e8][/URL]\r\n\r\nWAVE [URL=http://imageshack.us][img:31497537e8]http://img97.imageshack.us/img97/2686/waveriders8hi.png[/img:31497537e8][/URL]\r\n\r\nROBO 1 [URL=http://imageshack.us][img:31497537e8]http://img97.imageshack.us/img97/8501/robo1riders2ry.png[/img:31497537e8][/URL]\r\n\r\nROBO 2 [URL=http://imageshack.us][img:31497537e8]http://img60.imageshack.us/img60/2364/robo2riders9yv.png[/img:31497537e8][/URL]\r\n\r\nNajfajniejsza z nowych postaci jest Wave moim zdaniem :)'),(112,'06d6ca4123','','fajne :)'),(113,'e696a6024c','','a ja lubie Rukario :) ciekawe jak brzmi jego angielska nazwa'),(114,'37d184ff29','','oczywi¶cie, Â?e tak ;D my z Thunderem bijemy rekordy w przygodach  :D moja przygoda ma w tej chwili 68 stron :)'),(115,'7d6ea18311','','A ja mam dwa psy i chomika :)'),(116,'4e19166033','','a moja narazie Simsy 2  8)'),(117,'431552cb99','','Ja teÂ? jestem ;D Alocha wszystkim ;*'),(118,'cb40d85e0d','','jak kto¶ gra w ni± pierwszy raz, to takie dziwne wraÂ?enie jest, jak Sonic, czy tam Blaze przeskakuj± z jednego ekraniku do drugiego, bardzo to myl±ce jest, ale jak si?? przyzwyczai to b??dzie spoko :)'),(119,'c3abd4928c','Sonic underground - screeny','Pierwszy odcinek w screenach :)\r\n\r\n[img:c3abd4928c]http://i39.photobucket.com/albums/e182/klay92/1.jpg[/img:c3abd4928c]\r\n[img:c3abd4928c]http://i39.photobucket.com/albums/e182/klay92/su1_1a.jpg[/img:c3abd4928c] [img:c3abd4928c]http://i39.photobucket.com/albums/e182/klay92/su1_1b.jpg[/img:c3abd4928c] [img:c3abd4928c]http://i39.photobucket.com/albums/e182/klay92/su1_2.jpg[/img:c3abd4928c]  [img:c3abd4928c]http://i39.photobucket.com/albums/e182/klay92/su1_3a.jpg[/img:c3abd4928c]  [img:c3abd4928c]http://i39.photobucket.com/albums/e182/klay92/su1_3b.jpg[/img:c3abd4928c]  [img:c3abd4928c]http://i39.photobucket.com/albums/e182/klay92/su1_4.jpg[/img:c3abd4928c]  [img:c3abd4928c]http://i39.photobucket.com/albums/e182/klay92/su1_5.jpg[/img:c3abd4928c]  [img:c3abd4928c]http://i39.photobucket.com/albums/e182/klay92/su1_6.jpg[/img:c3abd4928c]  [img:c3abd4928c]http://i39.photobucket.com/albums/e182/klay92/su1_7.jpg[/img:c3abd4928c]  [img:c3abd4928c]http://i39.photobucket.com/albums/e182/klay92/su1_9.jpg[/img:c3abd4928c]  [img:c3abd4928c]http://i39.photobucket.com/albums/e182/klay92/su1_10.jpg[/img:c3abd4928c]  [img:c3abd4928c]http://i39.photobucket.com/albums/e182/klay92/su1_11a.jpg[/img:c3abd4928c]  [img:c3abd4928c]http://i39.photobucket.com/albums/e182/klay92/su1_12.jpg[/img:c3abd4928c]  [img:c3abd4928c]http://i39.photobucket.com/albums/e182/klay92/su1_13a.jpg[/img:c3abd4928c]  [img:c3abd4928c]http://i39.photobucket.com/albums/e182/klay92/su1_13b.jpg[/img:c3abd4928c]  [img:c3abd4928c]http://i39.photobucket.com/albums/e182/klay92/su1_14.jpg[/img:c3abd4928c]  [img:c3abd4928c]http://i39.photobucket.com/albums/e182/klay92/su1_15a.jpg[/img:c3abd4928c]  [img:c3abd4928c]http://i39.photobucket.com/albums/e182/klay92/su1_15b.jpg[/img:c3abd4928c]  [img:c3abd4928c]http://i39.photobucket.com/albums/e182/klay92/su1_16a.jpg[/img:c3abd4928c]  [img:c3abd4928c]http://i39.photobucket.com/albums/e182/klay92/su1_17.jpg[/img:c3abd4928c]  [img:c3abd4928c]http://i39.photobucket.com/albums/e182/klay92/su1_18a.jpg[/img:c3abd4928c]  [img:c3abd4928c]http://i39.photobucket.com/albums/e182/klay92/su1_18b.jpg[/img:c3abd4928c]  [img:c3abd4928c]http://i39.photobucket.com/albums/e182/klay92/su1_19.jpg[/img:c3abd4928c]\r\n\r\n\r\nPodobaj± si?? ??'),(120,'e7021ea4da','','m??j teÂ? dragon :)'),(121,'5058afe1b5','','no jest taki zÂ?yyyyyyyyyyyyyyyyyyyyyyyyyyyy  :D'),(122,'62acc9af17','','Musze se zaÂ?atwi?¦'),(123,'c8f0aa44f8','','Wszyscy tak paranormalnie wygl±daj±'),(124,'34f3151ffc','','Mam pytanie czy masz wszystkie odcinki ?'),(125,'a03425011a','','No wprowadziÂ?em tam moj± posta?¦  :D'),(126,'64eb832ca3','Zapisy','To dziaÂ? zapis??w Â?eby si?? zapisa?¦ trzeba poda?¦ :\r\nNick:\r\nopis:\r\nHistoria(nie musi by?¦ peÂ?na):\r\nPrzyjaciele:\r\nWrogowie:\r\nRodzina:\r\ni inne rzeczy jakie chcecie (dodatkowe np. ataki)\r\n\r\nrzeby si?? zapisa?¦ naleÂ?y poda?¦ nick,przyjaciele, kr??tki opis,imiona rodzic??w'),(178,'afcb97723c','','patamon teÂ? fajny'),(127,'c7915d2221','WaÂ?ne Regulamin','1.W przygodach odpowiadaj± dwie osoby prowadz±cy i zapisany\r\n2.Ja prowadze przygody\r\n3.temat zapisy sÂ?uÂ?y do:\r\n-Zapisywania si??\r\n-upominanie w wypadku gdy nie odpowiadam na przygode\r\n-Wpisywanie wyedytowanych wersji \r\nWiem Â?e maÂ?o ale tylko tyle potrzeba'),(128,'032553cf02','','Ale mario vs. sonic jest dziwne'),(129,'acab275c48','','1.Nowi-tam s± wszyscy uÂ?ytkownicy kt??Â?y si?? zalogowali do 60 post??w\r\n2.moderatorzy-tu s± wszyscy kt??Â?y moderuj± czyli i admini i moderatorzy\r\n3.niegrzeczni-tu s± dawani ci co nie przestrzegaj± regulaminu\r\n4.Urzytkownicy stali-ci co maj± ponad 60 post??w\r\n5.Wyr??Â?nieni-tu s± dawani ci co si?? wyr??Â?niaj± nie tylko postami ale np.poskarrz± czy kogo¶ upomn± w osobnym po¶cie\r\n6.Zdolni-ci co maj± np ponad 300 post??w'),(130,'296ed931f4','','wog??le moi koledzy lubi± kaia a ja wole Tysona'),(131,'54db347c90','','Mew two jest gÂ?upi taki dziwny :D'),(132,'da861cc6cb','','-rany to juÂ? druga osoba kt??r± tu ¶ci±gneÂ?em  :D'),(133,'306a78be2d','','no i pobiÂ?a¶ rekord ¶wiata wyczy¶ciÂ?a¶ klatke chomika w 5 minut pisz±c przy tym na forum  :D  :D  :D  :D  :D  :D  :D  :D  :D  :D  :D  :D  :D  :D  :D  :D  :D  :D'),(134,'51bc182676','','A ja nie mam ale b??de miaÂ? jedynka jest lepsza  :twisted:'),(135,'8135ace02f','','mi r??wnieÂ?  :D'),(136,'3c85840e10','','poprosu jest do kitu a piÂ?kaÂ?e s± hamscy (po za klintonem)'),(137,'902104e83f','Co to za go¶ciu','Mam pytanie co to za go¶ciu [img:902104e83f]http://img522.imageshack.us/img522/4880/fortestream21fl.png[/img:902104e83f]'),(138,'9cbbd37fe0','Lego','CZy kto¶ z was lubi klocki lego ja tak  :D'),(139,'cfd9975a5c','jakiego macie Bdamana','Jakiego macie B-Damana ja tylko Cawalery Knight on jest super jakie macie teÂ? propozycje poÂ?±czena ?\r\nMoja tak± kt??r± mam zamiar zrobi?¦ :\r\nBlack knights poprostu jego ciaÂ?o i skrzydÂ?a\r\nRamiona Helio beaker\r\ntarcza general one lub proto one \r\nmagazynek rekuso lub ten duÂ?y\r\ncelownik bakuso\r\ntwarz od kobaltowego ostrza a b??dzie si?? on nazywaÂ? kobaltowa lanca tylko zamiast black knights bede miaÂ? tego co teraz'),(140,'16ec7b88fb','Ulubiona walka','Jak± walke lubicie najbardziej'),(141,'988a9ad856','Bdaman','to og??lny temat o bdamanach ja sporo na ten temat wiem'),(142,'11fd0f7a21','Sonic','tu rozmawiamy o sonicu'),(143,'ea0335d470','Tikal','tu rozmawiamy o Tikal'),(144,'3770607a18','Knuckles','tu rozmawiamy o Knucklesie  :D'),(145,'1f9764f23a','Amy','tu rozmawiamy o Amy'),(146,'3f48306ce9','Cosmo','tu rozmawiamy o Cosmo'),(147,'bd66a72ff3','Talis','tu rozmawiamy o Talisie'),(148,'ce72f53171','Cream i cheese','tu rozmawiamy o Cream i Cheese  :D'),(149,'dd3237ed1d','Rouge','tu rozmawiamy o rouge'),(150,'d907631ab1','Team Chaotix','Tu gadamy o Espio,Vectorze i Charmy'),(151,'0c3afe8961','Chris','tu rozmawiamy o Chrisie'),(152,'7907301a14','','Grze¶ ma fajne forum  :D'),(153,'9937928fe3','','moim zdaniem grupy powinny by?¦, w ten spos??b moÂ?na odr??Â?ni?¦ uÂ?ytkownik??w ;)'),(154,'5f3fee8525','','jak macie jeszcze jakie¶ ciekawe forum z Soniciem to moge wej¶?¦ :D tylko to i juÂ? nie zjeÂ?dÂ?am z tematu ;)'),(155,'0746b1ebdd','','wiesz, Â?e zaponiaÂ?am wog??le o tym rekordzie ?  :lol: ostatnio m??j chomik zachowuje si?? jak Tarzan  8)'),(156,'d14b048378','','ZauwaÂ?yÂ?am gÂ?upote w tej grze :P Maj± okulary, ale w czasie jazdy ich nie zakÂ?adaj± :P'),(157,'8b7061c09e','','Foxy :P\r\n\r\n[img:8b7061c09e]http://i39.photobucket.com/albums/e182/klay92/Foxy.jpg[/img:8b7061c09e]'),(158,'59afa949b2','','Â?eby w ni± pogra?¦ trzeba mie?¦ NDS\'a :P'),(159,'36b8249c06','','mroczny :)'),(160,'a825a72821','','niestety nie :('),(161,'e4ceb4ae5a','','poprawka, juÂ? ma 100 stron ;D'),(162,'aa79aa324f','','Bo Mroczny nie tak ajk storma ale mroczny'),(163,'94c70f5682','','Ozdobi?¦ chcieli i tyle  :?'),(164,'c6a06a5d52','','Szkoda  :cry:  :cry:  :cry:  :cry:  :cry:  :cry:  :cry:'),(165,'a64ab671d2','','Szkoda'),(166,'37e77ae1c4','','Ja juÂ? te zdj??cie widziaÂ?em to jest wygl±d sportowy  :?'),(167,'57a44c26cb','','w efekcie na ko?±cu dzie¶ b??dzie miaÂ?o 495 stron je¶li wog??le mamy zamiar sko?±czy?¦ ???\r\nNIEEEEE !!!!!'),(168,'38599f4275','','no i mam jeszcze jedn± Globalni moderatorzy grupa ma uprawnienia do moderatorowania caÂ?ego forum'),(169,'51a0133e91','','ja nie znam chyba wi??cej tylko chyba forum last hero i meusha ale to byÂ?o juÂ? tak dawno tych for juÂ? nie ma  :cry:  ale nie zbacza?¦ z tematu !'),(170,'0fa931423d','','Moim zwieÂ?±tkiem jest m??j B-Daman :Lol:'),(171,'5c57bb5810','','[quote:5c57bb5810=\"Thunder\"]Grze¶ ma fajne forum  :D[/quote:5c57bb5810]\r\nDzi??kuj??.'),(172,'7bc0bd9ac6','','Dukrio jest fajny.\r\nI moÂ?e jeszcze Blastojs.'),(173,'f60a000c89','','nie no ale serio :D'),(174,'83af92636f','','Duktrio jest super'),(175,'241dc3466e','','[quote:241dc3466e=\"Thunder\"]no i mam jeszcze jedn± Globalni moderatorzy grupa ma uprawnienia do moderatorowania caÂ?ego forum[/quote:241dc3466e]\r\nTo dobry pomysÂ?.'),(176,'869085d060','','dzi??ki za poparcie :D'),(177,'5aacaea2fb','','SkullGreymona chyba chciaÂ?e¶ napisa?¦. Hmmm ja lubi?? chyba najbardzie Hercules Kabuterimona i MaloMyotismon\'a. Ale gÂ???wnie to lubie digiki z wszystkich seri (czterech nawet pi±tej).');

--
-- Table structure for table `super2_privmsgs`
--

CREATE TABLE `super2_privmsgs` (
  `privmsgs_id` mediumint(8) unsigned NOT NULL AUTO_INCREMENT,
  `privmsgs_type` tinyint(4) NOT NULL DEFAULT '0',
  `privmsgs_subject` varchar(255) NOT NULL DEFAULT '0',
  `privmsgs_from_userid` mediumint(8) NOT NULL DEFAULT '0',
  `privmsgs_to_userid` mediumint(8) NOT NULL DEFAULT '0',
  `privmsgs_date` int(11) NOT NULL DEFAULT '0',
  `privmsgs_ip` varchar(8) NOT NULL DEFAULT '',
  `privmsgs_enable_bbcode` tinyint(1) NOT NULL DEFAULT '1',
  `privmsgs_enable_html` tinyint(1) NOT NULL DEFAULT '0',
  `privmsgs_enable_smilies` tinyint(1) NOT NULL DEFAULT '1',
  `privmsgs_attach_sig` tinyint(1) NOT NULL DEFAULT '1',
  `privmsgs_attachment` tinyint(1) NOT NULL DEFAULT '0',
  PRIMARY KEY (`privmsgs_id`),
  KEY `privmsgs_from_userid` (`privmsgs_from_userid`),
  KEY `privmsgs_to_userid` (`privmsgs_to_userid`)
) ENGINE=MyISAM AUTO_INCREMENT=3 DEFAULT CHARSET=latin1;

--
-- Dumping data for table `super2_privmsgs`
--

INSERT INTO `super2_privmsgs` VALUES (1,0,'BÂ?±d',5,2,1141548938,'3e8dd6fc',1,1,1,1,0),(2,2,'BÂ?±d',5,2,1141548938,'3e8dd6fc',1,1,1,1,0);

--
-- Table structure for table `super2_privmsgs_text`
--

CREATE TABLE `super2_privmsgs_text` (
  `privmsgs_text_id` mediumint(8) unsigned NOT NULL DEFAULT '0',
  `privmsgs_bbcode_uid` varchar(10) NOT NULL DEFAULT '0',
  `privmsgs_text` text,
  PRIMARY KEY (`privmsgs_text_id`)
) ENGINE=MyISAM DEFAULT CHARSET=latin1;

--
-- Dumping data for table `super2_privmsgs_text`
--

INSERT INTO `super2_privmsgs_text` VALUES (1,'0a9f5a56ed','popeÂ?niÂ?e¶ bÂ?±d nie pisze si?? Bdaman tylko \r\nB-Daman   :)'),(2,'0a9f5a56ed','popeÂ?niÂ?e¶ bÂ?±d nie pisze si?? Bdaman tylko \r\nB-Daman   :)');

--
-- Table structure for table `super2_quota_limits`
--

CREATE TABLE `super2_quota_limits` (
  `quota_limit_id` mediumint(8) unsigned NOT NULL AUTO_INCREMENT,
  `quota_desc` varchar(20) NOT NULL DEFAULT '',
  `quota_limit` bigint(20) unsigned NOT NULL DEFAULT '0',
  PRIMARY KEY (`quota_limit_id`)
) ENGINE=MyISAM AUTO_INCREMENT=4 DEFAULT CHARSET=latin1;

--
-- Dumping data for table `super2_quota_limits`
--

INSERT INTO `super2_quota_limits` VALUES (1,'Low',262144),(2,'Medium',2097152),(3,'High',5242880);

--
-- Table structure for table `super2_ranks`
--

CREATE TABLE `super2_ranks` (
  `rank_id` smallint(5) unsigned NOT NULL AUTO_INCREMENT,
  `rank_title` varchar(50) NOT NULL DEFAULT '',
  `rank_min` mediumint(8) NOT NULL DEFAULT '0',
  `rank_special` tinyint(1) DEFAULT '0',
  `rank_image` varchar(255) DEFAULT NULL,
  `rank_group` mediumint(8) NOT NULL DEFAULT '0',
  PRIMARY KEY (`rank_id`)
) ENGINE=MyISAM AUTO_INCREMENT=2 DEFAULT CHARSET=latin1;

--
-- Dumping data for table `super2_ranks`
--

INSERT INTO `super2_ranks` VALUES (1,'Administrator',-1,1,NULL,0);

--
-- Table structure for table `super2_read_history`
--

CREATE TABLE `super2_read_history` (
  `user_id` mediumint(8) NOT NULL DEFAULT '0',
  `forum_id` smallint(5) unsigned NOT NULL DEFAULT '0',
  `topic_id` mediumint(8) unsigned NOT NULL DEFAULT '0',
  `post_id` mediumint(8) unsigned NOT NULL DEFAULT '0',
  `post_time` int(11) NOT NULL DEFAULT '0',
  PRIMARY KEY (`user_id`,`forum_id`,`topic_id`,`post_id`,`post_time`),
  KEY `user_id` (`user_id`),
  KEY `forum_id` (`forum_id`),
  KEY `topic_id` (`topic_id`)
) ENGINE=MyISAM DEFAULT CHARSET=latin1;

--
-- Dumping data for table `super2_read_history`
--


--
-- Table structure for table `super2_search_results`
--

CREATE TABLE `super2_search_results` (
  `search_id` int(11) unsigned NOT NULL DEFAULT '0',
  `session_id` varchar(32) NOT NULL DEFAULT '',
  `search_array` text NOT NULL,
  PRIMARY KEY (`search_id`),
  KEY `session_id` (`session_id`)
) ENGINE=MyISAM DEFAULT CHARSET=latin1;

--
-- Dumping data for table `super2_search_results`
--

INSERT INTO `super2_search_results` VALUES (1010774029,'21ac6b26ab01e650fae4e99d7057f05b','a:7:{s:14:\"search_results\";s:121:\"11, 18, 19, 20, 21, 23, 24, 25, 26, 27, 38, 39, 42, 44, 45, 46, 48, 50, 54, 86, 87, 90, 92, 93, 95, 98, 99, 100, 101, 102\";s:17:\"total_match_count\";i:30;s:12:\"split_search\";N;s:7:\"sort_by\";i:0;s:8:\"sort_dir\";s:4:\"DESC\";s:12:\"show_results\";s:5:\"posts\";s:12:\"return_chars\";i:200;}');

--
-- Table structure for table `super2_search_wordlist`
--

CREATE TABLE `super2_search_wordlist` (
  `word_text` varchar(50) CHARACTER SET latin1 COLLATE latin1_bin NOT NULL DEFAULT '',
  `word_id` mediumint(8) unsigned NOT NULL AUTO_INCREMENT,
  `word_common` tinyint(1) unsigned NOT NULL DEFAULT '0',
  PRIMARY KEY (`word_text`),
  KEY `word_id` (`word_id`)
) ENGINE=MyISAM AUTO_INCREMENT=1793 DEFAULT CHARSET=latin1;

--
-- Dumping data for table `super2_search_wordlist`
--

INSERT INTO `super2_search_wordlist` VALUES ('a',1,0),('ale',2,0),('ania',3,0),('babci',4,0),('babcia',5,0),('c',6,0),('cho',7,0),('cipsko',8,0),('czasu',9,0),('dr',10,0),('gdzie',11,0),('id',12,0),('jak',13,0),('jasiu',14,0),('jest',15,0),('kawal',16,0),('ko',17,0),('le',18,0),('m',19,0),('ma',20,0),('mam',21,0),('mama',22,0),('mamie',23,0),('mamo',24,0),('mamy',25,0),('mowi',26,0),('muj',27,0),('nalega',28,0),('nie',29,0),('obrzydliwe',30,0),('odpowiada',31,0),('ods',32,0),('pod',33,0),('pokazuje',34,0),('pokoju',35,0),('prosz',36,0),('smakuje',37,0),('ulubiony',38,0),('wi',39,0),('y',40,0),('zobacz',41,0),('fajny',42,0),('j',43,0),('pisze',44,0),('sie',45,0),('troche',46,0),('wulgarny',47,0),('bez',48,0),('by',49,0),('forum',50,0),('gupot',51,0),('mi',52,0),('pisa',53,0),('regulamin',54,0),('s',55,0),('spamowa',56,0),('su',57,0),('trzeba',58,0),('wulgaryzowa',59,0),('ym',60,0),('albo',61,0),('czego',62,0),('do',63,0),('for',64,0),('nowych',65,0),('piszcie',66,0),('propozycje',67,0),('andreas',68,0),('bardzo',69,0),('ca',70,0),('em',71,0),('fajna',72,0),('gra',73,0),('gta',74,0),('kod',75,0),('moja',76,0),('prawie',77,0),('przeszed',78,0),('san',79,0),('ulubiona',80,0),('w',81,0),('wasza',82,0),('digimon',83,0),('lubie',84,0),('najbardziej',85,0),('patamona',86,0),('wasz',87,0),('ataki',88,0),('fajne',89,0),('kogo',90,0),('lubicie',91,0),('pokemon',92,0),('treecko',93,0),('wog',94,0),('dni',95,0),('dzicie',96,0),('kilka',97,0),('macie',98,0),('niej',99,0),('o',100,0),('rush',101,0),('screen',102,0),('sonic',103,0),('temu',104,0),('tym',105,0),('wysz',106,0),('da',107,0),('dla',108,0),('fajnie',109,0),('hedgehog',110,0),('jego',111,0),('mnie',112,0),('nawet',113,0),('nowym',114,0),('pasuje',115,0),('pistolecie',116,0),('shadow',117,0),('shadowie',118,0),('the',119,0),('wygl',120,0),('dynamiczna',121,0),('gaj',122,0),('riders',123,0),('super',124,0),('wci',125,0),('co',126,0),('fajnego',127,0),('kt',128,0),('l',129,0),('moderatorami',130,0),('osby',131,0),('re',132,0),('wymy',133,0),('zostan',134,0),('pistoletem',135,0),('boksera',136,0),('chucky',137,0),('d',138,0),('domowe',139,0),('jakie',140,0),('nazywa',141,0),('psa',142,0),('ry',143,0),('ta',144,0),('tka',145,0),('zwierz',146,0),('ciekawe',147,0),('linki',148,0),('skejtach',149,0),('strona',150,0),('jeszcze',151,0),('kto',152,0),('lubi',153,0),('si',154,0),('sk8',155,0),('skateboard',156,0),('zajmuje',157,0),('cz',158,0),('gram',159,0),('jednym',160,0),('kiem',161,0),('kumplem',162,0),('sto',163,0),('streamem',164,0),('takim',165,0),('te',166,0),('to',167,0),('b',168,0),('moje',169,0),('rysunki',170,0),('swoje',171,0),('tutaj',172,0),('zamieszcza',173,0),('bym',174,0),('ch',175,0),('konsole',176,0),('tnie',177,0),('wiesz',178,0),('zagra',179,0),('narysowales',180,0),('oooo',181,0),('sam',182,0),('wierze',183,0),('cze',184,0),('e',185,0),('jestem',186,0),('kaza',187,0),('zarejestrowa',188,0),('50',189,0),('aby',190,0),('acz',191,0),('adios',192,0),('adowa',193,0),('adzie',194,0),('aj',195,0),('arce',196,0),('ark',197,0),('arka',198,0),('arki',199,0),('arks',200,0),('arms',201,0),('autoreprodukcja',202,0),('ba',203,0),('bada',204,0),('badania',205,0),('baz',206,0),('bce',207,0),('bezpiecznie',208,0),('bk',209,0),('black',210,0),('bogu',211,0),('bro',212,0),('buj',213,0),('byli',214,0),('ce',215,0),('cej',216,0),('cel',217,0),('celu',218,0),('centrum',219,0),('chaosu',220,0),('chaotix',221,0),('charmy',222,0),('chc',223,0),('chciwo',224,0),('chlub',225,0),('chmur',226,0),('chmury',227,0),('chologram',228,0),('chorba',229,0),('ci',230,0),('cia',231,0),('ciach',232,0),('cie',233,0),('ciebie',234,0),('cierpi',235,0),('comet',236,0),('cool',237,0),('cu',238,0),('cy',239,0),('czaj',240,0),('czarn',241,0),('czarna',242,0),('czarnej',243,0),('czas',244,0),('czasie',245,0),('czerwone',246,0),('czon',247,0),('czony',248,0),('czy',249,0),('czyli',250,0),('czym',251,0),('czyznami',252,0),('dalsze',253,0),('dane',254,0),('dania',255,0),('dcy',256,0),('desperackie',257,0),('dkiem',258,0),('dnej',259,0),('dobra',260,0),('doom',261,0),('dooma',262,0),('doomadevil',263,0),('doomem',264,0),('dooms',265,0),('doprowadz',266,0),('dosta',267,0),('doszcz',268,0),('dotar',269,0),('dotrwali',270,0),('dotyczy',271,0),('drog',272,0),('dru',273,0),('drugi',274,0),('du',275,0),('durnego',276,0),('dza',277,0),('dzi',278,0),('dzia',279,0),('dziadka',280,0),('dziadku',281,0),('dzie',282,0),('dziewczyna',283,0),('eggman',284,0),('eggmana',285,0),('egnaj',286,0),('ego',287,0),('ej',288,0),('ekran',289,0),('eli',290,0),('energi',291,0),('enia',292,0),('ery',293,0),('espio',294,0),('esz',295,0),('eye',296,0),('fakt',297,0),('fakty',298,0),('form',299,0),('formy',300,0),('g',301,0),('gdy',302,0),('gerald',303,0),('geralda',304,0),('gi',305,0),('grach',306,0),('graj',307,0),('greald',308,0),('gry',309,0),('grze',310,0),('gu',311,0),('heroes',312,0),('histori',313,0),('historia',314,0),('huh',315,0),('i',316,0),('ich',317,0),('idealnym',318,0),('imieniu',319,0),('immunodeficiency',320,0),('indestructible',321,0),('informacja',322,0),('innego',323,0),('instytutu',324,0),('ironicznie',325,0),('istnienie',326,0),('ivo',327,0),('ja',328,0),('jaka',329,0),('jakby',330,0),('jako',331,0),('jaszczurki',332,0),('je',333,0),('jeden',334,0),('jedna',335,0),('jednak',336,0),('jednego',337,0),('jednocze',338,0),('jedyn',339,0),('jedyna',340,0),('jedyne',341,0),('jej',342,0),('jeste',343,0),('ju',344,0),('k',345,0),('kapsu',346,0),('kapsule',347,0),('ki',348,0),('kiedy',349,0),('kim',350,0),('koloni',351,0),('kolwiek',352,0),('komecie',353,0),('komet',354,0),('kometa',355,0),('kompanem',356,0),('komputer',357,0),('kontaktu',358,0),('kontrol',359,0),('kontroli',360,0),('kontrolowania',361,0),('kontynu',362,0),('kopi',363,0),('kosmit',364,0),('krwi',365,0),('ksze',366,0),('ku',367,0),('kwestionowa',368,0),('lat',369,0),('lecz',370,0),('lili',371,0),('limit',372,0),('list',373,0),('liwa',374,0),('ludzi',375,0),('ludzie',376,0),('ludziom',377,0),('ludzki',378,0),('ludzko',379,0),('maj',380,0),('mari',381,0),('maria',382,0),('marii',383,0),('martw',384,0),('marzenie',385,0),('medyczne',386,0),('metod',387,0),('mia',388,0),('miasto',389,0),('mienia',390,0),('miertelno',391,0),('mieszka',392,0),('mimo',393,0),('mniej',394,0),('mo',395,0),('mobius',396,0),('momencie',397,0),('monitorach',398,0),('musi',399,0),('musisz',400,0),('my',401,0),('n',402,0),('na',403,0),('nad',404,0),('nadszed',405,0),('nadziej',406,0),('nagle',407,0),('nagraniu',408,0),('najg',409,0),('najgorsze',410,0),('najpierw',411,0),('najwi',412,0),('najwy',413,0),('nale',414,0),('nap',415,0),('nas',416,0),('naszym',417,0),('natychmiastow',418,0),('nauki',419,0),('naukow',420,0),('naukowcy',421,0),('nawi',422,0),('nazwana',423,0),('nazwany',424,0),('nej',425,0),('neuro',426,0),('ni',427,0),('nic',428,0),('nich',429,0),('nids',430,0),('niebezpieczne',431,0),('niego',432,0),('niemo',433,0),('niepos',434,0),('nierze',435,0),('niesko',436,0),('niestety',437,0),('niewiadomo',438,0),('niezniszczalna',439,0),('niezwyk',440,0),('nim',441,0),('nimi',442,0),('nowego',443,0),('nych',444,0),('obcymi',445,0),('obieca',446,0),('obraz',447,0),('ochronimy',448,0),('odchodzi',449,0),('odda',450,0),('odej',451,0),('odm',452,0),('odwraca',453,0),('odzdzia',454,0),('odzia',455,0),('odzyskiwa',456,0),('og',457,0),('ogl',458,0),('ogromn',459,0),('okaza',460,0),('oki',461,0),('okiem',462,0),('oknem',463,0),('okoliczno',464,0),('oni',465,0),('onno',466,0),('opowie',467,0),('opr',468,0),('organizacj',469,0),('oryginalnym',470,0),('osi',471,0),('osobi',472,0),('osoby',473,0),('ostateczn',474,0),('ostatecznej',475,0),('ostatni',476,0),('ostatnia',477,0),('ostatnie',478,0),('osy',479,0),('oszone',480,0),('oto',481,0),('otwiera',482,0),('owa',483,0),('owami',484,0),('owane',485,0),('owicie',486,0),('owocem',487,0),('oznacza',488,0),('oznaki',489,0),('p',490,0),('pa',491,0),('pami',492,0),('patrz',493,0),('pe',494,0),('pewn',495,0),('pewni',496,0),('pewnym',497,0),('piecz',498,0),('plan',499,0),('planach',500,0),('planecie',501,0),('planet',502,0),('planeta',503,0),('planety',504,0),('plany',505,0),('po',506,0),('poajawiaj',507,0),('podbiega',508,0),('podbno',509,0),('podj',510,0),('pojawi',511,0),('pok',512,0),('pokaza',513,0),('pokazywa',514,0),('pole',515,0),('polega',516,0),('pomaga',517,0),('pomoc',518,0),('pomocy',519,0),('pomy',520,0),('poniewa',521,0),('pope',522,0),('poprzez',523,0),('porblem',524,0),('porposi',525,0),('porz',526,0),('postanowi',527,0),('pot',528,0),('potem',529,0),('poto',530,0),('potrzebowa',531,0),('pow',532,0),('powiedzia',533,0),('powierzy',534,0),('powr',535,0),('powsta',536,0),('powstrzyma',537,0),('pozwolimy',538,0),('pr',539,0),('prace',540,0),('prawd',541,0),('prawda',542,0),('prawdziw',543,0),('prezydenta',544,0),('pro',545,0),('prof',546,0),('projekt',547,0),('projektem',548,0),('projektu',549,0),('prosto',550,0),('prototyp',551,0),('prototypu',552,0),('prowadzone',553,0),('prywatne',554,0),('przechowywani',555,0),('przeci',556,0),('przed',557,0),('przej',558,0),('przejo',559,0),('przekaza',560,0),('przekracza',561,0),('przelecia',562,0),('przeliczyli',563,0),('przenie',564,0),('przeniesieni',565,0),('przepadali',566,0),('przesz',567,0),('przez',568,0),('przy',569,0),('przyby',570,0),('przynie',571,0),('przys',572,0),('przysz',573,0),('przytoczy',574,0),('przyw',575,0),('przywracanie',576,0),('pszej',577,0),('pulpit',578,0),('quot',579,0),('r',580,0),('ra',581,0),('racja',582,0),('ranking',583,0),('rasy',584,0),('ratunkowej',585,0),('razem',586,0),('regeneracja',587,0),('rego',588,0),('rej',589,0),('reszta',590,0),('robot',591,0),('robotnik',592,0),('robotnika',593,0),('rodku',594,0),('rodzina',595,0),('rol',596,0),('rouge',597,0),('rozgwiaza',598,0),('rozja',599,0),('rozpocz',600,0),('rozrachunku',601,0),('rozrostu',602,0),('rz',603,0),('rzuca',604,0),('rzy',605,0),('samej',606,0),('samych',607,0),('samym',608,0),('samymi',609,0),('scena',610,0),('seal',611,0),('sekretny',612,0),('sernik',613,0),('serniku',614,0),('setki',615,0),('shadowa',616,0),('shadowem',617,0),('siebie',618,0),('siedem',619,0),('siedmiu',620,0),('sk',621,0),('skontaktowa',622,0),('skoro',623,0),('sob',624,0),('specjalne',625,0),('spodziewa',626,0),('sprawdzaj',627,0),('sprawia',628,0),('sta',629,0),('stanie',630,0),('stara',631,0),('statkiem',632,0),('stoi',633,0),('straci',634,0),('stron',635,0),('stworzenia',636,0),('stworzeniu',637,0),('stworzon',638,0),('stworzony',639,0),('swoich',640,0),('swoim',641,0),('swoj',642,0),('swojej',643,0),('sylwetk',644,0),('syndrome',645,0),('sytuacj',646,0),('szego',647,0),('szmaragd',648,0),('szmaragdach',649,0),('szmaragdy',650,0),('t',651,0),('tak',652,0),('taka',653,0),('takie',654,0),('tce',655,0),('tego',656,0),('tej',657,0),('teleporotwa',658,0),('teraz',659,0),('testem',660,0),('tobie',661,0),('topaz',662,0),('towano',663,0),('towrzyszem',664,0),('tpienia',665,0),('trapi',666,0),('trudny',667,0),('trzyma',668,0),('twierdzi',669,0),('ty',670,0),('tych',671,0),('tylko',672,0),('u',673,0),('uchaj',674,0),('uchasz',675,0),('ucieczki',676,0),('uciek',677,0),('ucieka',678,0),('uderzy',679,0),('ufoli',680,0),('ug',681,0),('ujawnione',682,0),('ukaza',683,0),('ukazuj',684,0),('uko',685,0),('ukochana',686,0),('uratowa',687,0),('uratowanie',688,0),('uszny',689,0),('uwa',690,0),('uwczesnego',691,0),('uzbrojonymi',692,0),('uzyska',693,0),('vector',694,0),('wa',695,0),('walce',696,0),('wam',697,0),('was',698,0),('wcale',699,0),('wcze',700,0),('wersj',701,0),('westopolis',702,0),('wiadomo',703,0),('widz',704,0),('widzisz',705,0),('wieci',706,0),('wiecie',707,0),('wiedzie',708,0),('wiedzieli',709,0),('wiele',710,0),('wietli',711,0),('wina',712,0),('wisz',713,0),('wkr',714,0),('wkurzy',715,0),('wnuczce',716,0),('wnuczka',717,0),('wnuczki',718,0),('wnym',719,0),('wprowadzony',720,0),('wr',721,0),('wspania',722,0),('wst',723,0),('wszyscy',724,0),('wszystkich',725,0),('wszystkie',726,0),('wszystko',727,0),('wtem',728,0),('wy',729,0),('wyczernia',730,0),('wyga',731,0),('wyj',732,0),('wyka',733,0),('wykonany',734,0),('wylatuj',735,0),('wyleczenia',736,0),('wypowiedzia',737,0),('wyruszy',738,0),('wyspie',739,0),('wystrzeli',740,0),('wystrzelona',741,0),('wystrzelony',742,0),('ych',743,0),('ycia',744,0),('ycie',745,0),('yciem',746,0),('yciu',747,0),('yj',748,0),('yna',749,0),('you',750,0),('ywaj',751,0),('za',752,0),('zabaw',753,0),('zacze',754,0),('zaczo',755,0),('zadania',756,0),('zaginionymi',757,0),('zale',758,0),('zamian',759,0),('zamieszane',760,0),('zamkn',761,0),('zamkni',762,0),('zanie',763,0),('zaprowadzi',764,0),('zaraz',765,0),('zaskoczeni',766,0),('zawieraj',767,0),('zawsze',768,0),('zbierze',769,0),('zbli',770,0),('zbudowa',771,0),('zdj',772,0),('zdoby',773,0),('zdrady',774,0),('zezbyt',775,0),('zgodzi',776,0),('zgub',777,0),('ziemi',778,0),('ziemia',779,0),('ziennej',780,0),('zmieni',781,0),('zn',782,0),('zna',783,0),('znajd',784,0),('znajdowa',785,0),('znaleziony',786,0),('znamy',787,0),('znaniu',788,0),('zniszczenia',789,0),('zniszczy',790,0),('zosta',791,0),('zostali',792,0),('zrobi',793,0),('zw',794,0),('zwanych',795,0),('niez',796,0),('szynszyla',797,0),('zdech',798,0),('przygotowa',799,0),('thunder',800,0),('pozwalaj',801,0),('rodzice',802,0),('charmandera',803,0),('lubilem',804,0),('tam',805,0),('hehe',806,0),('witaj',807,0),('zatem',808,0),('cuda',809,0),('juz',810,0),('kupi',811,0),('nied',812,0),('rozpaczaj',813,0),('ugo',814,0),('chcia',815,0),('tyle',816,0),('umaczy',817,0),('naturo',823,0),('king',822,0),('dragonball',821,0),('proponuje',824,0),('shaman',825,0),('cam',826,0),('dopiero',827,0),('rozkr',828,0),('narysowa',829,0),('nikomu',830,0),('dodam',831,0),('powitany',832,0),('chyba',833,0),('dodane',834,0),('moderatorem',835,0),('starasz',836,0),('chocia',837,0),('cry',838,0),('ona',839,0),('zabawe',840,0),('portal',904,0),('portalu',905,0),('potalu',906,0),('strony',907,0),('zicku',859,0),('zick',858,0),('zwanym',857,0),('szamanie',856,0),('rozmawiamy',855,0),('yoh',852,0),('on',854,0),('pisane',903,0),('now',902,0),('newsy',901,0),('nasz',900,0),('link',899,0),('kategorje',898,0),('admin',897,0),('bda',873,0),('bdaman',874,0),('cych',875,0),('jaki',876,0),('knights',877,0),('man',878,0),('moge',879,0),('nazwy',880,0),('ostasteczno',881,0),('wiedz',882,0),('bull',883,0),('egzekwo',884,0),('enrju',885,0),('posta',886,0),('instrukcje',887,0),('itp',888,0),('mana',889,0),('napisa',890,0),('swojego',891,0),('tuning',892,0),('ulepszyli',893,0),('powitanie',894,0),('mew',895,0),('skalgramona',896,0),('ustwai',908,0),('wersje',909,0),('nawidzie',910,0),('sport',911,0),('beyblade',912,0),('lny',913,0),('temat',914,0),('dragon',915,0),('ulubion',916,0),('bede',917,0),('beyblada',918,0),('jakiego',919,0),('wymienia',920,0),('bitbeast',921,0),('dragona',922,0),('tnia',938,0),('terowa',937,0),('podoba',936,0),('komp',935,0),('tarcze',934,0),('tachania',933,0),('blade',932,0),('bey',931,0),('utnia',939,0),('walka',940,0),('adnych',941,0),('czemu',942,0),('grup',943,0),('grupy',944,0),('pytanie',945,0),('li',963,0),('uwazam',962,0),('sa',961,0),('raczej',960,0),('niepotrzebne',959,0),('jesli',958,0),('jakas',957,0),('dodac',956,0),('chcesz',955,0),('pomys',964,0),('chodzi',965,0),('emy',966,0),('lon',967,0),('moim',968,0),('prowadzi',969,0),('przygode',970,0),('przygody',971,0),('sonica',972,0),('taki',973,0),('wiata',974,0),('zapisujemy',975,0),('zapisy',976,0),('chciec',978,0),('pomysl',979,0),('wiecej',980,0),('bende',981,0),('bowanie',982,0),('dobry',983,0),('oko',984,0),('przygoda',985,0),('robimy',986,0),('spr',987,0),('os',988,0),('tne',989,0),('yby',990,0),('znam',991,0),('narazie',992,0),('wtedy',993,0),('zrobimy',994,0),('klay',995,0),('mojego',996,0),('napewno',997,0),('ecie',998,0),('grupe',999,0),('anglii',1000,0),('europie',1001,0),('marca',1002,0),('owie',1003,0),('polsce',1004,0),('powinni',1005,0),('ps2',1006,0),('sobie',1007,0),('sprowadze',1008,0),('wyda',1009,0),('wersja',1010,0),('15',1011,0),('ad',1012,0),('alter',1013,0),('amanie',1014,0),('animowane',1015,0),('apek',1016,0),('apki',1017,0),('arts',1018,0),('atrakcje',1019,0),('atwo',1020,0),('autor',1021,0),('autorzy',1022,0),('biegacze',1023,0),('biegi',1024,0),('biegu',1025,0),('bohaterowie',1026,0),('bowiem',1027,0),('brakuje',1028,0),('brzegiem',1029,0),('budynk',1030,0),('cego',1031,0),('cennych',1032,0),('charakterystycznych',1033,0),('chorych',1034,0),('ciekawie',1035,0),('czasem',1036,0),('cznie',1037,0),('dechy',1038,0),('dko',1039,0),('dobiegaj',1040,0),('domy',1041,0),('dopalacze',1042,0),('dorzuci',1043,0),('dwoma',1044,0),('dyspozycji',1045,0),('dz',1046,0),('dzieje',1047,0),('efekcie',1048,0),('electronic',1049,0),('ergo',1050,0),('etap',1051,0),('etapie',1052,0),('fani',1053,0),('gracz',1054,0),('gracze',1055,0),('graficzna',1056,0),('innym',1057,0),('jakiej',1058,0),('karku',1059,0),('kilku',1060,0),('kitami',1061,0),('klimacie',1062,0),('kolejne',1063,0),('korzystaj',1064,0),('kr',1065,0),('krzesz',1066,0),('lepiej',1067,0),('liczk',1068,0),('liczne',1069,0),('lisa',1070,0),('liwo',1071,0),('ludki',1072,0),('masz',1073,0),('mkn',1074,0),('mroczne',1075,0),('najwa',1076,0),('nara',1077,0),('neon',1078,0),('niebezpiecze',1079,0),('nieco',1080,0),('niejako',1081,0),('niejsze',1082,0),('niesamowite',1083,0),('oceanu',1084,0),('odbijaczy',1085,0),('odpowiedniej',1086,0),('odskoczni',1087,0),('ograniczniki',1088,0),('okazji',1089,0),('olbrzymich',1090,0),('ony',1091,0),('oprawa',1092,0),('oraz',1093,0),('oryginale',1094,0),('ostrych',1095,0),('otoczeniu',1096,0),('otrzyma',1097,0),('palemek',1098,0),('paru',1099,0),('perfidnym',1100,0),('pewno',1101,0),('planszach',1102,0),('platformy',1103,0),('podobne',1104,0),('podziwianie',1105,0),('polecie',1106,0),('pon',1107,0),('postacie',1108,0),('postarali',1109,0),('poukrywane',1110,0),('program',1111,0),('prostszy',1112,0),('prostu',1113,0),('przeciwnik',1114,0),('przodu',1115,0),('przygotowanych',1116,0),('przyk',1117,0),('przyzwyczajeni',1118,0),('pu',1119,0),('racj',1120,0),('ramp',1121,0),('rampy',1122,0),('reagowanie',1123,0),('robi',1124,0),('roi',1125,0),('rych',1126,0),('ryja',1127,0),('rywali',1128,0),('rzece',1129,0),('sekund',1130,0),('serii',1131,0),('skr',1132,0),('sonika',1133,0),('spa',1134,0),('spiral',1135,0),('spos',1136,0),('sprytnie',1137,0),('spychania',1138,0),('ssx',1139,0),('starannie',1140,0),('stoj',1141,0),('stok',1142,0),('stronie',1143,0),('struga',1144,0),('stwo',1145,0),('surfowanie',1146,0),('sze',1147,0),('szybciej',1148,0),('tajemniczych',1149,0),('tempo',1150,0),('tn',1151,0),('torach',1152,0),('toru',1153,0),('tory',1154,0),('trafiaj',1155,0),('tricki',1156,0),('trudna',1157,0),('ugich',1158,0),('utrat',1159,0),('utrzymana',1160,0),('wiate',1161,0),('wietnie',1162,0),('wskakuj',1163,0),('wspomniane',1164,0),('wykonywania',1165,0),('wyrzucaj',1166,0),('wzburzonej',1167,0),('wzgl',1168,0),('ynie',1169,0),('z',1170,0),('zabraknie',1171,0),('zakaszaniaj',1172,0),('zakr',1173,0),('zaskakuj',1174,0),('zasuwaj',1175,0),('zawodnik',1176,0),('zeskok',1177,0),('zmierz',1178,0),('znaczne',1179,0),('znaj',1180,0),('znalaz',1181,0),('znanych',1182,0),('odpowiedni',1183,0),('zrobie',1184,0),('nowe',1185,0),('opis',1186,0),('pojawiaj',1187,0),('deske',1188,0),('polubi',1189,0),('ka',1190,0),('lnie',1191,0),('pi',1192,0),('szczeg',1193,0),('twisted',1194,0),('jasne',1195,0),('doczeka',1196,0),('zobacze',1197,0),('powiedz',1198,0),('tw',1199,0),('wykorzystamy',1200,0),('ankami',1201,0),('kole',1202,0),('kompielowych',1203,0),('no',1204,0),('owych',1205,0),('pla',1206,0),('siatk',1207,0),('strojach',1208,0),('tez',1209,0),('wka',1210,0),('wogle',1211,0),('zespo',1212,0),('bedzie',1213,0),('doda',1214,0),('moderowa',1215,0),('przygodach',1216,0),('podobnych',1217,0),('wnie',1218,0),('zacytuj',1219,0),('hagall',1220,0),('niedobrze',1221,0),('przestan',1222,0),('wez',1223,0),('nog',1224,0),('wiem',1225,0),('pogram',1226,0),('mew2',1227,0),('adnego',1228,0),('heh',1229,0),('mie',1230,0),('fora',1231,0),('www',1232,0),('hej',1233,0),('wszystkim',1234,0),('amy',1235,0),('cream',1236,0),('jet',1237,0),('knuckles',1238,0),('najfajniejsza',1239,0),('postaci',1240,0),('robo',1241,0),('storm',1242,0),('tails',1243,0),('wave',1244,0),('zdaniem',1245,0),('angielska',1246,0),('brzmi',1247,0),('nazwa',1248,0),('rukario',1249,0),('bijemy',1250,0),('chwili',1251,0),('oczywi',1252,0),('rekordy',1253,0),('thunderem',1254,0),('chomika',1255,0),('dwa',1256,0),('psy',1257,0),('simsy',1258,0),('alocha',1259,0),('blaze',1260,0),('drugiego',1261,0),('dziwne',1262,0),('ekraniku',1263,0),('enie',1264,0),('myl',1265,0),('pierwszy',1266,0),('przeskakuj',1267,0),('przyzwyczai',1268,0),('raz',1269,0),('spoko',1270,0),('wra',1271,0),('odcinek',1272,0),('podobaj',1273,0),('screenach',1274,0),('screeny',1275,0),('underground',1276,0),('atwi',1277,0),('musze',1278,0),('daj',1279,0),('paranormalnie',1280,0),('odcinki',1281,0),('moj',1282,0),('wprowadzi',1283,0),('cheese',1300,0),('cosmo',1301,0),('druga',1307,0),('eby',1308,0),('foxy',1313,0),('lub',1340,0),('ne',1353,0),('talis',1408,0),('team',1409,0),('patamon',1792,0),('skullgreymona',1791,0),('seri',1790,0),('najbardzie',1789,0),('malomyotismona',1788,0),('kabuterimona',1787,0),('hmmm',1786,0),('hercules',1785,0),('digiki',1784,0),('dwie',1444,0),('odpowiadaj',1445,0),('odpowiadam',1446,0),('potrzeba',1447,0),('prowadz',1448,0),('prowadze',1449,0),('upominanie',1450,0),('wersji',1451,0),('wpisywanie',1452,0),('wyedytowanych',1453,0),('wypadku',1454,0),('zapisany',1455,0),('zapisywania',1456,0),('mario',1457,0),('60',1458,0),('300',1459,0),('admini',1460,0),('dawani',1461,0),('moderatorzy',1462,0),('moderatorzytu',1463,0),('moderuj',1464,0),('niaj',1465,0),('niegrzecznitu',1466,0),('nienitu',1467,0),('nowitam',1468,0),('osobnym',1469,0),('ponad',1470,0),('poskarrz',1471,0),('post',1472,0),('postami',1473,0),('przestrzegaj',1474,0),('regulaminu',1475,0),('stalici',1476,0),('upomn',1477,0),('urzytkownicy',1478,0),('wyr',1479,0),('ytkownicy',1480,0),('zalogowali',1481,0),('zdolnici',1482,0),('kaia',1483,0),('koledzy',1484,0),('moi',1485,0),('tysona',1486,0),('wole',1487,0),('dziwny',1488,0),('two',1489,0),('upi',1490,0),('gne',1491,0),('osoba',1492,0),('rany',1493,0),('5',1494,0),('klatke',1495,0),('minut',1496,0),('pisz',1497,0),('pobi',1498,0),('rekord',1499,0),('wyczy',1500,0),('de',1501,0),('jedynka',1502,0),('lepsza',1503,0),('hamscy',1504,0),('kitu',1505,0),('klintonem',1506,0),('poprosu',1507,0),('ciu',1508,0),('go',1509,0),('klocki',1510,0),('lego',1511,0),('bdamana',1512,0),('walke',1514,0),('bdamanach',1515,0),('sporo',1516,0),('ten',1517,0),('sonicu',1518,0),('tikal',1519,0),('knucklesie',1520,0),('talisie',1521,0),('gadamy',1522,0),('vectorze',1523,0),('chris',1524,0),('chrisie',1525,0),('odr',1526,0),('powinny',1527,0),('ytkownik',1528,0),('am',1529,0),('soniciem',1530,0),('tematu',1531,0),('wej',1532,0),('zje',1533,0),('chomik',1534,0),('lol',1535,0),('ostatnio',1536,0),('rekordzie',1537,0),('tarzan',1538,0),('zachowuje',1539,0),('zaponia',1540,0),('adaj',1541,0),('jazdy',1542,0),('okulary',1543,0),('upote',1544,0),('zak',1545,0),('zauwa',1546,0),('ndsa',1547,0),('pogra',1548,0),('mroczny',1549,0),('100',1550,0),('poprawka',1551,0),('ajk',1552,0),('storma',1553,0),('chcieli',1554,0),('ozdobi',1555,0),('szkoda',1556,0),('sportowy',1557,0),('widzia',1558,0),('495',1559,0),('nieeeee',1560,0),('sko',1561,0),('zamiar',1562,0),('globalni',1563,0),('grupa',1564,0),('jedn',1565,0),('moderatorowania',1566,0),('uprawnienia',1567,0),('dawno',1568,0),('hero',1569,0),('last',1570,0),('meusha',1571,0),('zbacza',1572,0),('tkiem',1573,0),('zwie',1574,0),('bakuso',1575,0),('beaker',1576,0),('cawalery',1577,0),('celownik',1578,0),('czena',1579,0),('general',1580,0),('helio',1581,0),('knight',1582,0),('kobaltowa',1583,0),('kobaltowego',1584,0),('lanca',1585,0),('magazynek',1586,0),('one',1587,0),('ostrza',1588,0),('poprostu',1589,0),('proto',1590,0),('ramiona',1591,0),('rekuso',1592,0),('skrzyd',1593,0),('tarcza',1594,0),('twarz',1595,0),('zamiast',1596,0),('kuj',1598,0),('blastojs',1599,0),('dukrio',1600,0),('serio',1601,0),('duktrio',1602,0),('poparcie',1603,0),('czterech',1783,0),('zapisa',1782,0),('zapis',1781,0),('wrogowie',1780,0),('tki',1779,0),('rzeczy',1778,0),('rzeby',1777,0),('rodzic',1776,0),('przyjaciele',1775,0),('poda',1774,0),('nick',1773,0),('inne',1772,0),('imiona',1771,0),('dodatkowe',1770,0),('chcecie',1769,0);

--
-- Table structure for table `super2_search_wordmatch`
--

CREATE TABLE `super2_search_wordmatch` (
  `post_id` mediumint(8) unsigned NOT NULL DEFAULT '0',
  `word_id` mediumint(8) unsigned NOT NULL DEFAULT '0',
  `title_match` tinyint(1) NOT NULL DEFAULT '0',
  KEY `post_id` (`post_id`),
  KEY `word_id` (`word_id`)
) ENGINE=MyISAM DEFAULT CHARSET=latin1;

--
-- Dumping data for table `super2_search_wordmatch`
--

INSERT INTO `super2_search_wordmatch` VALUES (11,1,0),(11,2,0),(11,3,0),(11,4,0),(11,5,0),(11,6,0),(11,7,0),(11,8,0),(11,9,0),(11,10,0),(11,11,0),(11,12,0),(11,13,0),(11,14,0),(11,15,0),(11,17,0),(11,18,0),(11,19,0),(11,20,0),(11,21,0),(11,22,0),(11,23,0),(11,24,0),(11,25,0),(11,26,0),(11,28,0),(11,29,0),(11,30,0),(11,31,0),(11,32,0),(11,33,0),(11,34,0),(11,35,0),(11,36,0),(11,37,0),(11,39,0),(11,40,0),(11,41,0),(11,16,1),(11,27,1),(11,38,1),(12,2,0),(12,19,0),(12,27,0),(12,29,0),(12,42,0),(12,43,0),(12,44,0),(12,45,0),(12,46,0),(12,47,0),(13,29,0),(13,48,0),(13,49,0),(13,50,0),(13,51,0),(13,52,0),(13,53,0),(13,54,0),(13,55,0),(13,56,0),(13,57,0),(13,58,0),(13,59,0),(13,60,0),(13,54,1),(14,61,0),(14,62,0),(14,63,0),(14,64,0),(14,50,0),(14,65,0),(14,66,0),(14,67,0),(14,50,1),(14,67,1),(15,48,0),(15,68,0),(15,69,0),(15,70,0),(15,71,0),(15,72,0),(15,73,0),(15,74,0),(15,75,0),(15,76,0),(15,77,0),(15,78,0),(15,79,0),(15,81,0),(15,73,1),(15,80,1),(15,82,1),(16,84,0),(16,85,0),(16,86,0),(16,83,1),(16,38,1),(16,87,1),(17,88,0),(17,89,0),(17,90,0),(17,18,0),(17,91,0),(17,84,0),(17,85,0),(17,93,0),(17,94,0),(17,43,1),(17,19,1),(17,92,1),(17,93,1),(17,38,1),(18,1,0),(18,55,0),(18,73,0),(18,81,0),(18,95,0),(18,96,0),(18,97,0),(18,98,0),(18,99,0),(18,100,0),(18,102,0),(18,104,0),(18,105,0),(18,106,0),(18,101,1),(18,103,1),(19,2,0),(19,13,0),(19,29,0),(19,55,0),(19,96,0),(19,107,0),(19,108,0),(19,109,0),(19,111,0),(19,112,0),(19,113,0),(19,114,0),(19,115,0),(19,116,0),(19,118,0),(19,120,0),(19,110,1),(19,117,1),(19,119,1),(20,13,0),(20,55,0),(20,69,0),(20,70,0),(20,73,0),(20,96,0),(20,99,0),(20,100,0),(20,108,0),(20,112,0),(20,121,0),(20,122,0),(20,124,0),(20,125,0),(20,123,1),(20,103,1),(21,126,0),(21,127,0),(21,128,0),(21,129,0),(21,130,0),(21,131,0),(21,132,0),(21,133,0),(21,134,0),(22,107,0),(22,109,0),(22,135,0),(22,120,0),(23,136,0),(23,137,0),(23,138,0),(23,139,0),(23,140,0),(23,128,0),(23,98,0),(23,21,0),(23,141,0),(23,142,0),(23,143,0),(23,45,0),(23,145,0),(23,146,0),(23,144,1),(23,146,1),(24,149,0),(24,150,0),(24,147,1),(24,148,1),(25,126,0),(25,15,0),(25,151,0),(25,152,0),(25,153,0),(25,154,0),(25,156,0),(25,105,0),(25,157,0),(25,155,1),(26,70,0),(26,158,0),(26,72,0),(26,73,0),(26,159,0),(26,160,0),(26,161,0),(26,162,0),(26,163,0),(26,164,0),(26,165,0),(26,166,0),(26,167,0),(27,168,0),(27,138,0),(27,96,0),(27,100,0),(27,66,0),(27,170,0),(27,55,0),(27,171,0),(27,172,0),(27,105,0),(27,173,0),(27,169,1),(27,170,1),(28,174,0),(28,175,0),(28,140,0),(28,176,0),(28,29,0),(28,177,0),(28,178,0),(28,179,0),(29,180,0),(29,29,0),(29,181,0),(29,182,0),(29,183,0),(30,185,0),(30,186,0),(30,187,0),(30,154,0),(30,188,0),(30,184,1),(31,1,0),(31,2,0),(31,3,0),(31,6,0),(31,13,0),(31,15,0),(31,17,0),(31,19,0),(31,20,0),(31,21,0),(31,29,0),(31,35,0),(31,39,0),(31,40,0),(31,49,0),(31,55,0),(31,60,0),(31,62,0),(31,63,0),(31,69,0),(31,70,0),(31,71,0),(31,76,0),(31,81,0),(31,90,0),(31,95,0),(31,97,0),(31,99,0),(31,100,0),(31,103,0),(31,104,0),(31,105,0),(31,107,0),(31,108,0),(31,110,0),(31,111,0),(31,112,0),(31,113,0),(31,117,0),(31,119,0),(31,120,0),(31,124,0),(31,126,0),(31,128,0),(31,132,0),(31,133,0),(31,138,0),(31,140,0),(31,143,0),(31,144,0),(31,151,0),(31,152,0),(31,154,0),(31,158,0),(31,160,0),(31,161,0),(31,166,0),(31,167,0),(31,168,0),(31,171,0),(31,177,0),(31,178,0),(31,185,0),(31,186,0),(31,189,0),(31,190,0),(31,191,0),(31,192,0),(31,193,0),(31,194,0),(31,195,0),(31,196,0),(31,197,0),(31,198,0),(31,199,0),(31,200,0),(31,201,0),(31,202,0),(31,203,0),(31,204,0),(31,205,0),(31,206,0),(31,207,0),(31,208,0),(31,209,0),(31,210,0),(31,211,0),(31,212,0),(31,213,0),(31,214,0),(31,215,0),(31,216,0),(31,217,0),(31,218,0),(31,219,0),(31,220,0),(31,221,0),(31,222,0),(31,223,0),(31,224,0),(31,225,0),(31,226,0),(31,227,0),(31,228,0),(31,229,0),(31,230,0),(31,231,0),(31,232,0),(31,233,0),(31,234,0),(31,235,0),(31,236,0),(31,237,0),(31,238,0),(31,239,0),(31,240,0),(31,241,0),(31,242,0),(31,243,0),(31,244,0),(31,245,0),(31,246,0),(31,247,0),(31,248,0),(31,249,0),(31,250,0),(31,251,0),(31,252,0),(31,253,0),(31,254,0),(31,255,0),(31,256,0),(31,257,0),(31,258,0),(31,259,0),(31,260,0),(31,261,0),(31,262,0),(31,263,0),(31,264,0),(31,265,0),(31,266,0),(31,267,0),(31,268,0),(31,269,0),(31,270,0),(31,271,0),(31,272,0),(31,273,0),(31,274,0),(31,275,0),(31,276,0),(31,277,0),(31,278,0),(31,279,0),(31,280,0),(31,281,0),(31,282,0),(31,283,0),(31,284,0),(31,285,0),(31,286,0),(31,287,0),(31,288,0),(31,289,0),(31,290,0),(31,291,0),(31,292,0),(31,293,0),(31,294,0),(31,295,0),(31,296,0),(31,297,0),(31,298,0),(31,299,0),(31,300,0),(31,301,0),(31,302,0),(31,303,0),(31,304,0),(31,305,0),(31,306,0),(31,307,0),(31,308,0),(31,309,0),(31,310,0),(31,311,0),(31,312,0),(31,313,0),(31,314,0),(31,315,0),(31,316,0),(31,317,0),(31,318,0),(31,319,0),(31,320,0),(31,321,0),(31,322,0),(31,323,0),(31,324,0),(31,325,0),(31,326,0),(31,327,0),(31,328,0),(31,329,0),(31,330,0),(31,331,0),(31,332,0),(31,333,0),(31,334,0),(31,335,0),(31,336,0),(31,337,0),(31,338,0),(31,339,0),(31,340,0),(31,341,0),(31,342,0),(31,343,0),(31,344,0),(31,345,0),(31,346,0),(31,347,0),(31,348,0),(31,349,0),(31,350,0),(31,351,0),(31,352,0),(31,353,0),(31,354,0),(31,355,0),(31,356,0),(31,357,0),(31,358,0),(31,359,0),(31,360,0),(31,361,0),(31,362,0),(31,363,0),(31,364,0),(31,365,0),(31,366,0),(31,367,0),(31,368,0),(31,369,0),(31,370,0),(31,371,0),(31,372,0),(31,373,0),(31,374,0),(31,375,0),(31,376,0),(31,377,0),(31,378,0),(31,379,0),(31,380,0),(31,381,0),(31,382,0),(31,383,0),(31,384,0),(31,385,0),(31,386,0),(31,387,0),(31,388,0),(31,389,0),(31,390,0),(31,391,0),(31,392,0),(31,393,0),(31,394,0),(31,395,0),(31,396,0),(31,397,0),(31,398,0),(31,399,0),(31,400,0),(31,401,0),(31,402,0),(31,403,0),(31,404,0),(31,405,0),(31,406,0),(31,407,0),(31,408,0),(31,409,0),(31,410,0),(31,411,0),(31,412,0),(31,413,0),(31,414,0),(31,415,0),(31,416,0),(31,417,0),(31,418,0),(31,419,0),(31,420,0),(31,421,0),(31,422,0),(31,423,0),(31,424,0),(31,425,0),(31,426,0),(31,427,0),(31,428,0),(31,429,0),(31,430,0),(31,431,0),(31,432,0),(31,433,0),(31,434,0),(31,435,0),(31,436,0),(31,437,0),(31,438,0),(31,439,0),(31,440,0),(31,441,0),(31,442,0),(31,443,0),(31,444,0),(31,445,0),(31,446,0),(31,447,0),(31,448,0),(31,449,0),(31,450,0),(31,451,0),(31,452,0),(31,453,0),(31,454,0),(31,455,0),(31,456,0),(31,457,0),(31,458,0),(31,459,0),(31,460,0),(31,461,0),(31,462,0),(31,463,0),(31,464,0),(31,465,0),(31,466,0),(31,467,0),(31,468,0),(31,469,0),(31,470,0),(31,471,0),(31,472,0),(31,473,0),(31,474,0),(31,475,0),(31,476,0),(31,477,0),(31,478,0),(31,479,0),(31,480,0),(31,481,0),(31,482,0),(31,483,0),(31,484,0),(31,485,0),(31,486,0),(31,487,0),(31,488,0),(31,489,0),(31,490,0),(31,491,0),(31,492,0),(31,493,0),(31,494,0),(31,495,0),(31,496,0),(31,497,0),(31,498,0),(31,499,0),(31,500,0),(31,501,0),(31,502,0),(31,503,0),(31,504,0),(31,505,0),(31,506,0),(31,507,0),(31,508,0),(31,509,0),(31,510,0),(31,511,0),(31,512,0),(31,513,0),(31,514,0),(31,515,0),(31,516,0),(31,517,0),(31,518,0),(31,519,0),(31,520,0),(31,521,0),(31,522,0),(31,523,0),(31,524,0),(31,525,0),(31,526,0),(31,527,0),(31,528,0),(31,529,0),(31,530,0),(31,531,0),(31,532,0),(31,533,0),(31,534,0),(31,535,0),(31,536,0),(31,537,0),(31,538,0),(31,539,0),(31,540,0),(31,541,0),(31,542,0),(31,543,0),(31,544,0),(31,545,0),(31,546,0),(31,547,0),(31,548,0),(31,549,0),(31,550,0),(31,551,0),(31,552,0),(31,553,0),(31,554,0),(31,555,0),(31,556,0),(31,557,0),(31,558,0),(31,559,0),(31,560,0),(31,561,0),(31,562,0),(31,563,0),(31,564,0),(31,565,0),(31,566,0),(31,567,0),(31,568,0),(31,569,0),(31,570,0),(31,571,0),(31,572,0),(31,573,0),(31,574,0),(31,575,0),(31,576,0),(31,577,0),(31,578,0),(31,579,0),(31,580,0),(31,581,0),(31,582,0),(31,583,0),(31,584,0),(31,585,0),(31,586,0),(31,587,0),(31,588,0),(31,589,0),(31,590,0),(31,591,0),(31,592,0),(31,593,0),(31,594,0),(31,595,0),(31,596,0),(31,597,0),(31,598,0),(31,599,0),(31,600,0),(31,601,0),(31,602,0),(31,603,0),(31,604,0),(31,605,0),(31,606,0),(31,607,0),(31,608,0),(31,609,0),(31,610,0),(31,611,0),(31,612,0),(31,613,0),(31,614,0),(31,615,0),(31,616,0),(31,617,0),(31,618,0),(31,619,0),(31,620,0),(31,621,0),(31,622,0),(31,623,0),(31,624,0),(31,625,0),(31,626,0),(31,627,0),(31,628,0),(31,629,0),(31,630,0),(31,631,0),(31,632,0),(31,633,0),(31,634,0),(31,635,0),(31,636,0),(31,637,0),(31,638,0),(31,639,0),(31,640,0),(31,641,0),(31,642,0),(31,643,0),(31,644,0),(31,645,0),(31,646,0),(31,647,0),(31,648,0),(31,649,0),(31,650,0),(31,651,0),(31,652,0),(31,653,0),(31,654,0),(31,655,0),(31,656,0),(31,657,0),(31,658,0),(31,659,0),(31,660,0),(31,661,0),(31,662,0),(31,663,0),(31,664,0),(31,665,0),(31,666,0),(31,667,0),(31,668,0),(31,669,0),(31,670,0),(31,671,0),(31,672,0),(31,673,0),(31,674,0),(31,675,0),(31,676,0),(31,677,0),(31,678,0),(31,679,0),(31,680,0),(31,681,0),(31,682,0),(31,683,0),(31,684,0),(31,685,0),(31,686,0),(31,687,0),(31,688,0),(31,689,0),(31,690,0),(31,691,0),(31,692,0),(31,693,0),(31,694,0),(31,695,0),(31,696,0),(31,697,0),(31,698,0),(31,699,0),(31,700,0),(31,701,0),(31,702,0),(31,703,0),(31,704,0),(31,705,0),(31,706,0),(31,707,0),(31,708,0),(31,709,0),(31,710,0),(31,711,0),(31,712,0),(31,713,0),(31,714,0),(31,715,0),(31,716,0),(31,717,0),(31,718,0),(31,719,0),(31,720,0),(31,721,0),(31,722,0),(31,723,0),(31,724,0),(31,725,0),(31,726,0),(31,727,0),(31,728,0),(31,729,0),(31,730,0),(31,731,0),(31,732,0),(31,733,0),(31,734,0),(31,735,0),(31,736,0),(31,737,0),(31,738,0),(31,739,0),(31,740,0),(31,741,0),(31,742,0),(31,743,0),(31,744,0),(31,745,0),(31,746,0),(31,747,0),(31,748,0),(31,749,0),(31,750,0),(31,751,0),(31,752,0),(31,753,0),(31,754,0),(31,755,0),(31,756,0),(31,757,0),(31,758,0),(31,759,0),(31,760,0),(31,761,0),(31,762,0),(31,763,0),(31,764,0),(31,765,0),(31,766,0),(31,767,0),(31,768,0),(31,769,0),(31,770,0),(31,771,0),(31,772,0),(31,773,0),(31,774,0),(31,775,0),(31,776,0),(31,777,0),(31,778,0),(31,779,0),(31,780,0),(31,781,0),(31,782,0),(31,783,0),(31,784,0),(31,785,0),(31,786,0),(31,787,0),(31,788,0),(31,789,0),(31,790,0),(31,791,0),(31,792,0),(31,793,0),(31,794,0),(31,795,0),(32,74,0),(32,153,0),(32,166,0),(33,127,0),(34,185,0),(34,113,0),(34,796,0),(35,73,0),(35,312,0),(35,76,0),(35,103,0),(35,80,0),(36,2,0),(36,71,0),(36,388,0),(36,797,0),(36,798,0),(37,185,0),(37,799,0),(37,154,0),(37,800,0),(37,704,0),(38,71,0),(38,109,0),(38,343,0),(38,187,0),(38,29,0),(38,699,0),(39,61,0),(39,62,0),(39,138,0),(39,63,0),(39,64,0),(39,50,0),(39,65,0),(39,67,0),(40,278,0),(40,71,0),(40,348,0),(40,799,0),(41,21,0),(41,29,0),(41,801,0),(41,802,0),(42,803,0),(42,804,0),(42,805,0),(42,768,0),(43,186,0),(43,166,0),(44,806,0),(44,807,0),(44,808,0),(45,809,0),(45,810,0),(45,811,0),(45,22,0),(45,29,0),(45,812,0),(45,443,0),(45,813,0),(45,814,0),(46,49,0),(46,815,0),(46,29,0),(46,100,0),(46,154,0),(46,651,0),(46,816,0),(46,817,0),(47,100,0),(47,823,0),(47,822,0),(47,279,0),(47,821,0),(47,824,0),(47,825,0),(47,793,0),(48,826,0),(48,827,0),(48,278,0),(48,348,0),(48,828,0),(48,154,0),(48,71,0),(48,829,0),(48,182,0),(48,652,0),(49,815,0),(49,29,0),(49,830,0),(49,100,0),(49,154,0),(50,831,0),(50,765,0),(51,186,0),(51,344,0),(51,832,0),(52,2,0),(52,168,0),(52,282,0),(53,184,0),(53,800,0),(54,833,0),(54,834,0),(54,835,0),(54,45,0),(54,836,0),(54,800,0),(54,791,0),(55,1,0),(55,168,0),(55,837,0),(55,838,0),(55,282,0),(55,185,0),(55,388,0),(55,395,0),(55,839,0),(55,840,0),(58,903,0),(58,902,0),(58,901,0),(58,900,0),(57,858,1),(57,859,0),(57,855,0),(57,854,0),(56,852,1),(56,857,0),(56,852,0),(56,856,0),(56,855,0),(56,854,0),(58,403,0),(58,25,0),(58,21,0),(58,899,0),(58,898,0),(58,331,0),(58,50,0),(58,138,0),(58,126,0),(58,70,0),(58,168,0),(58,897,0),(59,50,0),(59,169,0),(60,2,0),(60,873,0),(60,210,0),(60,230,0),(60,231,0),(60,875,0),(60,107,0),(60,108,0),(60,43,0),(60,876,0),(60,15,0),(60,877,0),(60,19,0),(60,20,0),(60,878,0),(60,879,0),(60,880,0),(60,100,0),(60,881,0),(60,38,0),(60,87,0),(60,882,0),(60,772,0),(60,874,1),(60,38,1),(61,883,0),(61,884,0),(61,885,0),(61,329,0),(61,15,0),(61,76,0),(61,886,0),(61,80,0),(61,82,0),(61,886,1),(61,80,1),(62,873,0),(62,233,0),(62,63,0),(62,887,0),(62,888,0),(62,13,0),(62,889,0),(62,395,0),(62,890,0),(62,855,0),(62,891,0),(62,656,0),(62,105,0),(62,893,0),(62,892,1),(63,113,0),(64,278,0),(64,348,0),(64,894,0),(65,328,0),(65,895,0),(66,896,0),(58,904,0),(58,905,0),(58,906,0),(58,529,0),(58,67,0),(58,907,0),(58,657,0),(58,908,0),(58,909,0),(67,910,0),(67,29,0),(67,911,0),(67,81,0),(68,2,0),(68,42,0),(68,652,0),(69,912,0),(69,913,0),(69,457,0),(69,914,0),(69,912,1),(70,912,0),(70,915,0),(70,43,0),(70,876,0),(70,15,0),(70,19,0),(70,916,0),(70,87,0),(70,912,1),(70,38,1),(71,917,0),(71,918,0),(71,275,0),(71,919,0),(71,98,0),(71,21,0),(71,29,0),(71,100,0),(71,920,0),(71,912,1),(71,919,1),(71,98,1),(72,921,0),(72,922,0),(72,919,0),(72,91,0),(72,85,0),(72,921,1),(72,38,1),(72,87,1),(74,729,0),(74,697,0),(74,939,0),(74,937,0),(74,652,0),(74,154,0),(74,936,0),(74,85,0),(74,935,0),(74,329,0),(73,892,1),(73,793,0),(73,893,0),(73,934,0),(73,652,0),(73,933,0),(73,891,0),(73,13,0),(73,71,0),(73,233,0),(73,932,0),(73,931,0),(74,938,1),(74,729,1),(75,329,0),(75,15,0),(75,80,0),(75,940,0),(75,82,0),(75,80,1),(75,940,1),(76,941,0),(76,942,0),(76,50,0),(76,943,0),(76,21,0),(76,29,0),(76,945,0),(76,944,1),(79,21,0),(79,963,0),(79,333,0),(79,234,0),(79,955,0),(79,2,0),(78,962,0),(78,961,0),(78,960,0),(78,959,0),(78,879,0),(78,958,0),(78,957,0),(78,956,0),(78,955,0),(78,2,0),(79,964,0),(79,40,0),(79,758,0),(80,168,0),(80,965,0),(80,279,0),(80,282,0),(80,966,0),(80,50,0),(80,11,0),(80,13,0),(80,15,0),(80,152,0),(80,967,0),(80,395,0),(80,968,0),(80,99,0),(80,886,0),(80,529,0),(80,969,0),(80,970,0),(80,971,0),(80,972,0),(80,642,0),(80,652,0),(80,973,0),(80,167,0),(80,974,0),(80,729,0),(80,133,0),(80,975,0),(80,976,0),(80,793,0),(80,971,1),(82,672,0),(82,979,0),(82,399,0),(82,375,0),(82,42,0),(82,978,0),(82,980,0),(83,981,0),(83,982,0),(83,983,0),(83,335,0),(83,186,0),(83,344,0),(83,100,0),(83,984,0),(83,969,0),(83,985,0),(83,986,0),(83,987,0),(83,635,0),(83,105,0),(84,166,0),(85,1,0),(85,70,0),(85,161,0),(85,796,0),(86,168,0),(86,49,0),(86,175,0),(86,833,0),(86,983,0),(86,97,0),(86,128,0),(86,988,0),(86,964,0),(86,132,0),(86,989,0),(86,167,0),(86,990,0),(86,991,0),(87,168,0),(87,216,0),(87,282,0),(87,944,0),(87,15,0),(87,20,0),(87,992,0),(87,812,0),(87,100,0),(87,988,0),(87,814,0),(87,39,0),(87,993,0),(87,994,0),(88,50,0),(88,995,0),(88,996,0),(88,997,0),(89,998,0),(89,999,0),(89,128,0),(89,21,0),(89,395,0),(89,964,0),(89,580,0),(89,659,0),(89,793,0),(90,1000,0),(90,1001,0),(90,1002,0),(90,997,0),(90,438,0),(90,1003,0),(90,506,0),(90,1004,0),(90,1005,0),(90,1006,0),(90,1007,0),(90,1008,0),(90,81,0),(90,1009,0),(91,15,0),(91,21,0),(91,406,0),(91,1010,0),(92,1,0),(92,2,0),(92,7,0),(92,9,0),(92,13,0),(92,15,0),(92,20,0),(92,29,0),(92,32,0),(92,39,0),(92,49,0),(92,63,0),(92,71,0),(92,73,0),(92,81,0),(92,85,0),(92,99,0),(92,100,0),(92,103,0),(92,105,0),(92,107,0),(92,111,0),(92,120,0),(92,123,0),(92,125,0),(92,128,0),(92,132,0),(92,138,0),(92,140,0),(92,154,0),(92,160,0),(92,168,0),(92,185,0),(92,230,0),(92,244,0),(92,249,0),(92,275,0),(92,282,0),(92,310,0),(92,317,0),(92,333,0),(92,336,0),(92,342,0),(92,380,0),(92,395,0),(92,403,0),(92,404,0),(92,427,0),(92,429,0),(92,444,0),(92,465,0),(92,478,0),(92,490,0),(92,492,0),(92,494,0),(92,528,0),(92,539,0),(92,557,0),(92,569,0),(92,608,0),(92,618,0),(92,651,0),(92,652,0),(92,656,0),(92,670,0),(92,671,0),(92,672,0),(92,710,0),(92,724,0),(92,726,0),(92,727,0),(92,729,0),(92,805,0),(92,875,0),(92,963,0),(92,964,0),(92,974,0),(92,1011,0),(92,1012,0),(92,1013,0),(92,1014,0),(92,1015,0),(92,1016,0),(92,1017,0),(92,1018,0),(92,1019,0),(92,1020,0),(92,1021,0),(92,1022,0),(92,1023,0),(92,1024,0),(92,1025,0),(92,1026,0),(92,1027,0),(92,1028,0),(92,1029,0),(92,1030,0),(92,1031,0),(92,1032,0),(92,1033,0),(92,1034,0),(92,1035,0),(92,1036,0),(92,1037,0),(92,1038,0),(92,1039,0),(92,1040,0),(92,1041,0),(92,1042,0),(92,1043,0),(92,1044,0),(92,1045,0),(92,1046,0),(92,1047,0),(92,1048,0),(92,1049,0),(92,1050,0),(92,1051,0),(92,1052,0),(92,1053,0),(92,1054,0),(92,1055,0),(92,1056,0),(92,1057,0),(92,1058,0),(92,1059,0),(92,1060,0),(92,1061,0),(92,1062,0),(92,1063,0),(92,1064,0),(92,1065,0),(92,1066,0),(92,1067,0),(92,1068,0),(92,1069,0),(92,1070,0),(92,1071,0),(92,1072,0),(92,1073,0),(92,1074,0),(92,1075,0),(92,1076,0),(92,1077,0),(92,1078,0),(92,1079,0),(92,1080,0),(92,1081,0),(92,1082,0),(92,1083,0),(92,1084,0),(92,1085,0),(92,1086,0),(92,1087,0),(92,1088,0),(92,1089,0),(92,1090,0),(92,1091,0),(92,1092,0),(92,1093,0),(92,1094,0),(92,1095,0),(92,1096,0),(92,1097,0),(92,1098,0),(92,1099,0),(92,1100,0),(92,1101,0),(92,1102,0),(92,1103,0),(92,1104,0),(92,1105,0),(92,1106,0),(92,1107,0),(92,1108,0),(92,1109,0),(92,1110,0),(92,1111,0),(92,1112,0),(92,1113,0),(92,1114,0),(92,1115,0),(92,1116,0),(92,1117,0),(92,1118,0),(92,1119,0),(92,1120,0),(92,1121,0),(92,1122,0),(92,1123,0),(92,1124,0),(92,1125,0),(92,1126,0),(92,1127,0),(92,1128,0),(92,1129,0),(92,1130,0),(92,1131,0),(92,1132,0),(92,1133,0),(92,1134,0),(92,1135,0),(92,1136,0),(92,1137,0),(92,1138,0),(92,1139,0),(92,1140,0),(92,1141,0),(92,1142,0),(92,1143,0),(92,1144,0),(92,1145,0),(92,1146,0),(92,1147,0),(92,1148,0),(92,1149,0),(92,1150,0),(92,1151,0),(92,1152,0),(92,1153,0),(92,1154,0),(92,1155,0),(92,1156,0),(92,1157,0),(92,1158,0),(92,1159,0),(92,1160,0),(92,1161,0),(92,1162,0),(92,1163,0),(92,1164,0),(92,1165,0),(92,1166,0),(92,1167,0),(92,1168,0),(92,1169,0),(92,1170,0),(92,1171,0),(92,1172,0),(92,1173,0),(92,1174,0),(92,1175,0),(92,1176,0),(92,1177,0),(92,1178,0),(92,1179,0),(92,1180,0),(92,1181,0),(92,1182,0),(93,279,0),(93,99,0),(93,1183,0),(93,506,0),(93,1184,0),(94,42,0),(94,1185,0),(94,1186,0),(94,1187,0),(94,1108,0),(94,154,0),(95,2,0),(95,1188,0),(95,71,0),(95,806,0),(95,349,0),(95,811,0),(95,153,0),(95,29,0),(95,1189,0),(95,166,0),(96,174,0),(96,249,0),(96,301,0),(96,19,0),(96,969,0),(97,328,0),(97,1190,0),(97,1191,0),(97,84,0),(97,29,0),(97,1192,0),(97,1193,0),(97,1194,0),(97,40,0),(98,1195,0),(99,1196,0),(99,333,0),(99,879,0),(99,29,0),(99,154,0),(99,166,0),(99,1197,0),(100,185,0),(100,43,0),(100,395,0),(100,964,0),(100,1198,0),(100,1199,0),(100,1200,0),(101,1201,0),(101,833,0),(101,348,0),(101,1202,0),(101,1203,0),(101,84,0),(101,425,0),(101,29,0),(101,1204,0),(101,1205,0),(101,1192,0),(101,1206,0),(101,1207,0),(101,911,0),(101,1208,0),(101,1209,0),(101,81,0),(101,1210,0),(101,1211,0),(101,40,0),(101,1212,0),(98,1213,0),(98,1214,0),(98,71,0),(98,50,0),(98,1215,0),(98,1216,0),(98,800,0),(102,2,0),(102,6,0),(102,317,0),(102,151,0),(102,97,0),(102,21,0),(102,992,0),(102,29,0),(102,30,0),(102,1217,0),(102,580,0),(102,39,0),(102,1218,0),(102,1219,0),(103,1220,0),(103,1221,0),(103,1222,0),(103,1124,0),(103,45,0),(103,1223,0),(104,13,0),(104,153,0),(104,395,0),(104,403,0),(104,29,0),(104,1224,0),(104,805,0),(104,1225,0),(105,175,0),(105,109,0),(105,1226,0),(105,1209,0),(105,177,0),(106,138,0),(106,328,0),(106,1227,0),(107,1228,0),(107,168,0),(107,815,0),(107,230,0),(107,138,0),(107,185,0),(107,1229,0),(107,1230,0),(107,395,0),(107,992,0),(107,29,0),(107,100,0),(107,573,0),(107,145,0),(107,146,0),(108,74,0),(108,150,0),(109,1231,0),(109,50,0),(109,169,0),(109,1232,0),(110,1233,0),(110,15,0),(110,117,0),(110,124,0),(110,1234,0),(111,1235,0),(111,1236,0),(111,284,0),(111,15,0),(111,1237,0),(111,1238,0),(111,968,0),(111,1239,0),(111,1185,0),(111,65,0),(111,1240,0),(111,1108,0),(111,1241,0),(111,597,0),(111,117,0),(111,103,0),(111,1242,0),(111,1243,0),(111,1244,0),(111,1245,0),(112,89,0),(113,1246,0),(113,1247,0),(113,147,0),(113,328,0),(113,13,0),(113,111,0),(113,84,0),(113,1248,0),(113,1249,0),(114,1250,0),(114,1251,0),(114,233,0),(114,76,0),(114,401,0),(114,1252,0),(114,985,0),(114,1216,0),(114,1253,0),(114,635,0),(114,652,0),(114,657,0),(114,1254,0),(114,81,0),(115,1255,0),(115,1256,0),(115,328,0),(115,21,0),(115,1257,0),(116,76,0),(116,992,0),(116,1258,0),(117,1259,0),(117,186,0),(117,166,0),(117,1234,0),(118,2,0),(118,168,0),(118,69,0),(118,1260,0),(118,215,0),(118,249,0),(118,1261,0),(118,282,0),(118,1262,0),(118,1263,0),(118,1264,0),(118,73,0),(118,13,0),(118,337,0),(118,15,0),(118,152,0),(118,1265,0),(118,427,0),(118,1266,0),(118,1267,0),(118,1268,0),(118,1269,0),(118,154,0),(118,103,0),(118,1270,0),(118,654,0),(118,805,0),(118,1271,0),(119,1272,0),(119,1266,0),(119,1273,0),(119,1274,0),(119,154,0),(119,1275,1),(119,103,1),(119,1276,1),(120,915,0),(120,43,0),(120,19,0),(120,166,0),(121,15,0),(121,973,0),(122,1277,0),(122,1278,0),(122,752,0),(123,1279,0),(123,1280,0),(123,652,0),(123,724,0),(123,120,0),(124,249,0),(124,21,0),(124,1073,0),(124,1281,0),(124,945,0),(124,726,0),(125,71,0),(125,1282,0),(125,886,0),(125,805,0),(125,1283,0),(178,166,0),(178,1792,0),(178,42,0),(177,725,0),(177,1218,0),(177,657,0),(177,1791,0),(177,1790,0),(177,1192,0),(177,113,0),(177,890,0),(177,1789,0),(177,1788,0),(177,84,0),(177,153,0),(177,1787,0),(177,1786,0),(177,1785,0),(177,301,0),(177,185,0),(177,1784,0),(177,1783,0),(177,833,0),(177,815,0),(177,2,0),(126,976,1),(126,1782,0),(126,1781,0),(126,40,0),(126,1780,0),(126,81,0),(126,58,0),(126,1779,0),(126,154,0),(126,1778,0),(126,1777,0),(126,595,0),(126,1776,0),(126,1775,0),(126,1774,0),(126,494,0),(126,1186,0),(126,29,0),(126,1773,0),(126,414,0),(126,403,0),(126,399,0),(126,1065,0),(126,140,0),(126,1772,0),(127,2,0),(127,239,0),(127,1444,0),(127,302,0),(127,328,0),(127,20,0),(127,29,0),(127,100,0),(127,1445,0),(127,1446,0),(127,473,0),(127,1447,0),(127,1448,0),(127,1449,0),(127,1216,0),(127,970,0),(127,971,0),(127,55,0),(127,154,0),(127,914,0),(127,816,0),(127,672,0),(127,673,0),(127,1450,0),(127,81,0),(127,1451,0),(127,1225,0),(127,1452,0),(127,1453,0),(127,1454,0),(127,40,0),(127,1455,0),(127,976,0),(127,1456,0),(127,1353,1),(127,54,1),(127,695,1),(128,2,0),(128,1262,0),(128,15,0),(128,1457,0),(128,103,0),(129,1459,0),(129,1458,0),(129,1460,0),(129,2,0),(129,233,0),(129,126,0),(129,249,0),(129,250,0),(129,1461,0),(129,90,0),(129,128,0),(129,380,0),(129,1462,0),(129,1463,0),(129,1464,0),(129,1465,0),(129,29,0),(129,1466,0),(129,1467,0),(129,1468,0),(129,1469,0),(129,506,0),(129,1470,0),(129,1471,0),(129,1472,0),(129,1473,0),(129,1474,0),(129,1475,0),(129,154,0),(129,1476,0),(129,672,0),(129,673,0),(129,1477,0),(129,1478,0),(129,81,0),(129,724,0),(129,1479,0),(129,40,0),(129,1480,0),(129,1481,0),(129,1482,0),(130,328,0),(130,1483,0),(130,1484,0),(130,18,0),(130,153,0),(130,1485,0),(130,1486,0),(130,94,0),(130,1487,0),(131,1488,0),(131,301,0),(131,15,0),(131,895,0),(131,973,0),(131,1489,0),(131,1490,0),(132,230,0),(132,1307,0),(132,71,0),(132,1491,0),(132,344,0),(132,128,0),(132,1492,0),(132,580,0),(132,1493,0),(133,1494,0),(133,1,0),(133,6,0),(133,1255,0),(133,230,0),(133,50,0),(133,316,0),(133,1495,0),(133,1496,0),(133,1497,0),(133,1498,0),(133,569,0),(133,1499,0),(133,105,0),(133,974,0),(133,1500,0),(134,2,0),(134,168,0),(134,1501,0),(134,328,0),(134,1502,0),(134,15,0),(134,1503,0),(134,21,0),(134,388,0),(134,29,0),(134,1194,0),(135,580,0),(135,1218,0),(136,185,0),(136,1504,0),(136,15,0),(136,1190,0),(136,1505,0),(136,1506,0),(136,1192,0),(136,1507,0),(136,752,0),(137,1508,0),(137,1509,0),(137,21,0),(137,945,0),(137,167,0),(137,1508,1),(137,1509,1),(137,167,1),(138,249,0),(138,1510,0),(138,152,0),(138,1511,0),(138,153,0),(138,652,0),(138,698,0),(138,1511,1),(139,1578,0),(139,1577,0),(139,210,0),(139,917,0),(139,1576,0),(139,1512,0),(139,1575,0),(139,168,0),(139,1,0),(140,13,0),(140,91,0),(140,85,0),(140,1514,0),(140,80,1),(140,940,1),(141,1515,0),(141,913,0),(141,457,0),(141,1516,0),(141,914,0),(141,1517,0),(141,1225,0),(141,874,1),(142,855,0),(142,1518,0),(142,103,1),(143,855,0),(143,1519,0),(143,1519,1),(144,1520,0),(144,855,0),(144,1238,1),(145,1235,0),(145,855,0),(145,1235,1),(146,1301,0),(146,855,0),(146,1301,1),(147,855,0),(147,1521,0),(147,1408,1),(148,1300,0),(148,1236,0),(148,855,0),(148,1300,1),(148,1236,1),(149,597,0),(149,855,0),(149,597,1),(150,222,0),(150,294,0),(150,1522,0),(150,1523,0),(150,221,1),(150,1409,1),(151,1525,0),(151,855,0),(151,1524,1),(152,89,0),(152,50,0),(152,310,0),(153,168,0),(153,49,0),(153,944,0),(153,395,0),(153,968,0),(153,403,0),(153,427,0),(153,1526,0),(153,1527,0),(153,1136,0),(153,1517,0),(153,673,0),(153,81,0),(153,1528,0),(153,1245,0),(154,1529,0),(154,147,0),(154,138,0),(154,50,0),(154,316,0),(154,13,0),(154,140,0),(154,151,0),(154,344,0),(154,98,0),(154,879,0),(154,29,0),(154,1530,0),(154,1531,0),(154,672,0),(154,1532,0),(154,1533,0),(155,1529,0),(155,1534,0),(155,43,0),(155,13,0),(155,18,0),(155,1535,0),(155,19,0),(155,1536,0),(155,1537,0),(155,154,0),(155,1538,0),(155,105,0),(155,178,0),(155,94,0),(155,1539,0),(155,1540,0),(156,1541,0),(156,2,0),(156,1529,0),(156,245,0),(156,301,0),(156,310,0),(156,317,0),(156,1542,0),(156,380,0),(156,29,0),(156,1543,0),(156,657,0),(156,1544,0),(156,40,0),(156,1545,0),(156,1546,0),(157,1313,0),(158,1308,0),(158,1230,0),(158,1547,0),(158,427,0),(158,1548,0),(158,58,0),(159,1549,0),(160,29,0),(160,437,0),(161,1550,0),(161,344,0),(161,1551,0),(161,635,0),(162,1552,0),(162,2,0),(162,1549,0),(162,29,0),(162,1553,0),(162,652,0),(163,1554,0),(163,1555,0),(163,816,0),(164,838,0),(164,1556,0),(165,1556,0),(166,233,0),(166,138,0),(166,71,0),(166,15,0),(166,344,0),(166,1557,0),(166,1558,0),(166,120,0),(166,772,0),(167,1559,0),(167,168,0),(167,238,0),(167,249,0),(167,282,0),(167,1048,0),(167,333,0),(167,17,0),(167,18,0),(167,963,0),(167,25,0),(167,388,0),(167,1560,0),(167,100,0),(167,1561,0),(167,635,0),(167,94,0),(167,1562,0),(168,70,0),(168,287,0),(168,50,0),(168,1563,0),(168,1564,0),(168,316,0),(168,1565,0),(168,151,0),(168,21,0),(168,1566,0),(168,1462,0),(168,1567,0),(169,2,0),(169,49,0),(169,216,0),(169,833,0),(169,838,0),(169,1568,0),(169,64,0),(169,50,0),(169,1569,0),(169,344,0),(169,1570,0),(169,1571,0),(169,29,0),(169,100,0),(169,652,0),(169,1531,0),(169,671,0),(169,672,0),(169,39,0),(169,1572,0),(169,991,0),(170,874,0),(170,43,0),(170,15,0),(170,1535,0),(170,19,0),(170,968,0),(170,1573,0),(170,1574,0),(139,231,0),(139,1579,0),(139,275,0),(139,282,0),(139,1580,0),(139,1581,0),(139,140,0),(139,919,0),(139,111,0),(139,15,0),(139,1582,0),(139,877,0),(139,1583,0),(139,1584,0),(139,128,0),(139,1585,0),(139,1340,0),(139,98,0),(139,1586,0),(139,21,0),(139,388,0),(139,76,0),(139,141,0),(139,100,0),(139,1587,0),(139,1588,0),(139,506,0),(139,1589,0),(139,67,0),(139,1590,0),(139,580,0),(139,1591,0),(139,1592,0),(139,154,0),(139,1593,0),(139,124,0),(139,652,0),(139,1594,0),(139,166,0),(139,656,0),(139,1517,0),(139,659,0),(139,1595,0),(139,672,0),(139,40,0),(139,1562,0),(139,1596,0),(139,793,0),(139,1512,1),(139,919,1),(139,98,1),(171,1598,0),(171,310,0),(171,50,0),(171,89,0),(171,278,0),(172,1599,0),(172,1600,0),(172,185,0),(172,42,0),(172,15,0),(172,151,0),(172,395,0),(173,2,0),(173,29,0),(173,1601,0),(174,1602,0),(174,15,0),(174,124,0),(175,70,0),(175,983,0),(175,287,0),(175,50,0),(175,1563,0),(175,1564,0),(175,316,0),(175,1565,0),(175,151,0),(175,21,0),(175,1566,0),(175,1462,0),(175,964,0),(175,1567,0),(176,278,0),(176,348,0),(176,1603,0),(126,1771,0),(126,314,0),(126,1308,0),(126,279,0),(126,1770,0),(126,1769,0),(126,49,0),(126,88,0);

--
-- Table structure for table `super2_sessions`
--

CREATE TABLE `super2_sessions` (
  `session_id` char(32) NOT NULL DEFAULT '',
  `session_user_id` mediumint(8) NOT NULL DEFAULT '0',
  `session_start` int(11) NOT NULL DEFAULT '0',
  `session_time` int(11) NOT NULL DEFAULT '0',
  `session_ip` char(8) NOT NULL DEFAULT '0',
  `session_page` int(11) NOT NULL DEFAULT '0',
  `session_logged_in` tinyint(1) NOT NULL DEFAULT '0',
  PRIMARY KEY (`session_id`),
  KEY `session_user_id` (`session_user_id`),
  KEY `session_id_ip_user_id` (`session_id`,`session_ip`,`session_user_id`)
) ENGINE=MEMORY DEFAULT CHARSET=latin1 MAX_ROWS=500;

--
-- Dumping data for table `super2_sessions`
--


--
-- Table structure for table `super2_shoutbox`
--

CREATE TABLE `super2_shoutbox` (
  `id` int(11) NOT NULL AUTO_INCREMENT,
  `sb_user_id` int(11) NOT NULL DEFAULT '0',
  `msg` text NOT NULL,
  `timestamp` int(10) unsigned NOT NULL DEFAULT '0',
  PRIMARY KEY (`id`)
) ENGINE=MyISAM AUTO_INCREMENT=25 DEFAULT CHARSET=latin1;

--
-- Dumping data for table `super2_shoutbox`
--

INSERT INTO `super2_shoutbox` VALUES (24,6,'Hey',1144766486),(23,3,'hihihi',1144521424),(22,5,'trazp wreszcie',1144519954),(21,5,'NUDA !!!!',1144514153);

--
-- Table structure for table `super2_shoutbox_config`
--

CREATE TABLE `super2_shoutbox_config` (
  `config_name` varchar(255) NOT NULL DEFAULT '',
  `config_value` varchar(255) NOT NULL DEFAULT '',
  PRIMARY KEY (`config_name`)
) ENGINE=MyISAM DEFAULT CHARSET=latin1;

--
-- Dumping data for table `super2_shoutbox_config`
--

INSERT INTO `super2_shoutbox_config` VALUES ('allow_guest_view','1'),('allow_guest','0'),('allow_users_view','1'),('allow_users','1'),('allow_delete_all','0'),('allow_delete','1'),('allow_delete_m','0'),('allow_edit_all','0'),('allow_edit','1'),('allow_edit_m','0'),('allow_bbcode','1'),('allow_smilies','1'),('links_names','1'),('make_links','1'),('count_msg','100'),('delete_days','30'),('text_lenght','500'),('word_lenght','80'),('date_format','D G:i'),('date_on','1'),('shoutbox_on','1'),('shout_width','630'),('shout_height','130'),('banned_user_id',''),('banned_user_id_view',''),('color_mod',''),('color_admin','');

--
-- Table structure for table `super2_smilies`
--

CREATE TABLE `super2_smilies` (
  `smilies_id` smallint(5) unsigned NOT NULL AUTO_INCREMENT,
  `code` varchar(50) DEFAULT NULL,
  `smile_url` varchar(100) DEFAULT NULL,
  `emoticon` varchar(75) DEFAULT NULL,
  PRIMARY KEY (`smilies_id`)
) ENGINE=MyISAM AUTO_INCREMENT=43 DEFAULT CHARSET=latin1;

--
-- Dumping data for table `super2_smilies`
--

INSERT INTO `super2_smilies` VALUES (1,':D','icon_biggrin.gif','Very Happy'),(2,':-D','icon_biggrin.gif','Very Happy'),(3,':grin:','icon_biggrin.gif','Very Happy'),(4,':)','icon_smile.gif','Smile'),(5,':-)','icon_smile.gif','Smile'),(6,':smile:','icon_smile.gif','Smile'),(7,':(','icon_sad.gif','Sad'),(8,':-(','icon_sad.gif','Sad'),(9,':sad:','icon_sad.gif','Sad'),(10,':o','icon_surprised.gif','Surprised'),(11,':-o','icon_surprised.gif','Surprised'),(12,':eek:','icon_surprised.gif','Surprised'),(13,':shock:','icon_eek.gif','Shocked'),(14,':?','icon_confused.gif','Confused'),(15,':-?','icon_confused.gif','Confused'),(16,':???:','icon_confused.gif','Confused'),(17,'8)','icon_cool.gif','Cool'),(18,'8-)','icon_cool.gif','Cool'),(19,':cool:','icon_cool.gif','Cool'),(20,':lol:','icon_lol.gif','Laughing'),(21,':x','icon_mad.gif','Mad'),(22,':-x','icon_mad.gif','Mad'),(23,':mad:','icon_mad.gif','Mad'),(24,':P','icon_razz.gif','Razz'),(25,':-P','icon_razz.gif','Razz'),(26,':razz:','icon_razz.gif','Razz'),(27,':oops:','icon_redface.gif','Embarassed'),(28,':cry:','icon_cry.gif','Crying or Very sad'),(29,':evil:','icon_evil.gif','Evil or Very Mad'),(30,':twisted:','icon_twisted.gif','Twisted Evil'),(31,':roll:','icon_rolleyes.gif','Rolling Eyes'),(32,':wink:','icon_wink.gif','Wink'),(33,';)','icon_wink.gif','Wink'),(34,';-)','icon_wink.gif','Wink'),(35,':!:','icon_exclaim.gif','Exclamation'),(36,':?:','icon_question.gif','Question'),(37,':idea:','icon_idea.gif','Idea'),(38,':arrow:','icon_arrow.gif','Arrow'),(39,':|','icon_neutral.gif','Neutral'),(40,':-|','icon_neutral.gif','Neutral'),(41,':neutral:','icon_neutral.gif','Neutral'),(42,':mrgreen:','icon_mrgreen.gif','Mr. Green');

--
-- Table structure for table `super2_stats_config`
--

CREATE TABLE `super2_stats_config` (
  `config_name` varchar(50) NOT NULL DEFAULT '',
  `config_value` varchar(255) NOT NULL DEFAULT '',
  PRIMARY KEY (`config_name`)
) ENGINE=MyISAM DEFAULT CHARSET=latin1;

--
-- Dumping data for table `super2_stats_config`
--

INSERT INTO `super2_stats_config` VALUES ('install_date','time()'),('return_limit','10'),('version','2.1.3'),('modules_dir','stat_modules'),('page_views','4');

--
-- Table structure for table `super2_stats_modules`
--

CREATE TABLE `super2_stats_modules` (
  `module_id` tinyint(8) NOT NULL DEFAULT '0',
  `name` varchar(150) NOT NULL DEFAULT '',
  `active` tinyint(1) NOT NULL DEFAULT '0',
  `installed` tinyint(1) NOT NULL DEFAULT '0',
  `display_order` mediumint(8) unsigned NOT NULL DEFAULT '0',
  `update_time` mediumint(8) unsigned NOT NULL DEFAULT '0',
  `auth_value` tinyint(2) NOT NULL DEFAULT '0',
  `module_info_cache` blob,
  `module_db_cache` blob,
  `module_result_cache` blob,
  `module_info_time` int(10) unsigned NOT NULL DEFAULT '0',
  `module_cache_time` int(10) unsigned NOT NULL DEFAULT '0',
  PRIMARY KEY (`module_id`)
) ENGINE=MyISAM DEFAULT CHARSET=latin1;

--
-- Dumping data for table `super2_stats_modules`
--

INSERT INTO `super2_stats_modules` VALUES (1,'top_words',1,1,10,1440,0,'a:8:{s:19:\"default_update_time\";s:4:\"1440\";s:16:\"condition_result\";b:1;s:4:\"name\";s:9:\"Top words\";s:6:\"author\";s:11:\"RustyDragon\";s:5:\"email\";s:18:\"mt@RustyDragon.com\";s:3:\"url\";s:26:\"http://www.RustyDragon.com\";s:7:\"version\";s:3:\"1.2\";s:10:\"extra_info\";s:35:\"Shows most used words on your forum\";}','','',1141083851,0),(2,'top_smilies',1,1,20,1000,0,'a:9:{s:19:\"default_update_time\";s:4:\"1000\";s:16:\"condition_result\";b:1;s:4:\"name\";s:11:\"Top Smilies\";s:6:\"author\";s:9:\"Acyd Burn\";s:5:\"email\";s:16:\"acyd.burn@gmx.de\";s:3:\"url\";s:29:\"http://www.opentools.de/board\";s:7:\"version\";s:5:\"2.1.3\";s:17:\"stats_mod_version\";s:5:\"2.1.3\";s:10:\"extra_info\";s:125:\"It is recommended that you put a update time limit to this module on larger boards.\r\nA default Update Time of 1000 was set.\r\n\";}','','O:13:\"cached_result\":1:{s:8:\"var_data\";a:1:{s:11:\"topsmilies.\";a:10:{i:0;a:7:{s:4:\"RANK\";i:1;s:5:\"CLASS\";s:4:\"row1\";s:4:\"CODE\";s:2:\":D\";s:4:\"USES\";i:46;s:10:\"PERCENTAGE\";d:40;s:3:\"BAR\";d:90;s:3:\"URL\";s:78:\"<img src=\"images/smiles/icon_biggrin.gif\" alt=\"icon_biggrin.gif\" border=\"0\" />\";}i:1;a:7:{s:4:\"RANK\";i:2;s:5:\"CLASS\";s:4:\"row1\";s:4:\"CODE\";s:2:\":)\";s:4:\"USES\";i:33;s:10:\"PERCENTAGE\";d:29;s:3:\"BAR\";d:65;s:3:\"URL\";s:74:\"<img src=\"images/smiles/icon_smile.gif\" alt=\"icon_smile.gif\" border=\"0\" />\";}i:2;a:7:{s:4:\"RANK\";i:3;s:5:\"CLASS\";s:4:\"row1\";s:4:\"CODE\";s:5:\":cry:\";s:4:\"USES\";i:9;s:10:\"PERCENTAGE\";d:8;s:3:\"BAR\";d:18;s:3:\"URL\";s:70:\"<img src=\"images/smiles/icon_cry.gif\" alt=\"icon_cry.gif\" border=\"0\" />\";}i:3;a:7:{s:4:\"RANK\";i:4;s:5:\"CLASS\";s:4:\"row1\";s:4:\"CODE\";s:6:\":wink:\";s:4:\"USES\";i:7;s:10:\"PERCENTAGE\";d:6;s:3:\"BAR\";d:14;s:3:\"URL\";s:72:\"<img src=\"images/smiles/icon_wink.gif\" alt=\"icon_wink.gif\" border=\"0\" />\";}i:4;a:7:{s:4:\"RANK\";i:5;s:5:\"CLASS\";s:4:\"row1\";s:4:\"CODE\";s:2:\"8)\";s:4:\"USES\";i:6;s:10:\"PERCENTAGE\";d:5;s:3:\"BAR\";d:12;s:3:\"URL\";s:72:\"<img src=\"images/smiles/icon_cool.gif\" alt=\"icon_cool.gif\" border=\"0\" />\";}i:5;a:7:{s:4:\"RANK\";i:6;s:5:\"CLASS\";s:4:\"row1\";s:4:\"CODE\";s:2:\":P\";s:4:\"USES\";i:6;s:10:\"PERCENTAGE\";d:5;s:3:\"BAR\";d:12;s:3:\"URL\";s:72:\"<img src=\"images/smiles/icon_razz.gif\" alt=\"icon_razz.gif\" border=\"0\" />\";}i:6;a:7:{s:4:\"RANK\";i:7;s:5:\"CLASS\";s:4:\"row1\";s:4:\"CODE\";s:2:\":?\";s:4:\"USES\";i:2;s:10:\"PERCENTAGE\";d:2;s:3:\"BAR\";d:4;s:3:\"URL\";s:80:\"<img src=\"images/smiles/icon_confused.gif\" alt=\"icon_confused.gif\" border=\"0\" />\";}i:7;a:7:{s:4:\"RANK\";i:8;s:5:\"CLASS\";s:4:\"row1\";s:4:\"CODE\";s:2:\":(\";s:4:\"USES\";i:2;s:10:\"PERCENTAGE\";d:2;s:3:\"BAR\";d:4;s:3:\"URL\";s:70:\"<img src=\"images/smiles/icon_sad.gif\" alt=\"icon_sad.gif\" border=\"0\" />\";}i:8;a:7:{s:4:\"RANK\";i:9;s:5:\"CLASS\";s:4:\"row1\";s:4:\"CODE\";s:9:\":twisted:\";s:4:\"USES\";i:2;s:10:\"PERCENTAGE\";d:2;s:3:\"BAR\";d:4;s:3:\"URL\";s:78:\"<img src=\"images/smiles/icon_twisted.gif\" alt=\"icon_twisted.gif\" border=\"0\" />\";}i:9;a:7:{s:4:\"RANK\";i:10;s:5:\"CLASS\";s:4:\"row1\";s:4:\"CODE\";s:5:\":lol:\";s:4:\"USES\";i:1;s:10:\"PERCENTAGE\";d:1;s:3:\"BAR\";d:2;s:3:\"URL\";s:70:\"<img src=\"images/smiles/icon_lol.gif\" alt=\"icon_lol.gif\" border=\"0\" />\";}}}}',1141083756,1146076226),(3,'most_active_topics',1,1,30,0,0,'a:9:{s:19:\"default_update_time\";i:0;s:16:\"condition_result\";b:1;s:4:\"name\";s:18:\"Most Active Topics\";s:6:\"author\";s:18:\"Nivisec, Acyd Burn\";s:5:\"email\";s:16:\"acyd.burn@gmx.de\";s:3:\"url\";s:29:\"http://www.opentools.de/board\";s:7:\"version\";s:5:\"2.1.3\";s:17:\"stats_mod_version\";s:5:\"2.1.3\";s:10:\"extra_info\";s:38:\"No extra information on this module.\r\n\";}','O:9:\"cached_db\":3:{s:1:\"n\";a:1:{i:0;a:1:{i:0;i:10;}}s:2:\"fs\";a:1:{i:0;a:1:{i:0;a:10:{i:0;a:3:{s:8:\"topic_id\";s:2:\"37\";s:11:\"topic_title\";s:8:\"Przygody\";s:13:\"topic_replies\";s:2:\"12\";}i:1;a:3:{s:8:\"topic_id\";s:2:\"17\";s:11:\"topic_title\";s:13:\"Sonic Riders!\";s:13:\"topic_replies\";s:2:\"11\";}i:2;a:3:{s:8:\"topic_id\";s:2:\"35\";s:11:\"topic_title\";s:5:\"Grupy\";s:13:\"topic_replies\";s:2:\"10\";}i:3;a:3:{s:8:\"topic_id\";s:2:\"22\";s:11:\"topic_title\";s:5:\"Cze¶ć\";s:13:\"topic_replies\";s:2:\"10\";}i:4;a:3:{s:8:\"topic_id\";s:2:\"16\";s:11:\"topic_title\";s:19:\"Shadow the Hedgehog\";s:13:\"topic_replies\";s:2:\"10\";}i:5;a:3:{s:8:\"topic_id\";s:2:\"18\";s:11:\"topic_title\";s:9:\"Zwierzęta\";s:13:\"topic_replies\";s:1:\"9\";}i:6;a:3:{s:8:\"topic_id\";s:2:\"11\";s:11:\"topic_title\";s:20:\"Propozycje na forum.\";s:13:\"topic_replies\";s:1:\"8\";}i:7;a:3:{s:8:\"topic_id\";s:2:\"21\";s:11:\"topic_title\";s:12:\"Moje rysunki\";s:13:\"topic_replies\";s:1:\"8\";}i:8;a:3:{s:8:\"topic_id\";s:2:\"14\";s:11:\"topic_title\";s:30:\"Mój ulubiony Pokemon - Treecko\";s:13:\"topic_replies\";s:1:\"7\";}i:9;a:3:{s:8:\"topic_id\";s:2:\"19\";s:11:\"topic_title\";s:13:\"Ciekawe linki\";s:13:\"topic_replies\";s:1:\"6\";}}}}s:1:\"f\";a:0:{}}','',1141082898,1146076226),(4,'most_viewed_topics',1,1,40,0,0,'a:9:{s:19:\"default_update_time\";i:0;s:16:\"condition_result\";b:1;s:4:\"name\";s:18:\"Most Viewed Topics\";s:6:\"author\";s:9:\"Acyd Burn\";s:5:\"email\";s:16:\"acyd.burn@gmx.de\";s:3:\"url\";s:29:\"http://www.opentools.de/board\";s:7:\"version\";s:5:\"2.1.3\";s:17:\"stats_mod_version\";s:5:\"2.1.3\";s:10:\"extra_info\";s:38:\"No extra information on this module.\r\n\";}','O:9:\"cached_db\":3:{s:1:\"n\";a:1:{i:0;a:1:{i:0;i:10;}}s:2:\"fs\";a:1:{i:0;a:1:{i:0;a:10:{i:0;a:3:{s:8:\"topic_id\";s:2:\"37\";s:11:\"topic_title\";s:8:\"Przygody\";s:11:\"topic_views\";s:2:\"35\";}i:1;a:3:{s:8:\"topic_id\";s:2:\"16\";s:11:\"topic_title\";s:19:\"Shadow the Hedgehog\";s:11:\"topic_views\";s:2:\"35\";}i:2;a:3:{s:8:\"topic_id\";s:2:\"21\";s:11:\"topic_title\";s:12:\"Moje rysunki\";s:11:\"topic_views\";s:2:\"31\";}i:3;a:3:{s:8:\"topic_id\";s:2:\"35\";s:11:\"topic_title\";s:5:\"Grupy\";s:11:\"topic_views\";s:2:\"30\";}i:4;a:3:{s:8:\"topic_id\";s:2:\"22\";s:11:\"topic_title\";s:5:\"Cze¶ć\";s:11:\"topic_views\";s:2:\"29\";}i:5;a:3:{s:8:\"topic_id\";s:2:\"11\";s:11:\"topic_title\";s:20:\"Propozycje na forum.\";s:11:\"topic_views\";s:2:\"29\";}i:6;a:3:{s:8:\"topic_id\";s:2:\"17\";s:11:\"topic_title\";s:13:\"Sonic Riders!\";s:11:\"topic_views\";s:2:\"27\";}i:7;a:3:{s:8:\"topic_id\";s:2:\"18\";s:11:\"topic_title\";s:9:\"Zwierzęta\";s:11:\"topic_views\";s:2:\"25\";}i:8;a:3:{s:8:\"topic_id\";s:2:\"14\";s:11:\"topic_title\";s:30:\"Mój ulubiony Pokemon - Treecko\";s:11:\"topic_views\";s:2:\"25\";}i:9;a:3:{s:8:\"topic_id\";s:2:\"19\";s:11:\"topic_title\";s:13:\"Ciekawe linki\";s:11:\"topic_views\";s:2:\"25\";}}}}s:1:\"f\";a:0:{}}','',1141082992,1146076226),(5,'new_topics_by_month',1,1,50,0,0,'a:8:{s:19:\"default_update_time\";i:0;s:16:\"condition_result\";b:1;s:4:\"name\";s:29:\"Number of new topics by month\";s:6:\"author\";s:12:\"Tommy Jensen\";s:5:\"email\";s:26:\"tommy_jensen67@hotmail.com\";s:3:\"url\";s:27:\"http://www.sc-resources.net\";s:7:\"version\";s:5:\"1.0.0\";s:10:\"extra_info\";s:36:\"No extra information on this module.\";}','','',1141083259,0),(6,'latest_topics',1,1,60,0,0,'a:8:{s:19:\"default_update_time\";i:0;s:16:\"condition_result\";b:1;s:4:\"name\";s:13:\"Latest Topics\";s:6:\"author\";s:12:\"Tommy Jensen\";s:5:\"email\";s:26:\"tommy_jensen67@hotmail.com\";s:3:\"url\";s:27:\"http://www.sc-resources.net\";s:7:\"version\";s:5:\"1.0.2\";s:10:\"extra_info\";s:36:\"No extra information on this module.\";}','','',1141082825,0),(7,'new_posts_by_month',1,1,70,0,0,'a:8:{s:19:\"default_update_time\";i:0;s:16:\"condition_result\";b:1;s:4:\"name\";s:28:\"Number of new posts by month\";s:6:\"author\";s:12:\"Tommy Jensen\";s:5:\"email\";s:26:\"tommy_jensen67@hotmail.com\";s:3:\"url\";s:27:\"http://www.sc-resources.net\";s:7:\"version\";s:5:\"1.0.0\";s:10:\"extra_info\";s:36:\"No extra information on this module.\";}','','',1141083085,0),(8,'top_posters',1,1,80,0,0,'a:9:{s:19:\"default_update_time\";i:0;s:16:\"condition_result\";b:1;s:4:\"name\";s:11:\"Top Posters\";s:6:\"author\";s:9:\"Acyd Burn\";s:5:\"email\";s:16:\"acyd.burn@gmx.de\";s:3:\"url\";s:29:\"http://www.opentools.de/board\";s:7:\"version\";s:5:\"2.1.3\";s:17:\"stats_mod_version\";s:5:\"2.1.3\";s:10:\"extra_info\";s:38:\"No extra information on this module.\r\n\";}','O:9:\"cached_db\":3:{s:1:\"n\";a:1:{i:1;a:1:{i:0;i:7;}}s:2:\"fs\";a:1:{i:1;a:1:{i:0;a:7:{i:0;a:3:{s:7:\"user_id\";s:1:\"5\";s:8:\"username\";s:7:\"Thunder\";s:10:\"user_posts\";s:2:\"87\";}i:1;a:3:{s:7:\"user_id\";s:1:\"3\";s:8:\"username\";s:10:\"Sir_Hagall\";s:10:\"user_posts\";s:2:\"30\";}i:2;a:3:{s:7:\"user_id\";s:1:\"7\";s:8:\"username\";s:6:\"klay92\";s:10:\"user_posts\";s:2:\"20\";}i:3;a:3:{s:7:\"user_id\";s:1:\"2\";s:8:\"username\";s:6:\"trazap\";s:10:\"user_posts\";s:2:\"12\";}i:4;a:3:{s:7:\"user_id\";s:1:\"4\";s:8:\"username\";s:4:\"Cuda\";s:10:\"user_posts\";s:2:\"12\";}i:5;a:3:{s:7:\"user_id\";s:1:\"6\";s:8:\"username\";s:5:\"Grze¶\";s:10:\"user_posts\";s:1:\"4\";}i:6;a:3:{s:7:\"user_id\";s:1:\"8\";s:8:\"username\";s:4:\"Izzy\";s:10:\"user_posts\";s:1:\"1\";}}}}s:1:\"f\";a:1:{i:0;a:1:{i:0;a:1:{s:11:\"total_posts\";s:3:\"166\";}}}}','',1141083661,1146076226),(9,'last_active_users',1,1,90,0,0,'a:8:{s:19:\"default_update_time\";i:0;s:16:\"condition_result\";b:1;s:4:\"name\";s:17:\"Last active users\";s:6:\"author\";s:12:\"Tommy Jensen\";s:5:\"email\";s:26:\"tommy_jensen67@hotmail.com\";s:3:\"url\";s:27:\"http://www.sc-resources.net\";s:7:\"version\";s:5:\"1.0.0\";s:10:\"extra_info\";s:36:\"No extra information on this module.\";}','','',1141082726,0),(10,'new_users_by_month',1,1,100,0,0,'a:8:{s:19:\"default_update_time\";i:0;s:16:\"condition_result\";b:1;s:4:\"name\";s:18:\"New users by month\";s:6:\"author\";s:12:\"Tommy Jensen\";s:5:\"email\";s:26:\"tommy_jensen67@hotmail.com\";s:3:\"url\";s:27:\"http://www.sc-resources.net\";s:7:\"version\";s:5:\"1.0.0\";s:10:\"extra_info\";s:36:\"No extra information on this module.\";}','','',1141083341,0),(11,'users_from_where',1,1,110,0,0,'a:8:{s:19:\"default_update_time\";i:0;s:16:\"condition_result\";b:1;s:4:\"name\";s:19:\"Where is users from\";s:6:\"author\";s:12:\"Tommy Jensen\";s:5:\"email\";s:26:\"tommy_jensen67@hotmail.com\";s:3:\"url\";s:27:\"http://www.sc-resources.net\";s:7:\"version\";s:5:\"1.0.0\";s:10:\"extra_info\";s:51:\"This module uses the field user_from for the query.\";}','','',1141083949,0),(12,'age_statistics',1,1,120,0,0,'a:9:{s:19:\"default_update_time\";i:0;s:16:\"condition_result\";b:1;s:4:\"name\";s:14:\"Age Statistics\";s:6:\"author\";s:6:\"TheWiz\";s:5:\"email\";s:18:\"admin@thewiz.co.il\";s:3:\"url\";s:34:\"http://www.techno.co.il/community/\";s:7:\"version\";s:5:\"1.0.1\";s:17:\"stats_mod_version\";s:5:\"2.1.3\";s:10:\"extra_info\";s:216:\"This Module displays Age Statistic to your Board.\nAverage age,Youngest member,Oldest member...\nCan be in use only if you have Birthday MOD v.1.1.14+.\nThe most Users want to set these Module to Registered Users only.\n\";}','','',1141082552,0),(13,'users_gender',1,1,130,1440,0,'a:8:{s:19:\"default_update_time\";s:4:\"1440\";s:16:\"condition_result\";b:1;s:4:\"name\";s:12:\"Users gender\";s:6:\"author\";s:11:\"RustyDragon\";s:5:\"email\";s:19:\"dev@RustyDragon.com\";s:3:\"url\";s:26:\"http://www.RustyDragon.com\";s:7:\"version\";s:3:\"1.3\";s:10:\"extra_info\";s:115:\"Shows number of male and female users\r\nRequires Gender MOD by Niels Chr, Denmark\r\nMade for Statistics version 2.1.2\";}','','',1141084029,0),(14,'priv_msgs',1,1,140,0,0,'a:8:{s:19:\"default_update_time\";i:0;s:16:\"condition_result\";b:1;s:4:\"name\";s:16:\"Private Messages\";s:6:\"author\";s:40:\"stevem / [minor improvements] helluvaguy\";s:5:\"email\";s:41:\"steve@sixthform.info / helluvaguy@gmx.net\";s:3:\"url\";s:27:\"http://sixthform.info/forum\";s:7:\"version\";s:3:\"1.2\";s:10:\"extra_info\";s:452:\"This module shows details of the number of private messages. \r\nCode is based on Nivisec\'s Administrator Panel Plug-in to display a list of private messages.\r\nChanges in Version 1.1\r\n - It uses additional languange variables (not from the date funtion anymore) for the month\'s so this mod can now be used with other languanges than english more easily.\r\n - Some minor redesign\r\nChanges in Version 1.2\r\n - Correct bugs for December and January figures \r\n\";}','','',1141083480,0),(15,'admin_statistics',1,1,150,0,0,'a:9:{s:19:\"default_update_time\";i:0;s:16:\"condition_result\";b:1;s:4:\"name\";s:25:\"Administrative Statistics\";s:6:\"author\";s:9:\"Acyd Burn\";s:5:\"email\";s:16:\"acyd.burn@gmx.de\";s:3:\"url\";s:29:\"http://www.opentools.de/board\";s:7:\"version\";s:5:\"2.1.3\";s:17:\"stats_mod_version\";s:5:\"2.1.3\";s:10:\"extra_info\";s:132:\"This Module displays an Administrative Statistic to your Board.\r\nThe most Users want to set these Module to Registered Users only.\r\n\";}','O:9:\"cached_db\":3:{s:1:\"n\";a:0:{}s:2:\"fs\";a:1:{i:1;a:1:{i:0;a:2:{i:0;a:2:{s:11:\"config_name\";s:18:\"record_online_date\";s:12:\"config_value\";s:10:\"1141148796\";}i:1;a:2:{s:11:\"config_name\";s:19:\"record_online_users\";s:12:\"config_value\";s:1:\"4\";}}}}s:1:\"f\";a:1:{i:0;a:1:{i:0;a:1:{s:12:\"user_regdate\";s:10:\"1144786536\";}}}}','O:13:\"cached_result\":1:{s:8:\"var_data\";a:1:{s:1:\".\";a:1:{i:0;a:1:{s:6:\"dbsize\";i:422655;}}}}',1141082438,1146076228),(16,'forum_index',1,1,160,0,0,'a:9:{s:19:\"default_update_time\";i:0;s:16:\"condition_result\";b:1;s:4:\"name\";s:24:\"Display Forum Index Link\";s:6:\"author\";s:9:\"Acyd Burn\";s:5:\"email\";s:16:\"acyd.burn@gmx.de\";s:3:\"url\";s:29:\"http://www.opentools.de/board\";s:7:\"version\";s:5:\"2.1.3\";s:17:\"stats_mod_version\";s:5:\"2.1.0\";s:10:\"extra_info\";s:153:\"Not really a Statistics Page. This Module displays a link to your Boards Forum Index.\r\nIt is wise to put this Module on the top of the display list. ;)\r\n\";}','','',1141082653,0);

--
