-- Table structure for table `super2_themes`
--

CREATE TABLE `super2_themes` (
  `themes_id` mediumint(8) unsigned NOT NULL AUTO_INCREMENT,
  `template_name` varchar(30) NOT NULL DEFAULT '',
  `style_name` varchar(30) NOT NULL DEFAULT '',
  `head_stylesheet` varchar(100) DEFAULT NULL,
  `body_background` varchar(100) DEFAULT NULL,
  `body_bgcolor` varchar(6) DEFAULT NULL,
  `body_text` varchar(6) DEFAULT NULL,
  `body_link` varchar(6) DEFAULT NULL,
  `body_vlink` varchar(6) DEFAULT NULL,
  `body_alink` varchar(6) DEFAULT NULL,
  `body_hlink` varchar(6) DEFAULT NULL,
  `tr_color1` varchar(6) DEFAULT NULL,
  `tr_color2` varchar(6) DEFAULT NULL,
  `tr_color3` varchar(6) DEFAULT NULL,
  `tr_class1` varchar(25) DEFAULT NULL,
  `tr_class2` varchar(25) DEFAULT NULL,
  `tr_class3` varchar(25) DEFAULT NULL,
  `th_color1` varchar(6) DEFAULT NULL,
  `th_color2` varchar(6) DEFAULT NULL,
  `th_color3` varchar(6) DEFAULT NULL,
  `th_class1` varchar(25) DEFAULT NULL,
  `th_class2` varchar(25) DEFAULT NULL,
  `th_class3` varchar(25) DEFAULT NULL,
  `td_color1` varchar(6) DEFAULT NULL,
  `td_color2` varchar(6) DEFAULT NULL,
  `td_color3` varchar(6) DEFAULT NULL,
  `td_class1` varchar(25) DEFAULT NULL,
  `td_class2` varchar(25) DEFAULT NULL,
  `td_class3` varchar(25) DEFAULT NULL,
  `fontface1` varchar(50) DEFAULT NULL,
  `fontface2` varchar(50) DEFAULT NULL,
  `fontface3` varchar(50) DEFAULT NULL,
  `fontsize1` tinyint(4) DEFAULT NULL,
  `fontsize2` tinyint(4) DEFAULT NULL,
  `fontsize3` tinyint(4) DEFAULT NULL,
  `fontcolor1` varchar(6) DEFAULT NULL,
  `fontcolor2` varchar(6) DEFAULT NULL,
  `fontcolor3` varchar(6) DEFAULT NULL,
  `span_class1` varchar(25) DEFAULT NULL,
  `span_class2` varchar(25) DEFAULT NULL,
  `span_class3` varchar(25) DEFAULT NULL,
  `img_size_poll` smallint(5) unsigned DEFAULT NULL,
  `img_size_privmsg` smallint(5) unsigned DEFAULT NULL,
  PRIMARY KEY (`themes_id`)
) ENGINE=MyISAM AUTO_INCREMENT=2 DEFAULT CHARSET=latin1;

--
-- Dumping data for table `super2_themes`
--

INSERT INTO `super2_themes` VALUES (1,'subSilver','subSilver','subSilver.css','','E5E5E5','000000','006699','5493B4','','DD6900','EFEFEF','DEE3E7','D1D7DC','','','','98AAB1','006699','FFFFFF','cellpic1.gif','cellpic3.gif','cellpic2.jpg','FAFAFA','FFFFFF','','row1','row2','','Verdana, Arial, Helvetica, sans-serif','Trebuchet MS','Courier, \'Courier New\', sans-serif',10,11,12,'444444','006600','FFA34F','','','',NULL,NULL);

--
-- Table structure for table `super2_themes_name`
--

CREATE TABLE `super2_themes_name` (
  `themes_id` smallint(5) unsigned NOT NULL DEFAULT '0',
  `tr_color1_name` char(50) DEFAULT NULL,
  `tr_color2_name` char(50) DEFAULT NULL,
  `tr_color3_name` char(50) DEFAULT NULL,
  `tr_class1_name` char(50) DEFAULT NULL,
  `tr_class2_name` char(50) DEFAULT NULL,
  `tr_class3_name` char(50) DEFAULT NULL,
  `th_color1_name` char(50) DEFAULT NULL,
  `th_color2_name` char(50) DEFAULT NULL,
  `th_color3_name` char(50) DEFAULT NULL,
  `th_class1_name` char(50) DEFAULT NULL,
  `th_class2_name` char(50) DEFAULT NULL,
  `th_class3_name` char(50) DEFAULT NULL,
  `td_color1_name` char(50) DEFAULT NULL,
  `td_color2_name` char(50) DEFAULT NULL,
  `td_color3_name` char(50) DEFAULT NULL,
  `td_class1_name` char(50) DEFAULT NULL,
  `td_class2_name` char(50) DEFAULT NULL,
  `td_class3_name` char(50) DEFAULT NULL,
  `fontface1_name` char(50) DEFAULT NULL,
  `fontface2_name` char(50) DEFAULT NULL,
  `fontface3_name` char(50) DEFAULT NULL,
  `fontsize1_name` char(50) DEFAULT NULL,
  `fontsize2_name` char(50) DEFAULT NULL,
  `fontsize3_name` char(50) DEFAULT NULL,
  `fontcolor1_name` char(50) DEFAULT NULL,
  `fontcolor2_name` char(50) DEFAULT NULL,
  `fontcolor3_name` char(50) DEFAULT NULL,
  `span_class1_name` char(50) DEFAULT NULL,
  `span_class2_name` char(50) DEFAULT NULL,
  `span_class3_name` char(50) DEFAULT NULL,
  PRIMARY KEY (`themes_id`)
) ENGINE=MyISAM DEFAULT CHARSET=latin1;

--
-- Dumping data for table `super2_themes_name`
--

INSERT INTO `super2_themes_name` VALUES (1,'The lightest row colour','The medium row color','The darkest row colour','','','','Border round the whole page','Outer table border','Inner table border','Silver gradient picture','Blue gradient picture','Fade-out gradient on index','Background for quote boxes','All white areas','','Background for topic posts','2nd background for topic posts','','Main fonts','Additional topic title font','Form fonts','Smallest font size','Medium font size','Normal font size (post body etc)','Quote & copyright text','Code text colour','Main table header text colour','','','');

--
-- Table structure for table `super2_topic_view`
--

CREATE TABLE `super2_topic_view` (
  `topic_id` mediumint(8) NOT NULL DEFAULT '0',
  `user_id` mediumint(8) NOT NULL DEFAULT '0',
  `view_time` int(11) NOT NULL DEFAULT '0',
  `view_count` int(11) NOT NULL DEFAULT '0'
) ENGINE=MyISAM DEFAULT CHARSET=latin1;

--
-- Dumping data for table `super2_topic_view`
--


--
-- Table structure for table `super2_topics`
--

CREATE TABLE `super2_topics` (
  `topic_id` mediumint(8) unsigned NOT NULL AUTO_INCREMENT,
  `forum_id` smallint(8) unsigned NOT NULL DEFAULT '0',
  `topic_title` varchar(60) NOT NULL DEFAULT '',
  `topic_poster` mediumint(8) NOT NULL DEFAULT '0',
  `topic_time` int(11) NOT NULL DEFAULT '0',
  `topic_views` mediumint(8) unsigned NOT NULL DEFAULT '0',
  `topic_replies` mediumint(8) unsigned NOT NULL DEFAULT '0',
  `topic_status` tinyint(3) NOT NULL DEFAULT '0',
  `topic_vote` tinyint(1) NOT NULL DEFAULT '0',
  `topic_type` tinyint(3) NOT NULL DEFAULT '0',
  `topic_first_post_id` mediumint(8) unsigned NOT NULL DEFAULT '0',
  `topic_last_post_id` mediumint(8) unsigned NOT NULL DEFAULT '0',
  `topic_moved_id` mediumint(8) unsigned NOT NULL DEFAULT '0',
  `topic_attachment` tinyint(1) NOT NULL DEFAULT '0',
  `topic_icon` tinyint(2) unsigned NOT NULL DEFAULT '0',
  `topic_expire` int(255) unsigned NOT NULL DEFAULT '0',
  `topic_color` varchar(25) DEFAULT NULL,
  `topic_title_e` varchar(100) NOT NULL DEFAULT '',
  PRIMARY KEY (`topic_id`),
  KEY `forum_id` (`forum_id`),
  KEY `topic_moved_id` (`topic_moved_id`),
  KEY `topic_status` (`topic_status`),
  KEY `topic_type` (`topic_type`)
) ENGINE=MyISAM AUTO_INCREMENT=57 DEFAULT CHARSET=latin1;

--
-- Dumping data for table `super2_topics`
--

INSERT INTO `super2_topics` VALUES (14,10,'M??j ulubiony Pokemon - Treecko',2,1141146448,25,7,0,0,0,17,174,0,0,0,0,'',''),(9,24,'Muj ulubiony kawal :)',3,1141097523,21,5,0,0,0,11,135,0,0,0,0,'',''),(10,17,'Regulamin!',2,1141146095,13,0,0,0,3,13,13,0,0,0,0,'',''),(11,18,'Propozycje na forum.',2,1141146182,29,8,0,0,0,14,58,0,0,0,0,'',''),(12,22,'Wasza ulubiona gra.',2,1141146269,23,5,0,0,0,15,134,0,0,0,0,'',''),(13,15,'Wasz ulubiony Digimon',2,1141146355,12,3,0,0,0,16,178,0,0,0,0,'',''),(15,3,'Sonic Rush',3,1141146590,17,5,0,0,0,18,164,0,0,0,0,'',''),(16,2,'Shadow the Hedgehog',3,1141146862,36,10,0,0,0,19,162,0,0,0,0,'',''),(17,3,'Sonic Riders!',3,1141146966,27,11,0,0,0,20,163,0,0,0,0,'',''),(18,20,'Zwierz??ta',3,1141147270,25,9,0,0,0,23,170,0,0,0,0,'',''),(19,25,'Ciekawe linki',3,1141147573,25,6,0,0,0,24,173,0,0,0,0,'',''),(20,23,'Sk8',3,1141147642,16,6,0,0,0,25,136,0,0,0,0,'',''),(21,7,'Moje rysunki',3,1141148051,31,8,0,0,0,27,166,0,0,0,0,'',''),(22,27,'Cze¶?¦',4,1141148535,29,10,0,0,0,30,169,0,0,0,0,'',''),(23,30,'Yoh',5,1141149695,4,0,0,0,0,56,56,0,0,0,0,'',''),(24,30,'Zick',5,1141149857,3,0,0,0,0,57,57,0,0,0,0,'',''),(25,9,'Ulubiony Bdaman',5,1141150367,2,0,0,0,0,60,60,0,0,0,0,'',''),(26,9,'Ulubiona posta?¦',5,1141150499,2,0,0,0,0,61,61,0,0,0,0,'',''),(27,9,'Tuning',5,1141150568,2,0,0,0,0,62,62,0,0,0,0,'',''),(28,13,'BeyBlade',5,1141152414,3,0,0,0,0,69,69,0,0,0,0,'',''),(29,13,'Ulubiony beyblade',5,1141152476,7,2,0,0,0,70,130,0,0,0,0,'',''),(30,13,'Jakiego beyblade macie',5,1141152531,2,0,0,0,0,71,71,0,0,0,0,'',''),(31,13,'wasz ulubiony BitBeast',5,1141152622,2,0,0,0,0,72,72,0,0,0,0,'',''),(32,13,'Tuning',5,1141152792,5,0,0,0,0,73,73,0,0,0,0,'',''),(33,13,'wyÂ???tnia',5,1141152963,2,0,0,0,0,74,74,0,0,0,0,'',''),(34,13,'ulubiona walka',5,1141153023,2,0,0,0,0,75,75,0,0,0,0,'',''),(35,18,'Grupy',5,1141155018,30,10,0,0,0,76,176,0,0,0,0,'',''),(37,18,'Przygody',5,1141158565,35,12,0,0,0,80,167,0,0,0,0,'',''),(39,4,'Sonic underground - screeny',7,1141207338,11,3,0,0,0,119,165,0,0,0,0,'','tutaj s± screeny z odcink??w'),(40,32,'Zapisy',5,1141228765,8,0,0,0,1,126,126,0,0,0,0,'',''),(41,32,'WaÂ?ne Regulamin',5,1141229017,9,0,1,0,2,127,127,0,0,0,0,'',''),(42,11,'Co to za go¶ciu',5,1141230484,2,0,0,0,0,137,137,0,0,0,0,'',''),(43,20,'Lego',5,1141290992,2,0,0,0,0,138,138,0,0,0,0,'',''),(44,9,'jakiego macie Bdamana',5,1141291125,5,0,0,0,0,139,139,0,0,0,0,'',''),(45,9,'Ulubiona walka',5,1141291389,1,0,0,0,0,140,140,0,0,0,0,'',''),(46,9,'Bdaman',5,1141291454,1,0,0,0,0,141,141,0,0,0,0,'',''),(47,2,'Sonic',5,1141291581,2,0,0,0,0,142,142,0,0,0,0,'',''),(48,2,'Tikal',5,1141291615,1,0,0,0,0,143,143,0,0,0,0,'',''),(49,2,'Knuckles',5,1141291650,1,0,0,0,0,144,144,0,0,0,0,'',''),(50,2,'Amy',5,1141291717,1,0,0,0,0,145,145,0,0,0,0,'',''),(51,2,'Cosmo',5,1141291769,1,0,0,0,0,146,146,0,0,0,0,'',''),(52,2,'Talis',5,1141291824,1,0,0,0,0,147,147,0,0,0,0,'',''),(53,2,'Cream i cheese',5,1141291863,1,0,0,0,0,148,148,0,0,0,0,'',''),(54,2,'Rouge',5,1141291911,2,0,0,0,0,149,149,0,0,0,0,'',''),(55,2,'Team Chaotix',5,1141291964,3,0,0,0,0,150,150,0,0,0,0,'',''),(56,2,'Chris',5,1141292018,2,0,0,0,0,151,151,0,0,0,0,'','');

--
-- Table structure for table `super2_topics_ignore`
--

CREATE TABLE `super2_topics_ignore` (
  `topic_id` mediumint(8) unsigned NOT NULL AUTO_INCREMENT,
  `user_id` mediumint(8) NOT NULL DEFAULT '0',
  PRIMARY KEY (`topic_id`,`user_id`)
) ENGINE=MyISAM DEFAULT CHARSET=latin1;

--
-- Dumping data for table `super2_topics_ignore`
--


--
-- Table structure for table `super2_topics_watch`
--

CREATE TABLE `super2_topics_watch` (
  `topic_id` mediumint(8) unsigned NOT NULL DEFAULT '0',
  `user_id` mediumint(8) NOT NULL DEFAULT '0',
  `notify_status` tinyint(1) NOT NULL DEFAULT '0',
  KEY `topic_id` (`topic_id`),
  KEY `user_id` (`user_id`),
  KEY `notify_status` (`notify_status`)
) ENGINE=MyISAM DEFAULT CHARSET=latin1;

--
-- Dumping data for table `super2_topics_watch`
--

INSERT INTO `super2_topics_watch` VALUES (19,6,0),(14,6,0),(35,6,0);

--
-- Table structure for table `super2_user_group`
--

CREATE TABLE `super2_user_group` (
  `group_id` mediumint(8) NOT NULL DEFAULT '0',
  `user_id` mediumint(8) NOT NULL DEFAULT '0',
  `user_pending` tinyint(1) DEFAULT NULL,
  KEY `group_id` (`group_id`),
  KEY `user_id` (`user_id`)
) ENGINE=MyISAM DEFAULT CHARSET=latin1;

--
-- Dumping data for table `super2_user_group`
--

INSERT INTO `super2_user_group` VALUES (1,-1,0),(2,2,0),(3,3,0),(4,4,0),(5,5,0),(6,6,0),(7,7,0),(8,8,0),(9,9,0),(10,10,0);

--
-- Table structure for table `super2_users`
--

CREATE TABLE `super2_users` (
  `user_id` mediumint(8) NOT NULL DEFAULT '0',
  `user_active` tinyint(1) DEFAULT '1',
  `username` varchar(25) NOT NULL DEFAULT '',
  `user_password` varchar(32) NOT NULL DEFAULT '',
  `user_session_time` int(11) NOT NULL DEFAULT '0',
  `user_session_page` smallint(5) NOT NULL DEFAULT '0',
  `user_lastvisit` int(11) NOT NULL DEFAULT '0',
  `user_regdate` int(11) NOT NULL DEFAULT '0',
  `user_level` tinyint(4) DEFAULT '0',
  `user_posts` mediumint(8) unsigned NOT NULL DEFAULT '0',
  `user_timezone` decimal(5,2) NOT NULL DEFAULT '0.00',
  `user_style` tinyint(4) DEFAULT NULL,
  `user_lang` varchar(255) DEFAULT NULL,
  `user_dateformat` varchar(14) NOT NULL DEFAULT 'd M Y H:i',
  `user_new_privmsg` smallint(5) unsigned NOT NULL DEFAULT '0',
  `user_unread_privmsg` smallint(5) unsigned NOT NULL DEFAULT '0',
  `user_last_privmsg` int(11) NOT NULL DEFAULT '0',
  `user_emailtime` int(11) DEFAULT NULL,
  `user_viewemail` tinyint(1) DEFAULT '1',
  `user_attachsig` tinyint(1) DEFAULT '1',
  `user_allowhtml` tinyint(1) DEFAULT '1',
  `user_allowbbcode` tinyint(1) DEFAULT '1',
  `user_allowsmile` tinyint(1) DEFAULT '1',
  `user_allowavatar` tinyint(1) NOT NULL DEFAULT '1',
  `user_allowsig` tinyint(1) NOT NULL DEFAULT '1',
  `user_allow_pm` tinyint(1) NOT NULL DEFAULT '1',
  `user_allow_viewonline` tinyint(1) NOT NULL DEFAULT '1',
  `user_notify` tinyint(1) NOT NULL DEFAULT '1',
  `user_notify_pm` tinyint(1) NOT NULL DEFAULT '1',
  `user_popup_pm` tinyint(1) NOT NULL DEFAULT '0',
  `user_rank` int(11) DEFAULT '0',
  `user_avatar` varchar(100) DEFAULT NULL,
  `user_avatar_type` tinyint(4) NOT NULL DEFAULT '0',
  `user_email` varchar(255) DEFAULT NULL,
  `user_icq` varchar(15) DEFAULT NULL,
  `user_website` varchar(100) DEFAULT NULL,
  `user_from` varchar(100) DEFAULT NULL,
  `user_sig` text,
  `user_sig_bbcode_uid` varchar(10) DEFAULT NULL,
  `user_sig_image` varchar(100) NOT NULL DEFAULT '',
  `user_allow_signature` tinyint(1) unsigned NOT NULL DEFAULT '1',
  `user_allow_sig_image` tinyint(1) unsigned NOT NULL DEFAULT '1',
  `user_aim` varchar(255) DEFAULT NULL,
  `user_yim` varchar(255) DEFAULT NULL,
  `user_msnm` varchar(255) DEFAULT NULL,
  `user_occ` varchar(100) DEFAULT NULL,
  `user_interests` varchar(255) DEFAULT NULL,
  `user_actkey` varchar(32) DEFAULT NULL,
  `user_newpasswd` varchar(32) DEFAULT NULL,
  `user_posts_per_page` varchar(5) DEFAULT '15',
  `user_topics_per_page` varchar(5) DEFAULT '15',
  `user_hot_threshold` varchar(5) DEFAULT '35',
  `user_birthday` int(11) NOT NULL DEFAULT '999999',
  `user_next_birthday_greeting` int(11) NOT NULL DEFAULT '0',
  `user_custom_rank` varchar(255) DEFAULT NULL,
  `user_photo` varchar(100) DEFAULT NULL,
  `user_photo_type` tinyint(4) NOT NULL DEFAULT '0',
  `user_custom_color` varchar(6) DEFAULT NULL,
  `user_showavatars` tinyint(1) DEFAULT '1',
  `page_avatar` tinyint(1) DEFAULT '1',
  `user_traffic` int(255) NOT NULL DEFAULT '999999',
  `user_badlogin` smallint(5) NOT NULL DEFAULT '0',
  `user_blocktime` int(11) NOT NULL DEFAULT '0',
  `user_block_by` varchar(8) DEFAULT NULL,
  `disallow_forums` varchar(99) DEFAULT NULL,
  `can_custom_ranks` tinyint(1) NOT NULL DEFAULT '1',
  `can_custom_color` tinyint(1) NOT NULL DEFAULT '1',
  `user_gender` tinyint(4) NOT NULL DEFAULT '0',
  `user_sub_forum` tinyint(1) NOT NULL DEFAULT '1',
  `user_split_cat` tinyint(1) NOT NULL DEFAULT '0',
  `user_last_topic_title` tinyint(1) NOT NULL DEFAULT '1',
  `user_sub_level_links` tinyint(1) NOT NULL DEFAULT '2',
  `user_display_viewonline` tinyint(1) NOT NULL DEFAULT '2',
  `view_ignore_topics` tinyint(1) DEFAULT '1',
  `can_topic_color` tinyint(1) NOT NULL DEFAULT '1',
  `user_notify_gg` tinyint(1) NOT NULL DEFAULT '0',
  `allowpm` tinyint(1) DEFAULT '1',
  `no_report_popup` tinyint(1) NOT NULL DEFAULT '0',
  `refresh_report_popup` tinyint(1) NOT NULL DEFAULT '0',
  `no_report_mail` tinyint(1) NOT NULL DEFAULT '0',
  `user_avatar_width` smallint(6) DEFAULT NULL,
  `user_avatar_height` smallint(6) DEFAULT NULL,
  `special_rank` mediumint(8) unsigned DEFAULT NULL,
  `user_allow_helped` tinyint(1) unsigned NOT NULL DEFAULT '1',
  `user_ip` varchar(8) DEFAULT '',
  PRIMARY KEY (`user_id`),
  KEY `user_session_time` (`user_session_time`)
) ENGINE=MyISAM DEFAULT CHARSET=latin1;

--
-- Dumping data for table `super2_users`
--

INSERT INTO `super2_users` VALUES (-1,0,'Anonymous','',0,0,0,1141091270,0,0,'1.00',NULL,'polish','',0,0,0,NULL,0,1,1,1,1,1,1,0,1,0,1,0,0,'',0,'','','','','',NULL,'',1,1,'','','','','','','','15','35','35',999999,0,NULL,NULL,0,NULL,1,1,999999,0,0,NULL,NULL,1,1,0,1,0,1,2,2,1,1,0,1,0,0,0,NULL,NULL,NULL,1,''),(2,1,'trazap','asdfasdf',1154631049,0,1154630998,1141091270,1,12,'1.00',1,'polish','Y-m-d, H:i',0,0,1141696463,NULL,1,1,1,1,1,1,1,1,1,0,1,1,1,'7230266884403b3b496778.jpg',1,'trazap@wp.pl','','','WrocÂ?aw','','','',1,1,'','','','Ucze?±','Sonic, Dragon Ball, Anime...','','','15','35','35',-3946,2007,'M??j ulubiony Pokemon',NULL,0,'FF3300',1,1,999999,0,0,NULL,'',1,1,1,1,0,1,2,2,1,1,0,1,0,0,0,NULL,NULL,NULL,1,'530f5362'),(3,1,'Sir_Hagall','lorcia',1145320883,-4,1145126475,1141092852,1,30,'1.00',1,'polish','Y-m-d, H:i',0,0,0,NULL,0,1,1,1,1,1,1,1,1,0,1,1,1,'1598955708440488dad80f0.png',1,'hagall88@tlen.pl','','','','Her eyes become of paradise, she softly speaks my name\r\nShe brightens every lonely night, no one&#8217;s quite the same\r\nShe calls me on the telephone, she says be there by eight\r\nTonight&#8217;s the night she&#8217;s moving in, it&#8217;s time to celebrate','5dc25b116c','',1,1,'','','','uczen','sonic, rpg, imprezy, wino, dziewczyny itp :)','',NULL,'15','25','30',6734,2007,'Lord Chaosu','',0,'FF3300',1,1,999999,0,0,NULL,'',1,1,1,1,0,1,2,2,1,1,0,1,0,0,0,NULL,NULL,NULL,1,'531a3069'),(4,1,'Cuda','cudak',1141180237,0,1141177297,1141148370,0,12,'1.00',1,'polish','Y-m-d, H:i',0,0,0,NULL,0,1,1,1,1,1,1,1,1,0,1,1,0,'http://www.nimbacreations.com/Library/terminator-marine.jpg',2,'cudacuda@wp.pl','','','Wa-wa','[img:8cb3004fe7]http://showcase.netins.net/web/drewwilson/sig%20BoW.jpg[/img:8cb3004fe7]','8cb3004fe7','',1,1,'585721','','','ucze?±','tajemnica :P','',NULL,'15','25','30',999999,0,'Kapitan','',0,'',1,1,999999,0,0,NULL,'',1,1,1,1,0,1,2,2,1,1,0,1,0,0,0,143,145,NULL,1,'d44c25a2'),(5,1,'Thunder','konrad',1146080910,0,1146079996,1141148371,2,87,'1.00',1,'polish','Y-m-d, H:i',0,0,1143962916,NULL,0,1,1,1,1,1,1,1,1,0,1,0,0,'211876426644097b68caf55.jpg',1,'ijkk@tlen.pl','','','¶widnica','M??j duch obudziÂ? si??,ale dlaczego...','1a8fb58989','',1,1,'2912919','','','','Sonic','',NULL,'15','25','30',8810,2007,'Silny jak grom','',0,'FF9900',1,1,999999,0,0,NULL,NULL,1,1,1,1,1,1,2,2,1,1,0,1,0,0,0,NULL,NULL,NULL,1,'3e8dc646'),(6,1,'Grze¶','gj1995',1146076287,-19,1145538760,1141159778,0,4,'1.00',1,'polish','Y-m-d, H:i',0,0,0,NULL,0,1,1,1,1,1,1,1,1,1,1,1,0,'',0,'grzes.janaszek@neostrada.pl','','','','','','',1,1,'3899079','','','','','',NULL,'15','25','30',999999,0,'','',0,'',1,1,999999,0,0,NULL,NULL,1,1,1,1,0,1,2,2,1,1,0,1,0,0,0,NULL,NULL,NULL,1,'53158419'),(7,1,'klay92','3klapaucius',1141651990,0,1141225142,1141205718,0,20,'1.00',1,'polish','Y-m-d, H:i',0,0,0,NULL,0,1,1,1,1,1,1,1,1,0,1,1,0,'41912033244056ba0eceaf.jpg',1,'klay92@wp.pl','','http://blog.tenbit.pl/klay92','WySzK??W [;','','','',1,1,'1744094','','','','SoNiC X [;','',NULL,'15','25','30',8394,2006,'Niezniszczalna ;D','',0,'',1,1,999999,0,0,NULL,NULL,1,1,2,1,0,1,2,2,1,1,0,1,0,0,0,NULL,NULL,NULL,1,'53067656'),(8,1,'Izzy','mama',1144854834,0,1144786780,1144786536,0,1,'1.00',1,'polish','Y-m-d, H:i',0,0,0,NULL,0,1,1,1,1,1,1,1,1,0,1,1,0,'',0,'izzy_izumi@poczta.onet.pl','','','','','','',1,1,'','','','','','',NULL,'15','25','30',999999,0,'','',0,'',1,1,999999,0,0,NULL,NULL,1,1,0,1,0,1,2,2,1,1,0,1,0,0,0,NULL,NULL,NULL,1,'d962bbce'),(9,1,'Keksik','orzech',1154630997,15,1154630934,1154630915,0,0,'1.00',1,'polish','Y-m-d, H:i',0,0,0,NULL,0,1,1,1,1,1,1,1,1,0,1,1,0,'',0,'kenny2003@wp.pl','','','','','','',1,1,'','','','','','',NULL,'15','25','30',999999,0,'','',0,'',1,1,999999,0,0,NULL,NULL,1,1,0,1,0,1,2,2,1,1,0,1,0,0,0,NULL,NULL,NULL,1,'57cc26c6'),(10,1,'SuperSonic®','Barman16',1154631263,0,1154631263,1154631236,0,0,'1.00',1,'polish','Y-m-d, H:i',0,0,0,NULL,0,1,1,1,1,1,1,1,1,0,1,1,0,'',0,'przemek748@wp.pl','','','','','','',1,1,'','','','','','',NULL,'15','25','30',999999,0,'','',0,'',1,1,999999,0,0,NULL,NULL,1,1,0,1,0,1,2,2,1,1,0,1,0,0,0,NULL,NULL,NULL,1,'53eeb402');

--
-- Table structure for table `super2_users_warnings`
--

CREATE TABLE `super2_users_warnings` (
  `id` mediumint(8) unsigned NOT NULL AUTO_INCREMENT,
  `userid` mediumint(8) NOT NULL DEFAULT '0',
  `modid` mediumint(8) NOT NULL DEFAULT '0',
  `date` int(11) NOT NULL DEFAULT '0',
  `value` mediumint(8) NOT NULL DEFAULT '0',
  `reason` text,
  `archive` tinyint(1) NOT NULL DEFAULT '0',
  PRIMARY KEY (`id`)
) ENGINE=MyISAM DEFAULT CHARSET=latin1;

--
-- Dumping data for table `super2_users_warnings`
--


--
-- Table structure for table `super2_vote_desc`
--

CREATE TABLE `super2_vote_desc` (
  `vote_id` mediumint(8) unsigned NOT NULL AUTO_INCREMENT,
  `topic_id` mediumint(8) unsigned NOT NULL DEFAULT '0',
  `vote_text` text NOT NULL,
  `vote_start` int(11) NOT NULL DEFAULT '0',
  `vote_length` int(11) NOT NULL DEFAULT '0',
  `vote_max` int(3) NOT NULL DEFAULT '1',
  `vote_voted` int(7) NOT NULL DEFAULT '0',
  `vote_hide` tinyint(1) NOT NULL DEFAULT '0',
  `vote_tothide` tinyint(1) NOT NULL DEFAULT '0',
  PRIMARY KEY (`vote_id`),
  KEY `topic_id` (`topic_id`)
) ENGINE=MyISAM DEFAULT CHARSET=latin1;

--
-- Dumping data for table `super2_vote_desc`
--


--
-- Table structure for table `super2_vote_results`
--

CREATE TABLE `super2_vote_results` (
  `vote_id` mediumint(8) unsigned NOT NULL DEFAULT '0',
  `vote_option_id` tinyint(4) unsigned NOT NULL DEFAULT '0',
  `vote_option_text` varchar(255) NOT NULL DEFAULT '',
  `vote_result` int(11) NOT NULL DEFAULT '0',
  KEY `vote_option_id` (`vote_option_id`),
  KEY `vote_id` (`vote_id`)
) ENGINE=MyISAM DEFAULT CHARSET=latin1;

--
-- Dumping data for table `super2_vote_results`
--


--
-- Table structure for table `super2_vote_voters`
--

CREATE TABLE `super2_vote_voters` (
  `vote_id` mediumint(8) unsigned NOT NULL DEFAULT '0',
  `vote_user_id` mediumint(8) NOT NULL DEFAULT '0',
  `vote_user_ip` char(8) NOT NULL DEFAULT '',
  `vote_cast` tinyint(4) unsigned NOT NULL DEFAULT '0',
  KEY `vote_id` (`vote_id`),
  KEY `vote_user_id` (`vote_user_id`),
  KEY `vote_user_ip` (`vote_user_ip`)
) ENGINE=MyISAM DEFAULT CHARSET=latin1;

--
-- Dumping data for table `super2_vote_voters`
--


--
-- Table structure for table `super2_words`
--

CREATE TABLE `super2_words` (
  `word_id` mediumint(8) unsigned NOT NULL AUTO_INCREMENT,
  `word` varchar(100) NOT NULL DEFAULT '',
  `replacement` text NOT NULL,
  PRIMARY KEY (`word_id`)
) ENGINE=MyISAM DEFAULT CHARSET=latin1;

--
-- Dumping data for table `super2_words`
--


--
-- Table structure for table `superforum_album`
--

CREATE TABLE `superforum_album` (
  `pic_id` int(11) unsigned NOT NULL AUTO_INCREMENT,
  `pic_filename` varchar(255) NOT NULL DEFAULT '',
  `pic_thumbnail` varchar(255) DEFAULT NULL,
  `pic_title` varchar(255) NOT NULL DEFAULT '',
  `pic_desc` text,
  `pic_user_id` mediumint(8) NOT NULL DEFAULT '0',
  `pic_username` varchar(32) DEFAULT NULL,
  `pic_user_ip` varchar(8) NOT NULL DEFAULT '0',
  `pic_time` int(11) unsigned NOT NULL DEFAULT '0',
  `pic_cat_id` mediumint(8) unsigned NOT NULL DEFAULT '1',
  `pic_view_count` int(11) unsigned NOT NULL DEFAULT '0',
  `pic_lock` tinyint(3) NOT NULL DEFAULT '0',
  `pic_approval` tinyint(3) NOT NULL DEFAULT '1',
  PRIMARY KEY (`pic_id`),
  KEY `pic_cat_id` (`pic_cat_id`),
  KEY `pic_user_id` (`pic_user_id`),
  KEY `pic_time` (`pic_time`)
) ENGINE=MyISAM AUTO_INCREMENT=7 DEFAULT CHARSET=latin1;

--
-- Dumping data for table `superforum_album`
--

INSERT INTO `superforum_album` VALUES (6,'af8a9f4b3bc6ef0c9174b2b46051f5a7.jpg','af8a9f4b3bc6ef0c9174b2b46051f5a7.jpg','Zdjecie 4','opis zdjecia opis zdjecia opis zdjecia opis zdjecia',2,'Przemo','7f000001',1055091404,1,5,0,1),(3,'324c3dcd885b202cbe12358ab21e3073.jpg','324c3dcd885b202cbe12358ab21e3073.jpg','Zdjecie 2','',2,'Przemo','7f000001',1055091316,1,0,0,1),(5,'66738c6936cc0a48670409a2a85dcf7a.jpg','66738c6936cc0a48670409a2a85dcf7a.jpg','Las','LasLasLasLasLasLasLasLasLasLasLasLasLasLasLasLasLasLasLasLasLasLasLasLasLasLasLasLasLasLasLasLasLasLasLasLasLasLas',2,'Przemo','7f000001',1055091390,1,0,0,1);

--
-- Table structure for table `superforum_album_cat`
--

CREATE TABLE `superforum_album_cat` (
  `cat_id` mediumint(8) unsigned NOT NULL AUTO_INCREMENT,
  `cat_parent` mediumint(8) unsigned NOT NULL DEFAULT '0',
  `cat_type` tinyint(4) NOT NULL DEFAULT '0',
  `cat_title` varchar(255) NOT NULL DEFAULT '',
  `cat_desc` text,
  `cat_order` mediumint(8) NOT NULL DEFAULT '0',
  `cat_view_level` tinyint(3) NOT NULL DEFAULT '-1',
  `cat_upload_level` tinyint(3) NOT NULL DEFAULT '0',
  `cat_rate_level` tinyint(3) NOT NULL DEFAULT '0',
  `cat_comment_level` tinyint(3) NOT NULL DEFAULT '0',
  `cat_edit_level` tinyint(3) NOT NULL DEFAULT '0',
  `cat_delete_level` tinyint(3) NOT NULL DEFAULT '2',
  `cat_view_groups` varchar(255) DEFAULT NULL,
  `cat_upload_groups` varchar(255) DEFAULT NULL,
  `cat_rate_groups` varchar(255) DEFAULT NULL,
  `cat_comment_groups` varchar(255) DEFAULT NULL,
  `cat_edit_groups` varchar(255) DEFAULT NULL,
  `cat_delete_groups` varchar(255) DEFAULT NULL,
  `cat_moderator_groups` varchar(255) DEFAULT NULL,
  `cat_approval` tinyint(3) NOT NULL DEFAULT '0',
  PRIMARY KEY (`cat_id`),
  KEY `cat_order` (`cat_order`)
) ENGINE=MyISAM AUTO_INCREMENT=2 DEFAULT CHARSET=latin1;

--
-- Dumping data for table `superforum_album_cat`
--

INSERT INTO `superforum_album_cat` VALUES (1,0,0,'Przyroda','Tutaj dajemy zdj??cia krajobraz??w :)',10,-1,0,0,0,0,2,NULL,NULL,NULL,NULL,NULL,NULL,NULL,0);

--
-- Table structure for table `superforum_album_comment`
--

CREATE TABLE `superforum_album_comment` (
  `comment_id` int(11) unsigned NOT NULL AUTO_INCREMENT,
  `comment_pic_id` int(11) unsigned NOT NULL DEFAULT '0',
  `comment_user_id` mediumint(8) NOT NULL DEFAULT '0',
  `comment_username` varchar(32) DEFAULT NULL,
  `comment_user_ip` varchar(8) NOT NULL DEFAULT '',
  `comment_time` int(11) unsigned NOT NULL DEFAULT '0',
  `comment_text` text,
  `comment_edit_time` int(11) unsigned DEFAULT NULL,
  `comment_edit_count` smallint(5) unsigned NOT NULL DEFAULT '0',
  `comment_edit_user_id` mediumint(8) DEFAULT NULL,
  PRIMARY KEY (`comment_id`),
  KEY `comment_pic_id` (`comment_pic_id`),
  KEY `comment_user_id` (`comment_user_id`),
  KEY `comment_user_ip` (`comment_user_ip`),
  KEY `comment_time` (`comment_time`)
) ENGINE=MyISAM DEFAULT CHARSET=latin1;

--
-- Dumping data for table `superforum_album_comment`
--


--
-- Table structure for table `superforum_album_config`
--

CREATE TABLE `superforum_album_config` (
  `config_name` varchar(255) NOT NULL DEFAULT '',
  `config_value` varchar(255) NOT NULL DEFAULT '',
  PRIMARY KEY (`config_name`)
) ENGINE=MyISAM DEFAULT CHARSET=latin1;

--
-- Dumping data for table `superforum_album_config`
--

INSERT INTO `superforum_album_config` VALUES ('max_pics','1024'),('user_pics_limit','50'),('mod_pics_limit','250'),('max_file_size','128000'),('max_width','800'),('max_height','600'),('rows_per_page','3'),('cols_per_page','4'),('fullpic_popup','1'),('thumbnail_quality','50'),('thumbnail_size','125'),('thumbnail_cache','1'),('sort_method','pic_time'),('sort_order','DESC'),('jpg_allowed','1'),('png_allowed','1'),('gif_allowed','0'),('desc_length','512'),('hotlink_prevent','0'),('hotlink_allowed',''),('personal_gallery','0'),('personal_gallery_private','0'),('personal_gallery_limit','10'),('personal_gallery_view','-1'),('rate','1'),('rate_scale','10'),('comment','1'),('gd_version','1'),('album_version','.0.51');

--
-- Table structure for table `superforum_album_rate`
--

CREATE TABLE `superforum_album_rate` (
  `rate_pic_id` int(11) unsigned NOT NULL DEFAULT '0',
  `rate_user_id` mediumint(8) NOT NULL DEFAULT '0',
  `rate_user_ip` char(8) NOT NULL DEFAULT '',
  `rate_point` tinyint(3) unsigned NOT NULL DEFAULT '0',
  KEY `rate_pic_id` (`rate_pic_id`),
  KEY `rate_user_id` (`rate_user_id`),
  KEY `rate_user_ip` (`rate_user_ip`),
  KEY `rate_point` (`rate_point`)
) ENGINE=MyISAM DEFAULT CHARSET=latin1;

--
-- Dumping data for table `superforum_album_rate`
--


--
-- Table structure for table `superforum_anti_robotic_reg`
--

CREATE TABLE `superforum_anti_robotic_reg` (
  `session_id` char(32) NOT NULL DEFAULT '',
  `reg_key` char(4) NOT NULL DEFAULT '',
  `timestamp` int(10) unsigned NOT NULL DEFAULT '0',
  PRIMARY KEY (`session_id`)
) ENGINE=MyISAM DEFAULT CHARSET=latin1;

--
-- Dumping data for table `superforum_anti_robotic_reg`
--


--
-- Table structure for table `superforum_attach_quota`
--

CREATE TABLE `superforum_attach_quota` (
  `user_id` mediumint(8) unsigned NOT NULL DEFAULT '0',
  `group_id` mediumint(8) unsigned NOT NULL DEFAULT '0',
  `quota_type` smallint(2) NOT NULL DEFAULT '0',
  `quota_limit_id` mediumint(8) unsigned NOT NULL DEFAULT '0',
  KEY `quota_type` (`quota_type`)
) ENGINE=MyISAM DEFAULT CHARSET=latin1;

--
-- Dumping data for table `superforum_attach_quota`
--


--
-- Table structure for table `superforum_attachments`
--

CREATE TABLE `superforum_attachments` (
  `attach_id` mediumint(8) unsigned NOT NULL DEFAULT '0',
  `post_id` mediumint(8) unsigned NOT NULL DEFAULT '0',
  `privmsgs_id` mediumint(8) unsigned NOT NULL DEFAULT '0',
  `user_id_1` mediumint(8) NOT NULL DEFAULT '0',
  `user_id_2` mediumint(8) NOT NULL DEFAULT '0',
  KEY `attach_id_post_id` (`attach_id`,`post_id`),
  KEY `attach_id_privmsgs_id` (`attach_id`,`privmsgs_id`)
) ENGINE=MyISAM DEFAULT CHARSET=latin1;

--
-- Dumping data for table `superforum_attachments`
--


--
-- Table structure for table `superforum_attachments_config`
--

CREATE TABLE `superforum_attachments_config` (
  `config_name` varchar(255) NOT NULL DEFAULT '',
  `config_value` varchar(255) NOT NULL DEFAULT '',
  PRIMARY KEY (`config_name`)
) ENGINE=MyISAM DEFAULT CHARSET=latin1;

--
-- Dumping data for table `superforum_attachments_config`
--

INSERT INTO `superforum_attachments_config` VALUES ('upload_dir','files'),('upload_img','images/icon_clip.gif'),('topic_icon','images/icon_clip.gif'),('display_order','0'),('max_filesize','262144'),('attachment_quota','52428800'),('max_filesize_pm','262144'),('max_attachments','10'),('max_attachments_pm','1'),('disable_mod','0'),('allow_pm_attach','1'),('attachment_topic_review','1'),('allow_ftp_upload','0'),('show_apcp','0'),('ftp_server',''),('ftp_path',''),('download_path',''),('ftp_user',''),('ftp_pass',''),('img_display_inlined','1'),('img_max_width','0'),('img_max_height','0'),('img_link_width','0'),('img_link_height','0'),('img_create_thumbnail','1'),('img_min_thumb_filesize','12000'),('img_imagick',''),('wma_autoplay','0'),('flash_autoplay','0'),('attach_version','2.3.9'),('default_upload_quota','0'),('default_pm_quota','0'),('ftp_pasv_mode','1'),('use_gd2','0');

--
-- Table structure for table `superforum_attachments_desc`
--

CREATE TABLE `superforum_attachments_desc` (
  `attach_id` mediumint(8) unsigned NOT NULL AUTO_INCREMENT,
  `physical_filename` varchar(255) NOT NULL DEFAULT '',
  `real_filename` varchar(255) NOT NULL DEFAULT '',
  `download_count` mediumint(8) unsigned NOT NULL DEFAULT '0',
  `comment` varchar(255) DEFAULT NULL,
  `extension` varchar(100) DEFAULT NULL,
  `mimetype` varchar(100) DEFAULT NULL,
  `filesize` int(20) NOT NULL DEFAULT '0',
  `filetime` int(11) NOT NULL DEFAULT '0',
  `thumbnail` tinyint(1) NOT NULL DEFAULT '0',
  PRIMARY KEY (`attach_id`),
  KEY `filetime` (`filetime`),
  KEY `physical_filename` (`physical_filename`(10)),
  KEY `filesize` (`filesize`)
) ENGINE=MyISAM DEFAULT CHARSET=latin1;

--
-- Dumping data for table `superforum_attachments_desc`
--


--
-- Table structure for table `superforum_auth_access`
--

CREATE TABLE `superforum_auth_access` (
  `group_id` mediumint(8) NOT NULL DEFAULT '0',
  `forum_id` smallint(5) unsigned NOT NULL DEFAULT '0',
  `auth_view` tinyint(1) NOT NULL DEFAULT '0',
  `auth_read` tinyint(1) NOT NULL DEFAULT '0',
  `auth_post` tinyint(1) NOT NULL DEFAULT '0',
  `auth_reply` tinyint(1) NOT NULL DEFAULT '0',
  `auth_edit` tinyint(1) NOT NULL DEFAULT '0',
  `auth_delete` tinyint(1) NOT NULL DEFAULT '0',
  `auth_sticky` tinyint(1) NOT NULL DEFAULT '0',
  `auth_announce` tinyint(1) NOT NULL DEFAULT '0',
  `auth_globalannounce` tinyint(1) NOT NULL DEFAULT '0',
  `auth_vote` tinyint(1) NOT NULL DEFAULT '0',
  `auth_pollcreate` tinyint(1) NOT NULL DEFAULT '0',
  `auth_attachments` tinyint(1) NOT NULL DEFAULT '0',
  `auth_mod` tinyint(1) NOT NULL DEFAULT '0',
  `auth_download` tinyint(1) NOT NULL DEFAULT '0',
  KEY `group_id` (`group_id`),
  KEY `forum_id` (`forum_id`)
) ENGINE=MyISAM DEFAULT CHARSET=latin1;

--
-- Dumping data for table `superforum_auth_access`
--


--
-- Table structure for table `superforum_banlist`
--

CREATE TABLE `superforum_banlist` (
  `ban_id` mediumint(8) unsigned NOT NULL AUTO_INCREMENT,
  `ban_userid` mediumint(8) NOT NULL DEFAULT '0',
  `ban_ip` varchar(8) NOT NULL DEFAULT '',
  `ban_email` varchar(255) DEFAULT NULL,
  `ban_time` int(11) DEFAULT NULL,
  `ban_expire_time` int(11) DEFAULT NULL,
  `ban_by_userid` mediumint(8) DEFAULT NULL,
  `ban_by` text,
  `ban_priv_reason` text,
  `ban_pub_reason_mode` tinyint(1) DEFAULT NULL,
  `ban_pub_reason` text,
  `ban_reason` text,
  PRIMARY KEY (`ban_id`),
  KEY `ban_ip_user_id` (`ban_ip`,`ban_userid`)
) ENGINE=MyISAM DEFAULT CHARSET=latin1;

--
-- Dumping data for table `superforum_banlist`
--


--
-- Table structure for table `superforum_birthday`
--

CREATE TABLE `superforum_birthday` (
  `user_id` varchar(9) NOT NULL DEFAULT '',
  `send_user_id` varchar(9) NOT NULL DEFAULT '',
  `send_year` int(11) NOT NULL DEFAULT '0',
  PRIMARY KEY (`user_id`,`send_user_id`,`send_year`)
) ENGINE=MyISAM DEFAULT CHARSET=latin1;

--
-- Dumping data for table `superforum_birthday`
--


--
-- Table structure for table `superforum_categories`
--

CREATE TABLE `superforum_categories` (
  `cat_id` mediumint(8) unsigned NOT NULL AUTO_INCREMENT,
  `cat_title` varchar(100) DEFAULT NULL,
  `cat_order` mediumint(8) unsigned NOT NULL DEFAULT '0',
  `cat_main_type` char(1) DEFAULT NULL,
  `cat_main` mediumint(8) unsigned NOT NULL DEFAULT '0',
  `cat_desc` text NOT NULL,
  PRIMARY KEY (`cat_id`),
  KEY `cat_order` (`cat_order`)
) ENGINE=MyISAM AUTO_INCREMENT=5 DEFAULT CHARSET=latin1;

--
-- Dumping data for table `superforum_categories`
--

INSERT INTO `superforum_categories` VALUES (1,'GÂ???wna kategoria forum',10,'c',0,'GÂ???wna kategoria forum'),(4,'Kategoria Portal i Sondy',80,'c',1,''),(3,'Kategoria SubFor',40,'f',2,'');

--
-- Table structure for table `superforum_chatbox`
--

CREATE TABLE `superforum_chatbox` (
  `id` int(11) NOT NULL AUTO_INCREMENT,
  `name` varchar(99) NOT NULL DEFAULT '',
  `msg` varchar(255) NOT NULL DEFAULT '',
  `timestamp` int(10) unsigned NOT NULL DEFAULT '0',
  PRIMARY KEY (`id`)
) ENGINE=MyISAM DEFAULT CHARSET=latin1;

--
-- Dumping data for table `superforum_chatbox`
--


--
-- Table structure for table `superforum_chatbox_session`
--

CREATE TABLE `superforum_chatbox_session` (
  `username` varchar(99) NOT NULL DEFAULT '',
  `lastactive` int(10) NOT NULL DEFAULT '0',
  `laststatus` varchar(8) NOT NULL DEFAULT '',
  UNIQUE KEY `username` (`username`)
) ENGINE=MyISAM DEFAULT CHARSET=latin1;

--
-- Dumping data for table `superforum_chatbox_session`
--


--
-- Table structure for table `superforum_config`
--

CREATE TABLE `superforum_config` (
  `config_name` varchar(255) NOT NULL DEFAULT '',
  `config_value` text NOT NULL,
  PRIMARY KEY (`config_name`)
) ENGINE=MyISAM DEFAULT CHARSET=latin1;

--
-- Dumping data for table `superforum_config`
--

INSERT INTO `superforum_config` VALUES ('config_id','1'),('board_disable',''),('sitename','Nazwa twojego forum'),('site_desc','Kr??tki tekst opisuj±cy twoje forum'),('cookie_name','phpbb2mysql'),('cookie_path','/'),('cookie_domain','blahtemp.no-ip.org'),('cookie_secure','0'),('session_length','3600'),('allow_html','0'),('allow_html_tags','b,i,u,pre'),('allow_bbcode','1'),('allow_smilies','1'),('allow_sig','1'),('allow_namechange','0'),('allow_theme_create','1'),('allow_avatar_local','1'),('allow_avatar_remote','1'),('allow_avatar_upload','1'),('override_user_style','0'),('posts_per_page','15'),('topics_per_page','25'),('hot_threshold','30'),('max_poll_options','30'),('max_sig_chars','255'),('max_inbox_privmsgs','50'),('max_sentbox_privmsgs','25'),('max_savebox_privmsgs','50'),('board_email_sig','Administrator Forum'),('board_email','trazap@wp.pl'),('smtp_delivery','0'),('smtp_host',''),('smtp_username',''),('smtp_password',''),('require_activation','0'),('flood_interval','20'),('board_email_form','0'),('avatar_filesize','12144'),('avatar_max_width','80'),('avatar_max_height','80'),('avatar_path','images/avatars'),('avatar_gallery_path','images/avatars/gallery'),('smilies_path','images/smiles'),('default_style','1'),('default_dateformat','Y-m-d, H:i'),('board_timezone','1.00'),('prune_enable','0'),('privmsg_disable','0'),('gzip_compress','1'),('coppa_fax',''),('coppa_mail',''),('record_online_users','0'),('record_online_date','0'),('server_name','blahtemp.no-ip.org'),('server_port','80'),('script_path','/superforum/superforum/'),('version','Powered by <a href=\"http://phpbb.com\" class=\"copyright\" target=\"_blank\">phpBB</a> modified v1.9 by <a href=\"http://www.przemo.org/phpBB2/\" class=\"copyright\" target=\"_blank\">Przemo</a> &copy; 2003 phpBB Group'),('allow_photo_remote','1'),('allow_photo_upload','1'),('photo_filesize','40000'),('photo_max_height','200'),('photo_max_width','200'),('photo_path','images/photos'),('allow_custom_rank','0'),('birthday_greeting','1'),('max_user_age','100'),('min_user_age','5'),('birthday_check_day','7'),('cload','0'),('cchat','1'),('cstat','1'),('cregist','1'),('cstyles','1'),('ccount','1'),('cchat2','1'),('cbirth','1'),('cpost','1'),('ctop','1'),('cfriend','1'),('cage','1'),('cjoin','1'),('cfrom','1'),('cposts','1'),('clevell','0'),('cleveld','0'),('cglow','1'),('cfreak','1'),('cignore','1'),('cquick','1'),('cgg','1'),('csearch','1'),('cicq','0'),('cllogin','1'),('clevelp','1'),('cyahoo','0'),('cmsn','0'),('cjob','0'),('cinter','1'),('cemail','1'),('cbbcode','0'),('chtml','0'),('csmiles','0'),('cpppage','1'),('clang','1'),('ctimezone','1'),('cdatefor','1'),('cbstyle','1'),('refresh','0'),('meta_keywords',''),('meta_description',''),('cavatar','1'),('clog','0'),('cagent','1'),('login_require','0'),('crestrict','0'),('validate','0'),('button_b','1'),('button_i','1'),('button_u','1'),('button_q','1'),('button_c','1'),('button_l','1'),('button_im','1'),('button_ur','1'),('button_ce','1'),('button_f','1'),('button_s','1'),('button_hi','1'),('color_box','1'),('size_box','1'),('glow_box','1'),('freak','1'),('allow_bbcode_quest','0'),('google','1'),('sql','http://'),('cregist_b','0'),('allow_custom_color','0'),('custom_color_view','0'),('custom_color_use','0'),('post_icon','1'),('auto_date','1'),('newest','1'),('download','1'),('ipview','0'),('show_badwords','1'),('album_gallery','1'),('address_whois','http://ripe.net/perl/whois?form_type=simple&amp;full_query_string=&amp;searchtext='),('u_o_t_d','1'),('group_rank_hack_version','1.0.0'),('expire','1'),('expire_value','0'),('numer_gg',''),('haslo_gg',''),('block_time','15'),('max_login_error','10'),('min_password_len','3'),('force_complex_password','0'),('password_not_login','0'),('del_user_notify','1'),('require_aim','0'),('require_website','0'),('require_location','0'),('post_footer','1'),('graphic','1'),('max_sig_custom_rank','20'),('max_sig_location','20'),('custom_color_mod','0'),('custom_rank_mod','0'),('allow_sig_image','1'),('sig_images_path','images/signatures'),('sig_image_filesize','30000'),('sig_image_max_width','400'),('sig_image_max_height','50'),('hide_viewed_admin','0'),('hide_edited_admin','0'),('who_viewed','0'),('who_viewed_admin','0'),('edit_time','0'),('read_tracking','1'),('sort_methods','1'),('gender','1'),('require_gender','0'),('main_admin_id',''),('day_to_prune','30'),('banner_top',''),('banner_top_enable','0'),('banner_bottom',''),('banner_bottom_enable','0'),('header_enable','0'),('not_edit_admin','1'),('staff_forums','1'),('staff_enable','1'),('smilies_columns','4'),('smilies_rows','8'),('smilies_w_columns','8'),('generate_time','0'),('name_color',''),('desc_color',''),('mod_nick_color',''),('warnings_enable','1'),('mod_warnings','1'),('mod_edit_warnings','0'),('mod_value_warning','1'),('write_warnings','3'),('ban_warnings','6'),('expire_warnings','0'),('warnings_mods_public','1'),('viewtopic_warnings','0'),('board_msg_enable','0'),('board_msg',''),('width_forum','0'),('width_table','800'),('width_color1',''),('width_color2',''),('table_border','6'),('rebuild_search',''),('generate_time_admin','0'),('redirect_after_registering','0'),('redirect_address',''),('r_a_r_time','10'),('show_rules','0'),('visitors','1'),('email_return_path','trazap@wp.pl'),('email_from','trazap@wp.pl'),('poster_posts','1'),('sub_forum','1'),('sub_forum_over','0'),('split_cat','0'),('split_cat_over','0'),('last_topic_title','1'),('last_topic_title_over','0'),('last_topic_title_length','24'),('sub_level_links','2'),('sub_level_links_over','0'),('display_viewonline','2'),('display_viewonline_over','0'),('ignore_topics','1'),('topic_color','1'),('topic_color_all','0'),('topic_color_mod','1'),('jump_value_arr',''),('allow_sig_image_img','1'),('last_dtable_notify',''),('report_no_guestes','1'),('report_no_auth_users',''),('report_no_auth_groups',''),('report_disabled_users',''),('report_disabled_groups',''),('report_only_admin','0'),('report_popup_height','250'),('report_popup_width','700'),('report_popup_links_target','2'),('report_post_hack_version','1.0.5'),('report_disable','1'),('allow_avatar','0'),('last_visitors_time','24'),('max_sig_chars_admin','6'),('max_sig_chars_mod','3'),('viewonline','0'),('restrict_smilies','0'),('topic_preview','0'),('not_anonymous_posting','0'),('not_anonymous_quickreply','0'),('max_smilies','24'),('portal_link','1'),('search_enable','1'),('overlib','1'),('notify_gg','1'),('admin_notify_gg',''),('admin_notify_reply','1'),('admin_notify_message','0'),('topic_start_date','0'),('topic_start_dateformat','d-m-y'),('all_time_ban_check','0'),('autorepair_tables','1'),('check_address','0'),('echange_banner','0'),('banners_list','<center><a href=\"http://phpbb.com\" target=\"_blank\"><img src=\"images/link_phpbb.gif\" alt=\"\" border=\"0\" /></a></center><br />[banner]<center><a href=\"http://forumimages.com\" target=\"_blank\"><img src=\"images/link_forumimages.gif\" alt=\"\" border=\"0\" /></a></center><br />[banner]<center><embed src=\"images/clock.swf\" quality=high type=\"application/x-shockwave-flash\" width=\"80\" height=\"80\" /></center>'),('split_messages','1'),('split_messages_admin','1'),('split_messages_mod','1'),('split_messages_except',''),('admin_html','0'),('jr_admin_html','0'),('mod_html','0'),('lastvisit_days','14'),('helped','0'),('helped_forums',''),('del_notify_method','1'),('del_notify_enable','1'),('del_notify_choice','0'),('open_in_windows','1'),('admin_files','admin_board,admin_mass_email,admin_update,admin_portal,admin_forums_config,admin_forums,admin_forumauth,admin_users_list,admin_user_bantron'),('title_explain','1'),('board_startdate','1141091119'),('default_lang','polish');

--
-- Table structure for table `superforum_disallow`
--

CREATE TABLE `superforum_disallow` (
  `disallow_id` mediumint(8) unsigned NOT NULL AUTO_INCREMENT,
  `disallow_username` varchar(25) NOT NULL DEFAULT '',
  PRIMARY KEY (`disallow_id`)
) ENGINE=MyISAM DEFAULT CHARSET=latin1;

--
-- Dumping data for table `superforum_disallow`
--


--
-- Table structure for table `superforum_extension_groups`
--

CREATE TABLE `superforum_extension_groups` (
  `group_id` mediumint(8) NOT NULL AUTO_INCREMENT,
  `group_name` varchar(20) NOT NULL DEFAULT '',
  `cat_id` tinyint(2) NOT NULL DEFAULT '0',
  `allow_group` tinyint(1) NOT NULL DEFAULT '0',
  `download_mode` tinyint(1) unsigned NOT NULL DEFAULT '1',
  `upload_icon` varchar(100) DEFAULT '',
  `max_filesize` int(20) NOT NULL DEFAULT '0',
  `forum_permissions` varchar(255) NOT NULL DEFAULT '',
  PRIMARY KEY (`group_id`)
) ENGINE=MyISAM AUTO_INCREMENT=8 DEFAULT CHARSET=latin1;

--
-- Dumping data for table `superforum_extension_groups`
--

INSERT INTO `superforum_extension_groups` VALUES (1,'Images',1,1,1,'',0,''),(2,'Archives',0,1,1,'',0,''),(3,'Plain Text',0,0,1,'',0,''),(4,'Documents',0,0,1,'',0,''),(5,'Real Media',0,0,2,'',0,''),(6,'Streams',2,0,1,'',0,''),(7,'Flash Files',3,0,1,'',0,'');

--
-- Table structure for table `superforum_extensions`
--

CREATE TABLE `superforum_extensions` (
  `ext_id` mediumint(8) unsigned NOT NULL AUTO_INCREMENT,
  `group_id` mediumint(8) unsigned NOT NULL DEFAULT '0',
  `extension` varchar(100) NOT NULL DEFAULT '',
  `comment` varchar(100) DEFAULT NULL,
  PRIMARY KEY (`ext_id`)
) ENGINE=MyISAM AUTO_INCREMENT=36 DEFAULT CHARSET=latin1;

--
-- Dumping data for table `superforum_extensions`
--

INSERT INTO `superforum_extensions` VALUES (1,1,'gif',''),(2,1,'png',''),(3,1,'jpeg',''),(4,1,'jpg',''),(5,1,'tif',''),(6,1,'tga',''),(7,2,'gtar',''),(8,2,'gz',''),(9,2,'tar',''),(10,2,'zip',''),(11,2,'rar',''),(12,2,'ace',''),(13,3,'txt',''),(14,3,'c',''),(15,3,'h',''),(16,3,'cpp',''),(17,3,'hpp',''),(18,3,'diz',''),(19,4,'xls',''),(20,4,'doc',''),(21,4,'dot',''),(22,4,'pdf',''),(23,4,'ai',''),(24,4,'ps',''),(25,4,'ppt',''),(26,5,'rm',''),(27,6,'wma',''),(31,6,'avi',''),(32,6,'mpg',''),(33,6,'mpeg',''),(34,6,'mp3',''),(35,6,'wav','');

--
-- Table structure for table `superforum_forbidden_extensions`
--

CREATE TABLE `superforum_forbidden_extensions` (
  `ext_id` mediumint(8) unsigned NOT NULL AUTO_INCREMENT,
  `extension` varchar(100) NOT NULL DEFAULT '',
  PRIMARY KEY (`ext_id`)
) ENGINE=MyISAM AUTO_INCREMENT=8 DEFAULT CHARSET=latin1;

--
-- Dumping data for table `superforum_forbidden_extensions`
--

INSERT INTO `superforum_forbidden_extensions` VALUES (1,'php'),(2,'php3'),(3,'php4'),(4,'phtml'),(5,'pl'),(6,'asp'),(7,'cgi');

--
-- Table structure for table `superforum_forum_prune`
--

CREATE TABLE `superforum_forum_prune` (
  `prune_id` mediumint(8) unsigned NOT NULL AUTO_INCREMENT,
  `forum_id` smallint(5) unsigned NOT NULL DEFAULT '0',
  `prune_days` smallint(5) unsigned NOT NULL DEFAULT '0',
  `prune_freq` smallint(5) unsigned NOT NULL DEFAULT '0',
  PRIMARY KEY (`prune_id`),
  KEY `forum_id` (`forum_id`)
) ENGINE=MyISAM DEFAULT CHARSET=latin1;

--
-- Dumping data for table `superforum_forum_prune`
--


--
-- Table structure for table `superforum_forums`
--

CREATE TABLE `superforum_forums` (
  `forum_id` smallint(5) unsigned NOT NULL DEFAULT '0',
  `cat_id` mediumint(8) unsigned NOT NULL DEFAULT '0',
  `forum_name` varchar(150) DEFAULT NULL,
  `forum_desc` text,
  `forum_status` tinyint(4) NOT NULL DEFAULT '0',
  `forum_order` mediumint(8) unsigned NOT NULL DEFAULT '1',
  `forum_posts` mediumint(8) unsigned NOT NULL DEFAULT '0',
  `forum_topics` mediumint(8) unsigned NOT NULL DEFAULT '0',
  `forum_last_post_id` mediumint(8) unsigned NOT NULL DEFAULT '0',
  `prune_next` int(11) DEFAULT NULL,
  `prune_enable` tinyint(1) NOT NULL DEFAULT '0',
  `auth_view` tinyint(2) NOT NULL DEFAULT '0',
  `auth_read` tinyint(2) NOT NULL DEFAULT '0',
  `auth_post` tinyint(2) NOT NULL DEFAULT '0',
  `auth_reply` tinyint(2) NOT NULL DEFAULT '0',
  `auth_edit` tinyint(2) NOT NULL DEFAULT '0',
  `auth_delete` tinyint(2) NOT NULL DEFAULT '0',
  `auth_sticky` tinyint(2) NOT NULL DEFAULT '0',
  `auth_announce` tinyint(2) NOT NULL DEFAULT '0',
  `auth_globalannounce` tinyint(2) NOT NULL DEFAULT '3',
  `auth_vote` tinyint(2) NOT NULL DEFAULT '0',
  `auth_pollcreate` tinyint(2) NOT NULL DEFAULT '0',
  `auth_attachments` tinyint(2) NOT NULL DEFAULT '0',
  `auth_download` tinyint(2) NOT NULL DEFAULT '0',
  `password` varchar(20) NOT NULL DEFAULT '',
  `forum_sort` text NOT NULL,
  `forum_color` varchar(20) NOT NULL DEFAULT '',
  `forum_link` varchar(255) DEFAULT NULL,
  `forum_link_internal` tinyint(1) NOT NULL DEFAULT '0',
  `forum_link_hit_count` tinyint(1) NOT NULL DEFAULT '0',
  `forum_link_hit` bigint(20) unsigned NOT NULL DEFAULT '0',
  `main_type` char(1) DEFAULT NULL,
  `forum_moderate` tinyint(1) NOT NULL DEFAULT '0',
  `no_count` tinyint(1) NOT NULL DEFAULT '0',
  PRIMARY KEY (`forum_id`),
  KEY `forums_order` (`forum_order`),
  KEY `cat_id` (`cat_id`),
  KEY `forum_last_post_id` (`forum_last_post_id`)
) ENGINE=MyISAM DEFAULT CHARSET=latin1;

--
-- Dumping data for table `superforum_forums`
--

INSERT INTO `superforum_forums` VALUES (1,1,'Testowe forum','Testowe forum.',0,20,1,1,5,NULL,0,0,0,1,0,1,1,3,3,3,1,1,1,1,'','SORT_FPDATE','','',0,0,0,'c',0,0),(2,1,'Test SubFor','W tym forum, znajduj± si?? dwa testowe fora, mozna w nim r??wnieÂ? pisa?¦ tematy',0,30,1,1,3,NULL,0,0,0,1,0,1,1,3,3,3,1,1,1,1,'','SORT_FPDATE','','',0,0,0,'c',0,0),(3,3,'Testowe podforum 1','Testowe podforum 1',0,50,0,0,0,NULL,0,0,0,1,0,1,1,3,3,3,1,1,1,1,'','SORT_FPDATE','','',0,0,0,'c',0,0),(4,3,'Testowe podforum 2','Testowe podforum 2',0,60,0,0,0,NULL,0,0,0,1,0,1,1,3,3,3,1,1,1,1,'','SORT_FPDATE','','',0,0,0,'c',0,0),(6,4,'Portal','To jest forum do umieszczania news??w w Portalu. W tym forum tylko moderatorzy mog± zakÂ?adac nowe tematy',0,90,3,3,10,NULL,0,0,0,1,0,1,1,3,3,3,1,1,1,1,'','SORT_FPDATE','FF0000','',0,0,0,'c',0,0),(7,4,'Sondy','To jest forum do umieszczania sond kt??re b??d± w portalu, tutaj tylko moderatorzy mog± umieszcza?¦ sondy i pisa?¦ posty.',0,100,1,1,7,NULL,0,0,0,1,0,1,1,3,3,3,1,1,1,1,'','SORT_FPDATE','32CD32','',0,0,0,'c',0,0);

--
-- Table structure for table `superforum_groups`
--

CREATE TABLE `superforum_groups` (
  `group_id` mediumint(8) NOT NULL AUTO_INCREMENT,
  `group_type` tinyint(4) NOT NULL DEFAULT '1',
  `group_name` varchar(40) NOT NULL DEFAULT '',
  `group_description` varchar(255) NOT NULL DEFAULT '',
  `group_moderator` mediumint(8) NOT NULL DEFAULT '0',
  `group_single_user` tinyint(1) NOT NULL DEFAULT '1',
  `group_order` mediumint(8) NOT NULL DEFAULT '0',
  `group_count` int(4) unsigned DEFAULT '99999999',
  `group_count_enable` smallint(2) unsigned DEFAULT '0',
  PRIMARY KEY (`group_id`),
  KEY `group_single_user` (`group_single_user`)
) ENGINE=MyISAM AUTO_INCREMENT=3 DEFAULT CHARSET=latin1;

--
-- Dumping data for table `superforum_groups`
--

INSERT INTO `superforum_groups` VALUES (1,1,'Anonymous','Personal User',0,1,0,99999999,0),(2,1,'Admin','Personal User',0,1,0,99999999,0);

--
-- Table structure for table `superforum_ignores`
--

CREATE TABLE `superforum_ignores` (
  `user_id` mediumint(8) NOT NULL DEFAULT '0',
  `user_ignore` mediumint(8) NOT NULL DEFAULT '0'
) ENGINE=MyISAM DEFAULT CHARSET=latin1;

--
-- Dumping data for table `superforum_ignores`
--


--
-- Table structure for table `superforum_jr_admin_users`
--

CREATE TABLE `superforum_jr_admin_users` (
  `user_id` mediumint(9) NOT NULL DEFAULT '0',
  `user_jr_admin` longtext NOT NULL,
  `start_date` int(10) unsigned NOT NULL DEFAULT '0',
  `update_date` int(10) unsigned NOT NULL DEFAULT '0',
  `admin_notes` text NOT NULL,
  `notes_view` tinyint(1) NOT NULL DEFAULT '0',
  PRIMARY KEY (`user_id`)
) ENGINE=MyISAM DEFAULT CHARSET=latin1;

--
-- Dumping data for table `superforum_jr_admin_users`
--


--
-- Table structure for table `superforum_logs`
--

CREATE TABLE `superforum_logs` (
  `id_log` mediumint(10) NOT NULL AUTO_INCREMENT,
  `mode` varchar(50) DEFAULT '',
  `topic_id` mediumint(10) DEFAULT '0',
  `user_id` mediumint(8) DEFAULT '0',
  `username` varchar(255) DEFAULT '',
  `user_ip` varchar(8) NOT NULL DEFAULT '0',
  `time` int(11) DEFAULT '0',
  PRIMARY KEY (`id_log`)
) ENGINE=MyISAM DEFAULT CHARSET=latin1;

--
-- Dumping data for table `superforum_logs`
--


--
-- Table structure for table `superforum_pa_cat`
--

CREATE TABLE `superforum_pa_cat` (
  `cat_id` int(10) NOT NULL AUTO_INCREMENT,
  `cat_name` text,
  `cat_desc` text,
  `cat_files` int(10) DEFAULT NULL,
  `cat_1xid` int(10) DEFAULT NULL,
  `cat_parent` int(50) DEFAULT NULL,
  `cat_order` int(50) DEFAULT NULL,
  PRIMARY KEY (`cat_id`)
) ENGINE=MyISAM AUTO_INCREMENT=2 DEFAULT CHARSET=latin1;

--
-- Dumping data for table `superforum_pa_cat`
--

INSERT INTO `superforum_pa_cat` VALUES (1,'Test Category','Test category',0,0,0,1);

--
-- Table structure for table `superforum_pa_comments`
--

CREATE TABLE `superforum_pa_comments` (
  `comments_id` int(10) NOT NULL AUTO_INCREMENT,
  `file_id` int(10) NOT NULL DEFAULT '0',
  `comments_text` text NOT NULL,
  `comments_title` text NOT NULL,
  `comments_time` int(50) NOT NULL DEFAULT '0',
  `comment_bbcode_uid` varchar(10) DEFAULT NULL,
  `poster_id` mediumint(8) NOT NULL DEFAULT '0',
  PRIMARY KEY (`comments_id`),
  KEY `comments_id` (`comments_id`),
  KEY `comment_bbcode_uid` (`comment_bbcode_uid`)
) ENGINE=MyISAM DEFAULT CHARSET=latin1;

--
-- Dumping data for table `superforum_pa_comments`
--


--
-- Table structure for table `superforum_pa_custom`
--

CREATE TABLE `superforum_pa_custom` (
  `custom_id` int(50) NOT NULL AUTO_INCREMENT,
  `custom_name` text NOT NULL,
  `custom_description` text NOT NULL,
  PRIMARY KEY (`custom_id`)
) ENGINE=MyISAM DEFAULT CHARSET=latin1;

--
-- Dumping data for table `superforum_pa_custom`
--


--
-- Table structure for table `superforum_pa_customdata`
--

CREATE TABLE `superforum_pa_customdata` (
  `customdata_file` int(50) NOT NULL DEFAULT '0',
  `customdata_custom` int(50) NOT NULL DEFAULT '0',
  `data` text NOT NULL
) ENGINE=MyISAM DEFAULT CHARSET=latin1;

--
-- Dumping data for table `superforum_pa_customdata`
--


--
-- Table structure for table `superforum_pa_files`
--

CREATE TABLE `superforum_pa_files` (
  `file_id` int(10) NOT NULL AUTO_INCREMENT,
  `file_name` text,
  `file_desc` text,
  `file_creator` text,
  `file_version` text,
  `file_longdesc` text,
  `file_ssurl` text,
  `file_dlurl` text,
  `file_time` int(50) DEFAULT NULL,
  `file_catid` int(10) DEFAULT NULL,
  `file_posticon` text,
  `file_license` int(10) DEFAULT NULL,
  `file_dls` int(10) DEFAULT NULL,
  `file_last` int(50) DEFAULT NULL,
  `file_pin` int(2) DEFAULT NULL,
  `file_docsurl` text,
  `file_rating` double(6,4) NOT NULL DEFAULT '0.0000',
  `file_totalvotes` int(255) NOT NULL DEFAULT '0',
  PRIMARY KEY (`file_id`)
) ENGINE=MyISAM DEFAULT CHARSET=latin1;

--
-- Dumping data for table `superforum_pa_files`
--


--
-- Table structure for table `superforum_pa_license`
--

CREATE TABLE `superforum_pa_license` (
  `license_id` int(10) NOT NULL AUTO_INCREMENT,
  `license_name` text,
  `license_text` text,
  PRIMARY KEY (`license_id`)
) ENGINE=MyISAM DEFAULT CHARSET=latin1;

--
-- Dumping data for table `superforum_pa_license`
--


--
-- Table structure for table `superforum_pa_settings`
--

CREATE TABLE `superforum_pa_settings` (
  `settings_id` int(1) NOT NULL DEFAULT '1',
  `settings_dbname` text NOT NULL,
  `settings_sitename` text NOT NULL,
  `settings_dbdescription` text NOT NULL,
  `settings_dburl` text NOT NULL,
  `settings_topnumber` int(5) NOT NULL DEFAULT '0',
  `settings_homeurl` text NOT NULL,
  `settings_newdays` int(5) NOT NULL DEFAULT '0',
  `settings_stats` int(5) NOT NULL DEFAULT '0',
  `settings_viewall` int(5) NOT NULL DEFAULT '0',
  `settings_showss` int(5) NOT NULL DEFAULT '0',
  `settings_disable` int(5) NOT NULL DEFAULT '0',
  `allow_html` int(5) NOT NULL DEFAULT '0',
  `allow_bbcode` int(5) NOT NULL DEFAULT '0',
  `allow_smilies` int(5) NOT NULL DEFAULT '0',
  `allow_comment_links` int(5) NOT NULL DEFAULT '0',
  `no_comment_link_message` varchar(255) NOT NULL DEFAULT '',
  `allow_comment_images` int(5) NOT NULL DEFAULT '0',
  `no_comment_image_message` varchar(255) NOT NULL DEFAULT '',
  `max_comment_chars` int(255) NOT NULL DEFAULT '0',
  `directly_linked` int(5) NOT NULL DEFAULT '0'
) ENGINE=MyISAM DEFAULT CHARSET=latin1;

--
-- Dumping data for table `superforum_pa_settings`
--

INSERT INTO `superforum_pa_settings` VALUES (1,'Download Index','My Site','','http://yoursite_URL/phpBB2',10,'http://yoursite_URL',5,0,1,1,0,0,1,1,0,'No links please',0,'No images please',1000,0);

--
-- Table structure for table `superforum_pa_votes`
--

CREATE TABLE `superforum_pa_votes` (
  `votes_ip` varchar(50) NOT NULL DEFAULT '0',
  `votes_file` int(50) NOT NULL DEFAULT '0'
) ENGINE=MyISAM DEFAULT CHARSET=latin1;

--
-- Dumping data for table `superforum_pa_votes`
--


--
-- Table structure for table `superforum_portal_config`
--

CREATE TABLE `superforum_portal_config` (
  `config_name` varchar(255) NOT NULL DEFAULT '',
  `config_value` text NOT NULL,
  PRIMARY KEY (`config_name`)
) ENGINE=MyISAM DEFAULT CHARSET=latin1;

--
-- Dumping data for table `superforum_portal_config`
--

INSERT INTO `superforum_portal_config` VALUES ('portal_on','1'),('link_logo','1'),('own_header','1'),('portal_header_body','<table class=\"topbkg\" width=\"100%\" cellspacing=\"0\" cellpadding=\"0\" border=\"0\"><tr><td align=\"center\"><a href=\"index.php\"><img src=\"images/portal_logo.jpg\" border=\"0\" alt=\"Forum\" /></a></td><td align=\"center\"><span class=\"gensmall\">To jest wÂ?asny nagÂ???wek. MoÂ?esz go caÂ?kowicie zmieni?¦ w panelu admina, prawdopodobnie kolorystyka jest nieodpowiednia, moÂ?esz j± dobra?¦ w zaleÂ?no¶ci jakiego stylu uÂ?ywasz.</span></td><td align=\"right\"><img src=\"images/phpbb2_logor.jpg\" alt=\"\" /></td></tr></table><table width=\"100%\" border=\"0\" cellspacing=\"0\" cellpadding=\"2\"><tr><td class=\"topnav\"><a href=\"index.php\" class=\"mainmenu\">Forum</a>  &#8226;  <a href=\"chatbox_mod/chatbox.php\" class=\"mainmenu\">Chat</a>  &#8226;  <a href=\"faq.php\" class=\"mainmenu\">Pomoc</a>  &#8226;  <a href=\"search.php\" class=\"mainmenu\">Szukaj</a>  &#8226;  <a href=\"memberlist.php\" class=\"mainmenu\">UÂ?ytkownicy</a>  &#8226;  <a href=\"groupcp.php\" class=\"mainmenu\">Grupy</a>  &#8226;  <a href=\"statistics.php\" class=\"mainmenu\">Statystyki</a>  &#8226;  <a href=\"album.php\" class=\"mainmenu\">Album</a>  &#8226;  <a href=\"dload.php\" class=\"mainmenu\">Download</a></td></tr></table><br />'),('portal_footer_body','<table class=\"topbkg\" width=\"100%\" cellspacing=\"0\" cellpadding=\"0\" border=\"0\"><tr><td align=\"center\"><span class=\"gensmall\">W tym miejscu moÂ?esz ustawi?¦ wÂ?asn± stopk?? portalu</span></td></tr></table>'),('news_forum','1'),('body_news_forum','<table width=\"100%\" cellpadding=\"2\" cellspacing=\"1\" border=\"0\" class=\"forumline\"><tr><td class=\"catHead\" height=\"25\"><span class=\"genmed\"><b>TytuÂ? news??w lub strony</b></span></td>\r\n</tr><tr><td class=\"row1\" align=\"left\"><span class=\"gensmall\" style=\"line-height:150%\">Dowolna tresc opisuj±ca portal, strone, forum ...<br /> </span></td></tr></table><br />'),('number_of_news','20'),('news_length','2000'),('witch_news_forum','6'),('witch_poll_forum','7'),('except_forum',''),('scroll_recent_topics','1'),('poll','1'),('download_pos','right'),('portal_menu_a','left'),('links_a','left'),('links_a2','right'),('search_a','left'),('stat_a','left'),('recent_topics_a','right'),('top_posters_a','right'),('links1','1'),('links2','1'),('links3','1'),('links4','1'),('links5','1'),('links6','1'),('links7','1'),('links8','1'),('module1','portal_menu'),('module2','register_menu'),('module3','info_menu'),('module4','search_menu'),('module5','stats_user_menu'),('module6','whoonline_menu'),('module7',''),('module8','links_menu'),('module9','clock_menu'),('module10','custom_module1'),('module11',''),('module12',''),('module13','birthday_menu'),('module14','recent_topics_menu'),('module15','login_menu'),('module16','album_menu'),('module17','download'),('module18','top_posters_menu'),('module19','chat_menu'),('module20','blank_module1'),('module21',''),('module22',''),('module23',''),('module24',''),('links_body','<object><center><br /><a href=\"http://phpbb.com\" target=\"_blank\"><img src=\"images/link_phpbb.gif\" alt=\"\" border=\"0\" title=\"phpBB\" /></a><br /><br /><a href=\"http://www.forumimages.com/\" target=\"_blank\"><img src=\"images/link_forumimages.gif\" alt=\"\" border=\"0\" title=\"ForumImages\" /></a><br /><br /><a href=\"http://phpbb.com/\" target=\"_blank\"><img src=\"images/links_google.gif\" alt=\"\" border=\"0\" title=\"Google\" /></a><br /><br /><a href=\"http://www.apache.org/\" target=\"_blank\"><img src=\"images/link_apache.gif\" alt=\"\" border=\"0\" title=\"Apache Software Foundation\" /></a></center></object><br /><br />'),('custom1_body','jaka¶ tre¶?¦, lub tre¶?¦ i html'),('custom1_name','WÂ?asne menu'),('custom1_body_a','left'),('custom1_body_on','1'),('custom2_body','jaka¶ tre¶?¦, lub tre¶?¦ i html'),('custom2_name','WÂ?asne menu 2'),('custom2_body_a','right'),('custom2_body_on','1'),('custom_desc1','wÂ?asny link'),('custom_address1','http://www.przemo.org'),('custom_desc2',''),('custom_address2',''),('custom_desc3',''),('custom_address3',''),('custom_desc4',''),('custom_address4',''),('custom_desc5','Statystyki'),('custom_address5','statistics.php'),('custom_desc6',''),('custom_address6',''),('custom_desc7','Kto tu rzadzi :)'),('custom_address7','staff.php'),('custom_desc8','wlasny link2'),('custom_address8','http://www.phpbb.com'),('blank1_body_on','1'),('blank1_body','<table width=\"100%\" cellpadding=\"2\" cellspacing=\"1\" border=\"0\" class=\"forumline\"><tr><td class=\"catHead\" height=\"25\" align=\"right\"><span class=\"genmed\"><b>Wlasny modul</b></span></td></tr><tr><td class=\"row1\" align=\"right\"><span class=\"genmed\" style=\"line-height: 150%\"><iframe src=\"http://phpbb.com\" width=\"100%\" height=\"300\"></iframe></span></td></tr></table><br />'),('blank2_body_on','0'),('blank2_body',''),('blank3_body_on','0'),('blank3_body',''),('blank4_body_on','0'),('blank4_body',''),('birthday_a','right'),('info_a','left'),('login_a','right'),('whoonline_a','left'),('chat_a','right'),('register_a','right'),('album_recent_pics','2'),('album_a','left'),('recent_pics','2'),('album_pos','right'),('own_body',''),('value_recent_topics','10'),('value_top_posters','10'),('ri_time',''),('ri_data','');

--
-- Table structure for table `superforum_posts`
--

CREATE TABLE `superforum_posts` (
  `post_id` mediumint(8) unsigned NOT NULL AUTO_INCREMENT,
  `topic_id` mediumint(8) unsigned NOT NULL DEFAULT '0',
  `forum_id` smallint(5) unsigned NOT NULL DEFAULT '0',
  `poster_id` mediumint(8) NOT NULL DEFAULT '0',
  `post_time` int(11) NOT NULL DEFAULT '0',
  `poster_ip` varchar(8) NOT NULL DEFAULT '',
  `post_username` varchar(25) DEFAULT NULL,
  `enable_bbcode` tinyint(1) NOT NULL DEFAULT '1',
  `enable_html` tinyint(1) NOT NULL DEFAULT '0',
  `enable_smilies` tinyint(1) NOT NULL DEFAULT '1',
  `enable_sig` tinyint(1) NOT NULL DEFAULT '1',
  `post_edit_time` int(11) DEFAULT NULL,
  `post_edit_count` smallint(5) unsigned NOT NULL DEFAULT '0',
  `post_attachment` tinyint(1) NOT NULL DEFAULT '0',
  `user_agent` text,
  `post_icon` tinyint(2) unsigned NOT NULL DEFAULT '0',
  `post_expire` int(255) unsigned NOT NULL DEFAULT '0',
  `reporter_id` mediumint(8) NOT NULL DEFAULT '0',
  `post_marked` enum('n','y') DEFAULT NULL,
  `post_approve` tinyint(1) NOT NULL DEFAULT '1',
  `poster_delete` tinyint(1) DEFAULT '0',
  PRIMARY KEY (`post_id`),
  KEY `forum_id` (`forum_id`),
  KEY `topic_id` (`topic_id`),
  KEY `poster_id` (`poster_id`),
  KEY `post_time` (`post_time`),
  KEY `reporter_id` (`reporter_id`)
) ENGINE=MyISAM AUTO_INCREMENT=11 DEFAULT CHARSET=latin1;

--
-- Dumping data for table `superforum_posts`
--

INSERT INTO `superforum_posts` VALUES (7,5,7,2,1065137203,'7f000001','',1,0,1,0,NULL,0,0,'Mozilla/4.0 (compatible; MSIE 6.0; Windows 98; MyIE2)',0,0,0,'n',1,0),(3,2,2,2,1064458873,'7f000001','',1,0,1,0,NULL,0,0,'Mozilla/4.0 (compatible; MSIE 6.0; Windows 98; MyIE2)',0,0,0,'n',1,0),(5,4,1,2,1065136668,'7f000001','',1,0,0,0,NULL,0,0,'Mozilla/4.0 (compatible; MSIE 6.0; Windows 98; MyIE2)',2,0,0,'n',1,0),(8,6,6,2,1065137320,'7f000001','',1,0,1,0,NULL,0,0,'Mozilla/4.0 (compatible; MSIE 6.0; Windows 98; MyIE2)',0,0,0,'n',1,0),(9,7,6,2,1065137383,'7f000001','',1,0,1,0,NULL,0,0,'Mozilla/4.0 (compatible; MSIE 6.0; Windows 98; MyIE2)',0,0,0,'n',1,0),(10,8,6,2,1065137404,'7f000001','',1,0,1,0,NULL,0,0,'Mozilla/4.0 (compatible; MSIE 6.0; Windows 98; MyIE2)',0,0,0,'n',1,0);

--
-- Table structure for table `superforum_posts_text`
--

CREATE TABLE `superforum_posts_text` (
  `post_id` mediumint(8) unsigned NOT NULL DEFAULT '0',
  `bbcode_uid` varchar(10) NOT NULL DEFAULT '',
  `post_subject` varchar(60) DEFAULT NULL,
  `post_text` text,
  PRIMARY KEY (`post_id`)
) ENGINE=MyISAM DEFAULT CHARSET=latin1;

--
-- Dumping data for table `superforum_posts_text`
--

INSERT INTO `superforum_posts_text` VALUES (9,'e7c9e3e71f','test drugiego newsa','[URL=http://przemo.org]test[/URL] [b:e7c9e3e71f]test[/b:e7c9e3e71f] [size=18:e7c9e3e71f][shadow=red:e7c9e3e71f]test[/shadow:e7c9e3e71f][/size:e7c9e3e71f]\r\n\r\nt\r\n\r\ne\r\n\r\ns\r\n\r\nt\r\n\r\n\r\n\r\nn\r\n\r\ne\r\n\r\nw\r\n\r\ns\r\n\r\na'),(10,'ff8db48aad','Skr??cona instrukcja obsÂ?ugi portalu','[size=18:ff8db48aad][b:ff8db48aad]PORTAL[/b:ff8db48aad][/size:ff8db48aad] \r\nPortal jest zintegrowany z forum. Mog± by?¦ w nim umieszczane newsy. Newsy s± pobierane z wybranego forum (jednego lub kilku), identyfikacja forum poprzez jego ID. Najlepiej nada?¦ temu forum prawa tylko do czytania dla uÂ?ytkownik??w, a prawa do pisania nowych temat??w tylko dla moderator??w tego forum (newsman??w) Je¶li chcemy Â?eby uÂ?ytkownicy mogli komentowa?¦ newsy to musimy nada?¦ prawa do odpowiedzi. \r\nSondy w portalu r??wnieÂ? s± pobierane z jakiego¶ wyznaczonego forum. \r\nJeÂ?eli jeste¶ w widoku temat??w, lub widoku tematu, lub piszesz post w jednym z forum kt??re jest przypisane do Portalu to link do strony gÂ???wnej wskazuje na portal. \r\nW portalu dowolnie moÂ?esz ksztaÂ?towa?¦ moduÂ?y, nagÂ???wek, stopk??, lecz niestety nie ma moÂ?liwo¶ci uÂ?ywania link??w r??znych w zalezno¶ci od tego czy uÂ?ytkownik jest zalogowany czy nie. ( jest to chyba jedyna rzecz kt??rej si?? nie da zrobi?¦ na tym forum :&gt; ) \r\nJeÂ?eli chcesz aby twoja domena wskazywala najpierw na portal to w katalogu forum utw??rz plik: index.html kt??ry wygl±da tak: \r\nKod: \r\n[code:1:ff8db48aad]&lt;html&gt; \r\n&lt;head&gt; \r\n  &lt;meta http-equiv=&quot;Refresh&quot; content=&quot;0; url=portal.php&quot;&gt; \r\n&lt;/head&gt; \r\n&lt;/html&gt; [/code:1:ff8db48aad]'),(3,'b63934e592','Testowy temat w SubForum','Testowy temat w SubForum'),(7,'2fe4a4ef6b','Sonda1','sonda1'),(8,'c93fefdf03','Test trzeciego newsa','[URL=http://przemo.org]test[/URL] [b:c93fefdf03]test[/b:c93fefdf03] [size=18:c93fefdf03][shadow=red:c93fefdf03]test[/shadow:c93fefdf03][/size:c93fefdf03]\r\n\r\nt\r\n\r\ne\r\n\r\ns\r\n\r\nt\r\n\r\n.\r\n.\r\n.\r\n.\r\n.\r\n.\r\n.\r\n\r\nn\r\n\r\ne\r\n\r\nw\r\n\r\ns\r\n\r\na'),(5,'47dd0c4f79','Instrukcja obsÂ?ugi forum. Koniecznie przeczytaj !','[size=18:47dd0c4f79][b:47dd0c4f79]Witamna forum \"modified by Przemo\"[/b:47dd0c4f79][/size:47dd0c4f79] \r\nDoÂ?oÂ?yÂ?em wszelkich stara?± wraz z wieloma uÂ?ytkownikami aby forum dziaÂ?aÂ?o bez zarzut??w, jednak je¶li b??d± jakie¶ problemy moÂ?esz je zgÂ?osi?¦ na forum: http://przemo.org/phpBB2/forum \r\n\r\n[color=red:47dd0c4f79][b:47dd0c4f79]Przeczytaj dokÂ?adnie wszystko co napisaÂ?em poniÂ?ej, unikniemy tym samym niepotrzebnych pyta?± i w±tpliwo¶ci.[/b:47dd0c4f79][/color:47dd0c4f79]\r\n\r\nJak wida?¦ forum posiada bardzo duÂ?o nowych funkcji, (peÂ?na lista jest tutaj: http://www.przemo.org/phpBB2?page=list) co si?? z tym wi±Â?e ma r??wnieÂ? wi??ksze wymagania do serwera. Oryginalne phpBB2 generuje stron?? w okoÂ?o 0,22s. moja modyfikacja w 0,6s. Ma teÂ? wi??ksze wymagania co do obsÂ?ugi php, na niekt??rych \"gorszych\" serwerach, lub tych z wi??kszymi ograniczeniami, niekt??re dodatki mog± nie dziaÂ?a?¦ i powodowa?¦ bÂ???dy, w??wczas naleÂ?y je wyÂ?±czy?¦ w panelu admina. \r\nPrawie kaÂ?dy dodatek moÂ?na wyÂ?±czy?¦ w panelu admina, moÂ?na forum doprowadzi?¦ do \"oryginalnej postaci\" moÂ?na teÂ? wyÂ?±cza?¦ oryginalne funkcjie phpBB. \r\n\r\nForum jest zbudowane na bazie phpBB2.0.3 z dodan± wi??kszo¶ci± zmian z wersji 2.0.14. \r\nDo forum doÂ?±czony jest deinstalatorw panelu admina, kt??ry przywraca baz?? danych do oryginalnej postaci phpBB, naleÂ?y p??Â?niej nadpisa?¦ forum oryginalnymi plikami phpBB2.0.x i mamy czyste oryginalne phpBB z uÂ?ytkownikami, postami i wszystkimi ustawieniami. \r\nDoÂ?±czony jest teÂ? skrypt umoÂ?liwiaj±cy uaktualnienie istniej±cego juÂ? oryginalnego forum phpBB2 (z postami i uÂ?ytkownikami) do mojej wersji plik: [u:47dd0c4f79]Zamiana_forum_do_wersji_19[/u:47dd0c4f79] instrukcja znajduje si?? niÂ?ej. Jest teÂ? mozliwo¶?¦ konwersji z innych skrypt??w for dyskusyjnych.\r\nForum na dzie?± dzisiejszy posiada 7 dodatkowych styl??w, do ¶ci±gni??cia z http://przemo.org/phpBB2 \r\nOpis dodania przez siebie wÂ?asnego stylu jest w pliku [u:47dd0c4f79]new_style.txt[/u:47dd0c4f79]\r\nProsz?? o niekasowanie oryginalnej stopki (podpisu) forum, jeÂ?eli chcesz doda?¦ wÂ?asn±, zr??b to poniÂ?ej lub powyÂ?ej oryginalnej, w innym wypadku uÂ?ywanie skryptu jest NIELEGALNE\r\nDodatkowo forum posiada zabezpieczenie w JavaScript i po usuni??ciu stopki w niekt??rych przegl±darkach [b:47dd0c4f79]b??d± problemy z przegl±daniem forum[/b:47dd0c4f79] (r??wnieÂ? obj??cie go w znaczniki &lt;!-- --&gt; spowoduje wyÂ?±czenie JS). \r\n\r\nKilka dodatkowych ustawie?± znajduje si?? teÂ? w pliku [u:47dd0c4f79]additional_settings.php[/u:47dd0c4f79] kt??rego naleÂ?y edytowa?¦ \"r??cznie\" z wykorzystaniem dowolnegoedytora tekstowego.\r\n\r\n\r\n[b:47dd0c4f79][size=18:47dd0c4f79]ROZR?“Â?NIENIE ADMIN?“W Z UPRAWNIENIAMI DO SEKCJI SQL[/size:47dd0c4f79][/b:47dd0c4f79] \r\nDomyslnie Â?aden administrator nie ma dostepu sekcji SQL w panelu admina. W tej sekcji znajduj± si?? bardzo zaawansowane funkcje kt??rych nieznajomo¶?¦ moÂ?e uszkodzi?¦ forum. Gdy wejdzie tam administrator nie posiadaj±cy dost??pu, b??dzie przekierowany w miejsce w kt??rym znajduje si?? plik umoÂ?liwiaj±cy dodanie gÂ???wnego admina, kt??ry z kolei b??dzie juÂ? miaÂ? moÂ?liwo¶?¦ zmian listy gÂ???wnych admin??w. Po inicjalizacji pierwszego admina koniecznie skasuj, lub zmie?± nazw?? pliku kt??ry b??dzie tam podany.\r\n\r\n\r\n[b:47dd0c4f79][size=18:47dd0c4f79]PRAWA DO ZAPISU PLIK?“W (CHMOD)[/size:47dd0c4f79][/b:47dd0c4f79] \r\nNiekt??re serwery aby m??c zapisac jaki¶ plik poprzez http, czyli przez nasze forum (np. avatary, zdj??cia, pliki i inne) wymagaj± ustawienia odpowiednich praw do zapisu (chmod) Prawa te moÂ?emy nada?¦ poprzez klienta FTP kt??ry ma lini?? polece?± (np. TotalCommander), wpisuj±c: [b:47dd0c4f79]chmod 777 nazwakatalogulubpliku[/b:47dd0c4f79] \r\nGeneralnie po zainstalowaniu forum nie musimy robi?¦ nic, lecz jeÂ?eli b??d± problemy z uploadem plik??w, musimy nada?¦ te prawa nast??puj±cym plikom i katalogom: \r\n[u:47dd0c4f79]Katalogi:[/u:47dd0c4f79] \r\n/album_mod/upload \r\n/album_mod/upload/cache \r\n/album_mod/upload/cache/tmp \r\n/album_mod/upload/tmp \r\n/images/avatars \r\n/images/avatars/upload \r\n/images/avatars/upload/tmp \r\n/images/avatars/tmp \r\n/images/photos \r\n/images/photos/tmp \r\n/images/signatures \r\n/images/signatures/tmp \r\n/files \r\n/files/tmp \r\n/pafiledb \r\n/pafiledb/uploads \r\n/pafiledb/uploads/tmp \r\n/tmp \r\n(katalog??w [b:47dd0c4f79]tmp[/b:47dd0c4f79] niema w oryginalnym phpBB lecz niekt??re serwery wymagaj± katalog??w tmp w r??znych dziwnych miejscach, dlatego je utworzyÂ?em. \r\n\r\n[u:47dd0c4f79]Pliki:[/u:47dd0c4f79] \r\nadmin/admin_logs.php \r\nlanguage/lang_*****/lang_bbcode.php \r\nlanguage/lang_*****/lang_faq.php \r\n\r\n\r\n[b:47dd0c4f79][size=18:47dd0c4f79]RANGI[/size:47dd0c4f79][/b:47dd0c4f79] \r\nW panelu admina nie musimy juz podawa?¦ caÂ?ej ¶cieÂ?ki do obrazku rangi lecz sam± nazw?? pliku, pliki musimy skopiowac do kaÂ?dego stylu (dla kaÂ?dego stylu mog± by?¦ teraz inne rangi, lecz uwaga, musz± miec tak± sam± nazw?? pliku) [b:47dd0c4f79]templates/styl/ranks/[/b:47dd0c4f79] W panelu admina mamy jumpbox, kt??ry pokazuje nam kolejno kaÂ?dy obrazek z tego katalogu, lecz tylko dla stylu subSilver. Oczywi¶cie w tematach b??d± wy¶wietlane rangi ze stylu uÂ?ywanego przez uÂ?ytkownika przegl±daj±cego temat. \r\n\r\n\r\n[b:47dd0c4f79][size=18:47dd0c4f79]IKONY POST?“W/TEMAT?“W[/size:47dd0c4f79][/b:47dd0c4f79] \r\nStandardowo jest 12 ikon, po wgraniu wi??kszej ilo¶ci do katalogu templates/styl/images/ranks/icon/ pojawi si?? pole po klikni??ciu kt??rego b??dzie moÂ?liwo¶?¦ wybrania dodatkowych ikon.\r\n\r\n\r\n[size=18:47dd0c4f79][b:47dd0c4f79]PORTAL[/b:47dd0c4f79][/size:47dd0c4f79] \r\nPortal jest zintegrowany z forum. Mog± by?¦ w nim umieszczane newsy. Newsy s± pobierane z wybranego forum (jednego lub kilku), identyfikacja forum poprzez jego ID. Najlepiej nada?¦ temu forum prawa tylko do czytania dla uÂ?ytkownik??w, a prawa do pisania nowych temat??w tylko dla moderator??w tego forum (newsman??w) Je¶li chcemy Â?eby uÂ?ytkownicy mogli komentowa?¦ newsy to musimy nada?¦ prawa do odpowiedzi. \r\nSondy w portalu r??wnieÂ? s± pobierane z jakiego¶ wyznaczonego forum. \r\nJeÂ?eli jeste¶ w widoku temat??w, lub widoku tematu, lub piszesz post w jednym z forum kt??re jest przypisane do Portalu to link do strony gÂ???wnej wskazuje na portal, moÂ?na to zmieni?¦ poprzez zmiane warto¶ci [b:47dd0c4f79]$setup[\'portal_link\'][/b:47dd0c4f79] w pliku [u:47dd0c4f79]additional_settings.php[/u:47dd0c4f79] W tymÂ?e pliku s± r??wnieÂ? inne dodatkowe ustawienia funkcji forum.\r\nW portalu dowolnie moÂ?esz ksztaÂ?towa?¦ moduÂ?y, nagÂ???wek, stopk??, lecz niestety nie ma moÂ?liwo¶ci uÂ?ywania link??w r??znych w zalezno¶ci od tego czy uÂ?ytkownik jest zalogowany czy nie. ( jest to chyba jedyna rzecz kt??rej si?? nie da zrobi?¦ na tym forum :&gt; ) \r\nJeÂ?eli chcesz aby twoja domena wskazywala najpierw na portal to w katalogu forum utw??rz plik: index.html kt??ry wygl±da tak:[code:1:47dd0c4f79]&lt;html&gt; \r\n&lt;head&gt; \r\n  &lt;meta http-equiv=&quot;Refresh&quot; content=&quot;0; url=portal.php&quot;&gt; \r\n&lt;/head&gt; \r\n&lt;/html&gt; [/code:1:47dd0c4f79]DziaÂ?a to tylko na serwerach, kt??re w pierwszej kolejno¶ci odczytuj± pliki *.html\r\n\r\n\r\n[b:47dd0c4f79][size=18:47dd0c4f79]LOGOWANIE IP[/size:47dd0c4f79][/b:47dd0c4f79]\r\nJeÂ?eli wÂ?±czysz logowanie host??w i IP to zwracaj uwag?? na wielkos?¦ pliku admin_logs.php Co jaki¶ czas kontroluj jego wielko¶?¦, je¶li osi±gnie zbyt duÂ?y rozmiar, wyczy¶?¦ logi. \r\n\r\n\r\n[b:47dd0c4f79][size=18:47dd0c4f79]LOCKDOWN (HIDE)[/size:47dd0c4f79][/b:47dd0c4f79] \r\nPrzy stosowaniu LockDown\'a, sugeruje w ustawieniach dziaÂ?u wyÂ?±czyc moÂ?liwo¶?¦ kasowania swoich post??w w danym dziale. \r\n\r\n\r\n[b:47dd0c4f79][size=18:47dd0c4f79]FLASH, AVI, MP3[/size:47dd0c4f79] [/b:47dd0c4f79]\r\nForum umoÂ?liwia uÂ?ytkownikom wstawianie do post??w obiekt??w flash, je¶li uÂ?ytkownik chce by?¦ zÂ?o¶liwy, moÂ?e wstawi?¦ do postu obiekt flash kt??ry b??dzie potrafiÂ? przekierowa?¦ na inn± stron??, lub b??dzie zawieraÂ? wirusa. MoÂ?esz wyÂ?±czy?¦ przycisk FLASH podczas pisania post??w. \r\nJest teÂ? moÂ?liwo¶?¦ wstawiania do postu element??w dzwi??kowych (wav, mid, mp3) oraz film??w (avi, mpg itp.) A takÂ?e zaÂ?±cznik??w. KaÂ?dy przycisk w widoku pisania postu, moÂ?esz wyÂ?±czy?¦. \r\n\r\n\r\n[b:47dd0c4f79][size=18:47dd0c4f79]SUBFORA - PODKATEGORIE[/size:47dd0c4f79][/b:47dd0c4f79] \r\nMasz moÂ?liwo¶?¦ tworzenia subfor, czyli dziaÂ???w w dziaÂ?ach (for w forach) \r\nWyr??Â?niamy dwa rodzaje, pierwsze umieszczenie w jednym forum np [b:47dd0c4f79]A[/b:47dd0c4f79] stworzenie for np. [b:47dd0c4f79]A B C[/b:47dd0c4f79] lecz bez moÂ?liwo¶ci pisania temat??w w forum [b:47dd0c4f79]A[/b:47dd0c4f79], oraz drugie, takie samo lecz z moÂ?liwo¶ci± pisania temat??w w forum [b:47dd0c4f79]A[/b:47dd0c4f79]. Dodatkowo r??Â?ni± sie teÂ? tym, Â?e po wej¶ciu w to forum, mamy widok taki sam jak by¶my byli na stronie gÂ???wnej. W drugiej wersji natomiast znajduj± si?? fora a pod nimi lista temat??w forum [b:47dd0c4f79]A[/b:47dd0c4f79]. \r\nInstrukcja tworzenia zwykÂ?ych subfor (bez moÂ?liwo¶ci pisania temat??w w nadrz??dnym forum [b:47dd0c4f79]A[/b:47dd0c4f79], czyli tym w kt??rym znajduj± si?? fora) \r\nNazwa Twojego Forum Strona gÂ???wna to jest nasze FORUM, og??lnie w phpBB w nim tworzymy np. dwie kategorie ([b:47dd0c4f79]Ca1 i Ca2[/b:47dd0c4f79]), w kt??rych tworzymy fora [b:47dd0c4f79]A B[/b:47dd0c4f79] w kategorii [b:47dd0c4f79]Ca1 i C D[/b:47dd0c4f79] w kategorii [b:47dd0c4f79]Ca2[/b:47dd0c4f79] i fora [b:47dd0c4f79]A B C D[/b:47dd0c4f79] s± wy¶wietlane na stronie gÂ???wnej, kategorie natomiast to paski [b:47dd0c4f79]Ca1 i Ca2[/b:47dd0c4f79] kt??re oddzielaj± fora od siebie. Â?eby utworzy?¦ forum ([b:47dd0c4f79]Dm[/b:47dd0c4f79]) w kt??rym b??da np. dwa fora [b:47dd0c4f79]Es i Fs[/b:47dd0c4f79] i nie b??dzie moÂ?liwo¶ci pisania post??w w forum [b:47dd0c4f79]Dm[/b:47dd0c4f79], tworzymy w kategorii [b:47dd0c4f79]Ca1[/b:47dd0c4f79] kategorie [b:47dd0c4f79]Dm[/b:47dd0c4f79], nast??pnie w niej tworzymy forum [b:47dd0c4f79]Es i Fs[/b:47dd0c4f79]. Po wej¶ciu na forum b??dziemy widzie?¦ fora [b:47dd0c4f79]A B C D[/b:47dd0c4f79] i [b:47dd0c4f79]Dm[/b:47dd0c4f79] z inn± ikon±, po wej¶ciu do niego b??dziemy mieli dwa fora [b:47dd0c4f79]Es i Fs[/b:47dd0c4f79] widok b??dzie taki sam jak na stronie gÂ???wnej czyli nie b??dzie moÂ?liwo¶ci pisania temat??w. \r\nNatomiast Â?eby stworzyc forum ([b:47dd0c4f79]Em[/b:47dd0c4f79]) w kt??rym b??dzie moÂ?na pisa?¦ tematy oraz w kt??rym b??d± dwa fora [b:47dd0c4f79]Gs i Hs[/b:47dd0c4f79], tworzymy w kategorii [b:47dd0c4f79]Ca1[/b:47dd0c4f79] forum [b:47dd0c4f79]Em[/b:47dd0c4f79], w kt??rym z kolei tworzymy kategori?? [b:47dd0c4f79]Emc[/b:47dd0c4f79] a w niej fora [b:47dd0c4f79]Gs i Hs[/b:47dd0c4f79] \r\nGeneralnie zasada jest taka, Â?e moÂ?emy tworzy?¦ wszystko we wszystkim i jeÂ?eli bezpo¶rednio w Kategorii stworzymy kategori?? lub forum, to pojawi nam si?? na stronie gÂ???wnej ikona Subforum w kt??rym b??d± fora, lecz w nim nie b??dzie moÂ?na pisac temat??w, natomiast jeÂ?eli w Forum stworzymy fora lub kategori?? to pojawi si?? taka sama ikona lecz w tym Forum b??dziemy mogli pisa?¦ tematy, a nad tematami b??d± fora kt??re w nim zrobili¶my. \r\nDrzewo moÂ?e si?? ci±gn±?¦ w niesko?±czono¶?¦ i moÂ?liwo¶ci konfiguracji mamy nieograniczone. \r\nW panelu admina widok for i kategorii to drzewo z przypisanymi odpowiednio przyciskami do stworzenia w danym miejscu forum lub kategorii, warto zwraca?¦ uwag?? gdzie klikamy, je¶li si?? pomylimy to oczywi¶cie p??Â?niej w widoku dodawania forum, moÂ?emy wybra?¦ inn± lokalizacje dla danej kategorii lub forum. \r\nMoÂ?emy r??wnieÂ? przenosi?¦ caÂ?e kategorie kt??re zawieraj± fora, do innych kategorii lub do for (pami??taj - przeniesiesz kategorie do kategorii - pojawi si?? subforum bez moÂ?liwo¶ci pisania w nim temat??w, przeniesiesz kategori?? lub forum do forum - pojawi si?? subforum z moÂ?liwo¶ci± pisania w nim temat??w) Nie polecam tworzenia for w forach, lepiej jest tworzy?¦ kategori?? w forach, o wiele bardziej uÂ?atwia nam to p??Â?niej modernizacj??. \r\nAle jeÂ?eli stworzysz forum [b:47dd0c4f79]B i C[/b:47dd0c4f79] bezpo¶rednio (bez obj??cia je w kategori??) w forum [b:47dd0c4f79]A[/b:47dd0c4f79] to na str. gÂ???wnej w widoku for pod nazw± forum [b:47dd0c4f79]A[/b:47dd0c4f79] b??d± ikonki (linki) i nazwy for [b:47dd0c4f79]B i C[/b:47dd0c4f79], natomiast je¶li stworzysz w forum [b:47dd0c4f79]A[/b:47dd0c4f79] kategori??, w kt??rej b??dzie forum [b:47dd0c4f79]B i C[/b:47dd0c4f79] to pod nazw± forum [b:47dd0c4f79]A[/b:47dd0c4f79] b??dzie tylko ikona kategorii bez rozbicia na fora.\r\n\r\n\r\nZapraszam do zapoznania si?? z kolejn± o wiele dÂ?uÂ?sz± lektur± kt??ra znajduje si?? w panelu admina :&gt;\r\n\r\n\r\n[u:47dd0c4f79][b:47dd0c4f79][size=18:47dd0c4f79]UPDATE ORYGINALNEGO FORUM phpBB2.0.x do mojej wersji 1.9[/size:47dd0c4f79][/b:47dd0c4f79][/u:47dd0c4f79]\r\nJest moÂ?liwo¶?¦ uaktualnienia swojego forum phpBB 2.0.x do mojej wersji 1.9 Nie trac±c przy tym Â?adnych danych, z moÂ?liwo¶ci± p??Â?niejszego odinstalowania mojej modyfikacji (czytaj niÂ?ej)\r\nWAÂ?NE - Zr??b kopi?? bazy danych (moÂ?esz to zrobi?¦ w panelu admina \"Kopia zapasowa\" lub w PhpMyAdminie &gt; \"Export\" (Struktura i Dane)) oraz plik??w forum, przed przyst±pieniem do niÂ?ej opisanych czynno¶ci.\r\nProces ten skÂ?ada si?? z dwoch etap??w:\r\n[b:47dd0c4f79]1.[/b:47dd0c4f79] - UPDATE BAZY SQL\r\nPierwszy krok to zamiana bazy danych. NaleÂ?y wgra?¦ do katalogu forum tylko plik: [u:47dd0c4f79]update_phpBB_to_19_by_Przemo.php[/u:47dd0c4f79] oraz [u:47dd0c4f79]update_phpBB_to_19_by_Przemo.sql[/u:47dd0c4f79] kt??re znajduj± si?? w katalogu /scripts/ po czym b??d±c zalogowanym jako admin, wpisa?¦ w przegl±darce: [u:47dd0c4f79]http://adres.naszego_forum.pl/update_phpBB_to_19_by_Przemo.php[/u:47dd0c4f79] na ekranie pojawi si?? instrukcja uaktualnienia bazy.\r\nGdy zdaÂ?y si?? sytuacja Â?e podczas aktualizacji bazy danych kt??re¶ wpisy b??d± na czerwono, oznacza to, Â?e z jaki¶ powod??w nie mogÂ?y zosta?¦ dodane\r\ndo bazy, prawdopodobnie juÂ? istniej±, bo by?¦ moÂ?e instalowaÂ?e¶ jakie¶ mody. Niekoniecznie musi to oznacza?¦, Â?e forum b??dzie dziaÂ?a?¦ Â?le, wpisy do bazy mog± byc takie same, jesli nie sprawdÂ? ich nazwy i usu?±\r\nje z bazy SQL. Staraj si?? nie kasowa?¦ caÂ?ych standardowych tabel phpBB2 (users, forums, posts) je¶li b??dzie na\r\nczerwono na przykÂ?ad: [i:47dd0c4f79]\"ALTER TABLE phpbbt_users ADD user_birthday INT DEFAULT \"999999\" not null\"[/i:47dd0c4f79] oznacza to, Â?e\r\nw tabeli phpbbt_users istnieje juÂ? pole user_birthday, w??wczas powiniene¶ skasowa?¦ tylko to pole. Je¶li natomiast\r\ndostaniesz  na czerwono komunikat:\r\n[i:47dd0c4f79]\"CREATE TABLE phpbbt_forbidden_extensions ( ext_id mediumint(8) UNSIGNED NOT NULL auto_increment, extension varchar(100) NOT NULL, PRIMARY KEY (ext_id))\"[/i:47dd0c4f79]\r\noznacza to, Â?e istnieje juÂ? tabela phpbbt_forbidden_extensions, jest to tabela modu zaÂ?±cznik??w, jest ona dodatkow±\r\ntabel± do phpbb i moÂ?esz j± skasowa?¦ ze swojej bazy, po czym wl±czy?¦ zamian?? jeszcze raz.\r\nJe¶li podczas zamiany wyjdzie czerwony komunikat, dla jakiej¶ linii i naprawisz przyczyn?? przez ktor± nie zostaÂ?a ona wpisana, w??wczas musisz wÂ?±czy?¦ zamian?? jeszcze raz, lecz lini?? ktore wczesniej zostaÂ?y wpisane bed± teraz na\r\nczerwono i jest to prawidÂ?owym efektem, Ciebie interesowa?¦ b??dzie tylko, Â?eby linia ktora wczesniej byÂ?a na czerwono, tym razem byÂ?a w kolorze niebieskim.\r\n\r\nJeÂ?eli z jaki¶ przyczyn skrypt [u:47dd0c4f79]update_phpBB_to_19_by_Przemo.php[/u:47dd0c4f79] nie chce dziaÂ?a?¦, uÂ?yj pliku [u:47dd0c4f79]Zamiana_bazy_do_v_19.sql[/u:47dd0c4f79] Jest on przeznaczony do wgrania bazy poprzez PhpMyAdmina. Lecz jeÂ?eli masz inny prefix niÂ? superforum_ to musisz uÂ?y?¦ edytora tekstowego, z obsÂ?ug± masowej zamiany ci±g??w znak??w, kt??rym zamiennisz wszystkie  superforum_ na sw??j prefix.\r\n\r\n[b:47dd0c4f79]2.[/b:47dd0c4f79] - UPDATE PLIK?“W FORUM\r\nWgranie do katalogu forum wszystkich plik??w z katalogu mojej modyfikacji UWAGA - opr??cz pliku [u:47dd0c4f79]config.php[/u:47dd0c4f79] ten plik ma zosta?¦ stary!!!\r\nPrzed zamian± plik??w, koniecznie zmie?± domy¶lny styl forum na subSilver oraz w swoim profilu. MoÂ?e by?¦ teÂ? inny styl, kt??ry jest do ¶ci±gni??cia na mojej stronie.\r\n\r\n\r\n[u:47dd0c4f79][b:47dd0c4f79][size=18:47dd0c4f79]UPDATE FORUM phpBB modified v1.8 by Przemo DO WERSJI 1.9[/size:47dd0c4f79][/b:47dd0c4f79][/u:47dd0c4f79]\r\nWAÂ?NE - Zr??b kopi?? bazy danych oraz plik??w forum przed przyst±pieniem do niÂ?ej opisanych czynno¶ci.\r\nProces ten skÂ?ada si?? z dwoch etap??w:\r\n[b:47dd0c4f79]1.[/b:47dd0c4f79] - UPDATE BAZY SQL\r\nPierwszy krok to zamiana bazy danych. NaleÂ?y wgra?¦ do gÂ???wnego katalogu forum  tylko plik: [u:47dd0c4f79]update18-19.php[/u:47dd0c4f79] kt??ry znajduje si?? w katalogu /scripts/ po czym wpisa?¦ w przegl±darce: http://adres.naszego_forum.pl/update18-19.php na ekranie pojawi si?? instrukcja uaktualnienia bazy.\r\nJeÂ?eli z jaki¶ przyczyn [u:47dd0c4f79]plik update18-19.php[/u:47dd0c4f79] nie chce dziaÂ?a?¦, przygotowaÂ?em plik [u:47dd0c4f79]update18-19.sql[/u:47dd0c4f79]\r\nJest on przeznaczony do wgrania bazy poprzez PhpMyAdmina.\r\nLecz jeÂ?eli masz inny prefix niÂ? superforum_ to musisz uÂ?y?¦ edytora tekstowego, z obsÂ?ug± masowej zamiany ci±g??w znak??w, kt??rym zamiennisz wszystkie  superforum_ na sw??j prefix.\r\n\r\n[b:47dd0c4f79]2.[/b:47dd0c4f79] - UPDATE PLIK?“W FORUM\r\nWgranie do katalogu forum wszystkich plik??w z katalogu mojej modyfikacji, z wyj±tkiem pliku [u:47dd0c4f79]config.php[/u:47dd0c4f79] oraz z wyj±tkiem pliku [u:47dd0c4f79]additional_settings.php[/u:47dd0c4f79] JeÂ?eli w tym drugim pliku nic nie zmieniaÂ?e¶, moÂ?esz go nadpisa?¦, je¶li zmieniaÂ?e¶, por??wnaj obydwa pliki i skopiuj now± cz??¶?¦ tego pliku do swojego pliku additional_settings.php\r\n\r\n\r\n\r\n[u:47dd0c4f79][b:47dd0c4f79][size=18:47dd0c4f79]ODINSTALOWYWANIE MOJEJ MODYFIKACJI[/size:47dd0c4f79][/b:47dd0c4f79][/u:47dd0c4f79]\r\nJest to bardzo prosta czynno¶?¦, r??wnieÂ? skÂ?ada si?? z dw??ch etap??w:\r\n[b:47dd0c4f79]1.[/b:47dd0c4f79] Odinstalowanie z bazy danych, dost??pne w panelu admina w sekcji SQL (tylko gÂ???wny admin)\r\n[b:47dd0c4f79]2.[/b:47dd0c4f79] Wgranie oryginalnych plik??w phpBB2.0.x Sugeruje usun±?¦ wszystkie pliki forum z wyj±tkiem [u:47dd0c4f79]config.php[/u:47dd0c4f79] i wgra?¦ oryginalne phpBB2.0.x\r\n\r\n\r\n[b:47dd0c4f79]MoÂ?esz skasowa?¦ ten post, kopia tego postu znajduje si?? pliku info.html moÂ?esz go przegl±da?¦ wpisuj±c: http://adres.twojego.forum.pl/info.html[/b:47dd0c4f79]\r\n\r\n\r\nJeÂ?eli b??dziesz miaÂ? jakie¶ uwagi, propozycje, problemy lub pytania, odwiedÂ? forum: http://przemo.org/phpBB2/forum \r\nPrzy tworzeniu forum pomagali: \r\n[b:47dd0c4f79]Crack[/b:47dd0c4f79] ([email]piotrac@poczta.onet.pl[/email]) - Ciekawe propozycje, testowanie wersji BETA, duÂ?a pomoc w usprawnianiu dziaÂ?ania forum, patch do obsÂ?ugi PHP5 i inne.\r\n[b:47dd0c4f79]Widmo[/b:47dd0c4f79] ([email]widmo@w.pl[/email]) - Ciekawe propozycje, testowanie wersji BETA.\r\n\r\n[b:47dd0c4f79]PeTeReK[/b:47dd0c4f79] ([email]peterek@risp.pl[/email]) - Ciekawe propozycje, testowanie wersji BETA, pomoc w przetÂ?umaczaniu na j.angielski.\r\n[b:47dd0c4f79]Maik[/b:47dd0c4f79] ([email]sathack@fbi.cz[/email]) - PrzetÂ?umaczanie na j??zyk czeski i sÂ?owacki. \r\n[b:47dd0c4f79]Destro[/b:47dd0c4f79] ([email]destro@w.pl[/email]) - Polskie przyciski do stylu zoneSilver \r\noraz cz??¶?¦ uÂ?ytkownik??w z forum http://www.przemo.org/phpBB2/forum/ \r\n\r\n[URL=http://przemo.org]Przemo[/URL]');

--
-- Table structure for table `superforum_privmsgs`
--

CREATE TABLE `superforum_privmsgs` (
  `privmsgs_id` mediumint(8) unsigned NOT NULL AUTO_INCREMENT,
  `privmsgs_type` tinyint(4) NOT NULL DEFAULT '0',
  `privmsgs_subject` varchar(255) NOT NULL DEFAULT '0',
  `privmsgs_from_userid` mediumint(8) NOT NULL DEFAULT '0',
  `privmsgs_to_userid` mediumint(8) NOT NULL DEFAULT '0',
  `privmsgs_date` int(11) NOT NULL DEFAULT '0',
  `privmsgs_ip` varchar(8) NOT NULL DEFAULT '',
  `privmsgs_enable_bbcode` tinyint(1) NOT NULL DEFAULT '1',
  `privmsgs_enable_html` tinyint(1) NOT NULL DEFAULT '0',
  `privmsgs_enable_smilies` tinyint(1) NOT NULL DEFAULT '1',
  `privmsgs_attach_sig` tinyint(1) NOT NULL DEFAULT '1',
  `privmsgs_attachment` tinyint(1) NOT NULL DEFAULT '0',
  PRIMARY KEY (`privmsgs_id`),
  KEY `privmsgs_from_userid` (`privmsgs_from_userid`),
  KEY `privmsgs_to_userid` (`privmsgs_to_userid`)
) ENGINE=MyISAM DEFAULT CHARSET=latin1;

--
-- Dumping data for table `superforum_privmsgs`
--


--
-- Table structure for table `superforum_privmsgs_text`
--

CREATE TABLE `superforum_privmsgs_text` (
  `privmsgs_text_id` mediumint(8) unsigned NOT NULL DEFAULT '0',
  `privmsgs_bbcode_uid` varchar(10) NOT NULL DEFAULT '0',
  `privmsgs_text` text,
  PRIMARY KEY (`privmsgs_text_id`)
) ENGINE=MyISAM DEFAULT CHARSET=latin1;

--
-- Dumping data for table `superforum_privmsgs_text`
--


--
-- Table structure for table `superforum_quota_limits`
--

CREATE TABLE `superforum_quota_limits` (
  `quota_limit_id` mediumint(8) unsigned NOT NULL AUTO_INCREMENT,
  `quota_desc` varchar(20) NOT NULL DEFAULT '',
  `quota_limit` bigint(20) unsigned NOT NULL DEFAULT '0',
  PRIMARY KEY (`quota_limit_id`)
) ENGINE=MyISAM AUTO_INCREMENT=4 DEFAULT CHARSET=latin1;

--
-- Dumping data for table `superforum_quota_limits`
--

INSERT INTO `superforum_quota_limits` VALUES (1,'Low',262144),(2,'Medium',2097152),(3,'High',5242880);

--
-- Table structure for table `superforum_ranks`
--

CREATE TABLE `superforum_ranks` (
  `rank_id` smallint(5) unsigned NOT NULL AUTO_INCREMENT,
  `rank_title` varchar(50) NOT NULL DEFAULT '',
  `rank_min` mediumint(8) NOT NULL DEFAULT '0',
  `rank_special` tinyint(1) DEFAULT '0',
  `rank_image` varchar(255) DEFAULT NULL,
  `rank_group` mediumint(8) NOT NULL DEFAULT '0',
  PRIMARY KEY (`rank_id`)
) ENGINE=MyISAM AUTO_INCREMENT=2 DEFAULT CHARSET=latin1;

--
-- Dumping data for table `superforum_ranks`
--

INSERT INTO `superforum_ranks` VALUES (1,'Administrator',-1,1,NULL,0);

--
-- Table structure for table `superforum_read_history`
--

CREATE TABLE `superforum_read_history` (
  `user_id` mediumint(8) NOT NULL DEFAULT '0',
  `forum_id` smallint(5) unsigned NOT NULL DEFAULT '0',
  `topic_id` mediumint(8) unsigned NOT NULL DEFAULT '0',
  `post_id` mediumint(8) unsigned NOT NULL DEFAULT '0',
  `post_time` int(11) NOT NULL DEFAULT '0',
  PRIMARY KEY (`user_id`,`forum_id`,`topic_id`,`post_id`,`post_time`),
  KEY `user_id` (`user_id`),
  KEY `forum_id` (`forum_id`),
  KEY `topic_id` (`topic_id`)
) ENGINE=MyISAM DEFAULT CHARSET=latin1;

--
-- Dumping data for table `superforum_read_history`
--


--
-- Table structure for table `superforum_search_results`
--

CREATE TABLE `superforum_search_results` (
  `search_id` int(11) unsigned NOT NULL DEFAULT '0',
  `session_id` varchar(32) NOT NULL DEFAULT '',
  `search_array` text NOT NULL,
  PRIMARY KEY (`search_id`),
  KEY `session_id` (`session_id`)
) ENGINE=MyISAM DEFAULT CHARSET=latin1;

--
-- Dumping data for table `superforum_search_results`
--


--
-- Table structure for table `superforum_search_wordlist`
--

CREATE TABLE `superforum_search_wordlist` (
  `word_text` varchar(50) CHARACTER SET latin1 COLLATE latin1_bin NOT NULL DEFAULT '',
  `word_id` mediumint(8) unsigned NOT NULL AUTO_INCREMENT,
  `word_common` tinyint(1) unsigned NOT NULL DEFAULT '0',
  PRIMARY KEY (`word_text`),
  KEY `word_id` (`word_id`)
) ENGINE=MyISAM DEFAULT CHARSET=latin1;

--
-- Dumping data for table `superforum_search_wordlist`
--


--
-- Table structure for table `superforum_search_wordmatch`
--

CREATE TABLE `superforum_search_wordmatch` (
  `post_id` mediumint(8) unsigned NOT NULL DEFAULT '0',
  `word_id` mediumint(8) unsigned NOT NULL DEFAULT '0',
  `title_match` tinyint(1) NOT NULL DEFAULT '0',
  KEY `post_id` (`post_id`),
  KEY `word_id` (`word_id`)
) ENGINE=MyISAM DEFAULT CHARSET=latin1;

--
-- Dumping data for table `superforum_search_wordmatch`
--


--
-- Table structure for table `superforum_sessions`
--

CREATE TABLE `superforum_sessions` (
  `session_id` char(32) NOT NULL DEFAULT '',
  `session_user_id` mediumint(8) NOT NULL DEFAULT '0',
  `session_start` int(11) NOT NULL DEFAULT '0',
  `session_time` int(11) NOT NULL DEFAULT '0',
  `session_ip` char(8) NOT NULL DEFAULT '0',
  `session_page` int(11) NOT NULL DEFAULT '0',
  `session_logged_in` tinyint(1) NOT NULL DEFAULT '0',
  PRIMARY KEY (`session_id`),
  KEY `session_user_id` (`session_user_id`),
  KEY `session_id_ip_user_id` (`session_id`,`session_ip`,`session_user_id`)
) ENGINE=MEMORY DEFAULT CHARSET=latin1 MAX_ROWS=500;

--
-- Dumping data for table `superforum_sessions`
--


--
-- Table structure for table `superforum_shoutbox`
--

CREATE TABLE `superforum_shoutbox` (
  `id` int(11) NOT NULL AUTO_INCREMENT,
  `sb_user_id` int(11) NOT NULL DEFAULT '0',
  `msg` text NOT NULL,
  `timestamp` int(10) unsigned NOT NULL DEFAULT '0',
  PRIMARY KEY (`id`)
) ENGINE=MyISAM DEFAULT CHARSET=latin1;

--
-- Dumping data for table `superforum_shoutbox`
--


--
-- Table structure for table `superforum_shoutbox_config`
--

CREATE TABLE `superforum_shoutbox_config` (
  `config_name` varchar(255) NOT NULL DEFAULT '',
  `config_value` varchar(255) NOT NULL DEFAULT '',
  PRIMARY KEY (`config_name`)
) ENGINE=MyISAM DEFAULT CHARSET=latin1;

--
-- Dumping data for table `superforum_shoutbox_config`
--

INSERT INTO `superforum_shoutbox_config` VALUES ('allow_guest_view','1'),('allow_guest','0'),('allow_users_view','1'),('allow_users','1'),('allow_delete_all','0'),('allow_delete','0'),('allow_delete_m','0'),('allow_edit_all','0'),('allow_edit','0'),('allow_edit_m','0'),('allow_bbcode','1'),('allow_smilies','1'),('links_names','1'),('make_links','1'),('count_msg','100'),('delete_days','30'),('text_lenght','500'),('word_lenght','80'),('date_format','D G:i'),('date_on','1'),('shoutbox_on','1'),('shout_width','630'),('shout_height','130'),('banned_user_id',''),('banned_user_id_view',''),('color_mod',''),('color_admin','');

--
-- Table structure for table `superforum_smilies`
--

CREATE TABLE `superforum_smilies` (
  `smilies_id` smallint(5) unsigned NOT NULL AUTO_INCREMENT,
  `code` varchar(50) DEFAULT NULL,
  `smile_url` varchar(100) DEFAULT NULL,
  `emoticon` varchar(75) DEFAULT NULL,
  PRIMARY KEY (`smilies_id`)
) ENGINE=MyISAM AUTO_INCREMENT=43 DEFAULT CHARSET=latin1;

--
-- Dumping data for table `superforum_smilies`
--

INSERT INTO `superforum_smilies` VALUES (1,':D','icon_biggrin.gif','Very Happy'),(2,':-D','icon_biggrin.gif','Very Happy'),(3,':grin:','icon_biggrin.gif','Very Happy'),(4,':)','icon_smile.gif','Smile'),(5,':-)','icon_smile.gif','Smile'),(6,':smile:','icon_smile.gif','Smile'),(7,':(','icon_sad.gif','Sad'),(8,':-(','icon_sad.gif','Sad'),(9,':sad:','icon_sad.gif','Sad'),(10,':o','icon_surprised.gif','Surprised'),(11,':-o','icon_surprised.gif','Surprised'),(12,':eek:','icon_surprised.gif','Surprised'),(13,':shock:','icon_eek.gif','Shocked'),(14,':?','icon_confused.gif','Confused'),(15,':-?','icon_confused.gif','Confused'),(16,':???:','icon_confused.gif','Confused'),(17,'8)','icon_cool.gif','Cool'),(18,'8-)','icon_cool.gif','Cool'),(19,':cool:','icon_cool.gif','Cool'),(20,':lol:','icon_lol.gif','Laughing'),(21,':x','icon_mad.gif','Mad'),(22,':-x','icon_mad.gif','Mad'),(23,':mad:','icon_mad.gif','Mad'),(24,':P','icon_razz.gif','Razz'),(25,':-P','icon_razz.gif','Razz'),(26,':razz:','icon_razz.gif','Razz'),(27,':oops:','icon_redface.gif','Embarassed'),(28,':cry:','icon_cry.gif','Crying or Very sad'),(29,':evil:','icon_evil.gif','Evil or Very Mad'),(30,':twisted:','icon_twisted.gif','Twisted Evil'),(31,':roll:','icon_rolleyes.gif','Rolling Eyes'),(32,':wink:','icon_wink.gif','Wink'),(33,';)','icon_wink.gif','Wink'),(34,';-)','icon_wink.gif','Wink'),(35,':!:','icon_exclaim.gif','Exclamation'),(36,':?:','icon_question.gif','Question'),(37,':idea:','icon_idea.gif','Idea'),(38,':arrow:','icon_arrow.gif','Arrow'),(39,':|','icon_neutral.gif','Neutral'),(40,':-|','icon_neutral.gif','Neutral'),(41,':neutral:','icon_neutral.gif','Neutral'),(42,':mrgreen:','icon_mrgreen.gif','Mr. Green');

--
-- Table structure for table `superforum_stats_config`
--

CREATE TABLE `superforum_stats_config` (
  `config_name` varchar(50) NOT NULL DEFAULT '',
  `config_value` varchar(255) NOT NULL DEFAULT '',
  PRIMARY KEY (`config_name`)
) ENGINE=MyISAM DEFAULT CHARSET=latin1;

--
-- Dumping data for table `superforum_stats_config`
--

INSERT INTO `superforum_stats_config` VALUES ('install_date','time()'),('return_limit','10'),('version','2.1.3'),('modules_dir','stat_modules'),('page_views','0');

--
-- Table structure for table `superforum_stats_modules`
--

CREATE TABLE `superforum_stats_modules` (
  `module_id` tinyint(8) NOT NULL DEFAULT '0',
  `name` varchar(150) NOT NULL DEFAULT '',
  `active` tinyint(1) NOT NULL DEFAULT '0',
  `installed` tinyint(1) NOT NULL DEFAULT '0',
  `display_order` mediumint(8) unsigned NOT NULL DEFAULT '0',
  `update_time` mediumint(8) unsigned NOT NULL DEFAULT '0',
  `auth_value` tinyint(2) NOT NULL DEFAULT '0',
  `module_info_cache` blob,
  `module_db_cache` blob,
  `module_result_cache` blob,
  `module_info_time` int(10) unsigned NOT NULL DEFAULT '0',
  `module_cache_time` int(10) unsigned NOT NULL DEFAULT '0',
  PRIMARY KEY (`module_id`)
) ENGINE=MyISAM DEFAULT CHARSET=latin1;

--
-- Dumping data for table `superforum_stats_modules`
--

INSERT INTO `superforum_stats_modules` VALUES (1,'top_words',1,1,10,1440,0,'[BLOB]','[BLOB]','[BLOB]',0,0),(2,'top_smilies',1,1,20,1000,0,'[BLOB]','[BLOB]','[BLOB]',0,0),(3,'most_active_topics',1,1,30,0,0,'[BLOB]','[BLOB]','[BLOB]',0,0),(4,'most_viewed_topics',1,1,40,0,0,'[BLOB]','[BLOB]','[BLOB]',0,0),(5,'new_topics_by_month',1,1,50,0,0,'[BLOB]','[BLOB]','[BLOB]',0,0),(6,'latest_topics',1,1,60,0,0,'[BLOB]','[BLOB]','[BLOB]',0,0),(7,'new_posts_by_month',1,1,70,0,0,'[BLOB]','[BLOB]','[BLOB]',0,0),(8,'top_posters',1,1,80,0,0,'[BLOB]','[BLOB]','[BLOB]',0,0),(9,'last_active_users',1,1,90,0,0,'[BLOB]','[BLOB]','[BLOB]',0,0),(10,'new_users_by_month',1,1,100,0,0,'[BLOB]','[BLOB]','[BLOB]',0,0),(11,'users_from_where',1,1,110,0,0,'[BLOB]','[BLOB]','[BLOB]',0,0),(12,'age_statistics',1,1,120,0,0,'[BLOB]','[BLOB]','[BLOB]',0,0),(13,'users_gender',1,1,130,1440,0,'[BLOB]','[BLOB]','[BLOB]',0,0),(14,'priv_msgs',1,1,140,0,0,'[BLOB]','[BLOB]','[BLOB]',0,0),(15,'admin_statistics',1,1,150,0,0,'[BLOB]','[BLOB]','[BLOB]',0,0),(16,'forum_index',1,1,160,0,0,'[BLOB]','[BLOB]','[BLOB]',0,0);

--
-- Table structure for table `superforum_themes`
--

CREATE TABLE `superforum_themes` (
  `themes_id` mediumint(8) unsigned NOT NULL AUTO_INCREMENT,
  `template_name` varchar(30) NOT NULL DEFAULT '',
  `style_name` varchar(30) NOT NULL DEFAULT '',
  `head_stylesheet` varchar(100) DEFAULT NULL,
  `body_background` varchar(100) DEFAULT NULL,
  `body_bgcolor` varchar(6) DEFAULT NULL,
  `body_text` varchar(6) DEFAULT NULL,
  `body_link` varchar(6) DEFAULT NULL,
  `body_vlink` varchar(6) DEFAULT NULL,
  `body_alink` varchar(6) DEFAULT NULL,
  `body_hlink` varchar(6) DEFAULT NULL,
  `tr_color1` varchar(6) DEFAULT NULL,
  `tr_color2` varchar(6) DEFAULT NULL,
  `tr_color3` varchar(6) DEFAULT NULL,
  `tr_class1` varchar(25) DEFAULT NULL,
  `tr_class2` varchar(25) DEFAULT NULL,
  `tr_class3` varchar(25) DEFAULT NULL,
  `th_color1` varchar(6) DEFAULT NULL,
  `th_color2` varchar(6) DEFAULT NULL,
  `th_color3` varchar(6) DEFAULT NULL,
  `th_class1` varchar(25) DEFAULT NULL,
  `th_class2` varchar(25) DEFAULT NULL,
  `th_class3` varchar(25) DEFAULT NULL,
  `td_color1` varchar(6) DEFAULT NULL,
  `td_color2` varchar(6) DEFAULT NULL,
  `td_color3` varchar(6) DEFAULT NULL,
  `td_class1` varchar(25) DEFAULT NULL,
  `td_class2` varchar(25) DEFAULT NULL,
  `td_class3` varchar(25) DEFAULT NULL,
  `fontface1` varchar(50) DEFAULT NULL,
  `fontface2` varchar(50) DEFAULT NULL,
  `fontface3` varchar(50) DEFAULT NULL,
  `fontsize1` tinyint(4) DEFAULT NULL,
  `fontsize2` tinyint(4) DEFAULT NULL,
  `fontsize3` tinyint(4) DEFAULT NULL,
  `fontcolor1` varchar(6) DEFAULT NULL,
  `fontcolor2` varchar(6) DEFAULT NULL,
  `fontcolor3` varchar(6) DEFAULT NULL,
  `span_class1` varchar(25) DEFAULT NULL,
  `span_class2` varchar(25) DEFAULT NULL,
  `span_class3` varchar(25) DEFAULT NULL,
  `img_size_poll` smallint(5) unsigned DEFAULT NULL,
  `img_size_privmsg` smallint(5) unsigned DEFAULT NULL,
  PRIMARY KEY (`themes_id`)
) ENGINE=MyISAM AUTO_INCREMENT=2 DEFAULT CHARSET=latin1;

--
-- Dumping data for table `superforum_themes`
--

INSERT INTO `superforum_themes` VALUES (1,'subSilver','subSilver','subSilver.css','','E5E5E5','000000','006699','5493B4','','DD6900','EFEFEF','DEE3E7','D1D7DC','','','','98AAB1','006699','FFFFFF','cellpic1.gif','cellpic3.gif','cellpic2.jpg','FAFAFA','FFFFFF','','row1','row2','','Verdana, Arial, Helvetica, sans-serif','Trebuchet MS','Courier, \'Courier New\', sans-serif',10,11,12,'444444','006600','FFA34F','','','',NULL,NULL);

--
-- Table structure for table `superforum_themes_name`
--

CREATE TABLE `superforum_themes_name` (
  `themes_id` smallint(5) unsigned NOT NULL DEFAULT '0',
  `tr_color1_name` char(50) DEFAULT NULL,
  `tr_color2_name` char(50) DEFAULT NULL,
  `tr_color3_name` char(50) DEFAULT NULL,
  `tr_class1_name` char(50) DEFAULT NULL,
  `tr_class2_name` char(50) DEFAULT NULL,
  `tr_class3_name` char(50) DEFAULT NULL,
  `th_color1_name` char(50) DEFAULT NULL,
  `th_color2_name` char(50) DEFAULT NULL,
  `th_color3_name` char(50) DEFAULT NULL,
  `th_class1_name` char(50) DEFAULT NULL,
  `th_class2_name` char(50) DEFAULT NULL,
  `th_class3_name` char(50) DEFAULT NULL,
  `td_color1_name` char(50) DEFAULT NULL,
  `td_color2_name` char(50) DEFAULT NULL,
  `td_color3_name` char(50) DEFAULT NULL,
  `td_class1_name` char(50) DEFAULT NULL,
  `td_class2_name` char(50) DEFAULT NULL,
  `td_class3_name` char(50) DEFAULT NULL,
  `fontface1_name` char(50) DEFAULT NULL,
  `fontface2_name` char(50) DEFAULT NULL,
  `fontface3_name` char(50) DEFAULT NULL,
  `fontsize1_name` char(50) DEFAULT NULL,
  `fontsize2_name` char(50) DEFAULT NULL,
  `fontsize3_name` char(50) DEFAULT NULL,
  `fontcolor1_name` char(50) DEFAULT NULL,
  `fontcolor2_name` char(50) DEFAULT NULL,
  `fontcolor3_name` char(50) DEFAULT NULL,
  `span_class1_name` char(50) DEFAULT NULL,
  `span_class2_name` char(50) DEFAULT NULL,
  `span_class3_name` char(50) DEFAULT NULL,
  PRIMARY KEY (`themes_id`)
) ENGINE=MyISAM DEFAULT CHARSET=latin1;

--
-- Dumping data for table `superforum_themes_name`
--

INSERT INTO `superforum_themes_name` VALUES (1,'The lightest row colour','The medium row color','The darkest row colour','','','','Border round the whole page','Outer table border','Inner table border','Silver gradient picture','Blue gradient picture','Fade-out gradient on index','Background for quote boxes','All white areas','','Background for topic posts','2nd background for topic posts','','Main fonts','Additional topic title font','Form fonts','Smallest font size','Medium font size','Normal font size (post body etc)','Quote & copyright text','Code text colour','Main table header text colour','','','');

--
-- Table structure for table `superforum_topic_view`
--

CREATE TABLE `superforum_topic_view` (
  `topic_id` mediumint(8) NOT NULL DEFAULT '0',
  `user_id` mediumint(8) NOT NULL DEFAULT '0',
  `view_time` int(11) NOT NULL DEFAULT '0',
  `view_count` int(11) NOT NULL DEFAULT '0'
) ENGINE=MyISAM DEFAULT CHARSET=latin1;

--
-- Dumping data for table `superforum_topic_view`
--


--
-- Table structure for table `superforum_topics`
--

CREATE TABLE `superforum_topics` (
  `topic_id` mediumint(8) unsigned NOT NULL AUTO_INCREMENT,
  `forum_id` smallint(8) unsigned NOT NULL DEFAULT '0',
  `topic_title` varchar(60) NOT NULL DEFAULT '',
  `topic_poster` mediumint(8) NOT NULL DEFAULT '0',
  `topic_time` int(11) NOT NULL DEFAULT '0',
  `topic_views` mediumint(8) unsigned NOT NULL DEFAULT '0',
  `topic_replies` mediumint(8) unsigned NOT NULL DEFAULT '0',
  `topic_status` tinyint(3) NOT NULL DEFAULT '0',
  `topic_vote` tinyint(1) NOT NULL DEFAULT '0',
  `topic_type` tinyint(3) NOT NULL DEFAULT '0',
  `topic_first_post_id` mediumint(8) unsigned NOT NULL DEFAULT '0',
  `topic_last_post_id` mediumint(8) unsigned NOT NULL DEFAULT '0',
  `topic_moved_id` mediumint(8) unsigned NOT NULL DEFAULT '0',
  `topic_attachment` tinyint(1) NOT NULL DEFAULT '0',
  `topic_icon` tinyint(2) unsigned NOT NULL DEFAULT '0',
  `topic_expire` int(255) unsigned NOT NULL DEFAULT '0',
  `topic_color` varchar(25) DEFAULT NULL,
  `topic_title_e` varchar(100) NOT NULL DEFAULT '',
  PRIMARY KEY (`topic_id`),
  KEY `forum_id` (`forum_id`),
  KEY `topic_moved_id` (`topic_moved_id`),
  KEY `topic_status` (`topic_status`),
  KEY `topic_type` (`topic_type`)
) ENGINE=MyISAM AUTO_INCREMENT=9 DEFAULT CHARSET=latin1;

--
-- Dumping data for table `superforum_topics`
--

INSERT INTO `superforum_topics` VALUES (5,7,'Sonda1',2,1065137203,0,0,0,1,0,7,7,0,0,0,0,'',''),(2,2,'Testowy temat w SubForum',2,1064458873,0,0,0,0,0,3,3,0,0,0,0,'',''),(4,1,'Instrukcja obsÂ?ugi forum. Koniecznie przeczytaj !',2,1065136668,0,0,0,0,0,5,5,0,0,2,0,'red',''),(6,6,'Test trzeciego newsa',2,1065137320,0,0,0,0,0,8,8,0,0,0,0,'',''),(7,6,'test drugiego newsa',2,1065137383,0,0,0,0,0,9,9,0,0,0,0,'',''),(8,6,'Skr??cona instrukcja obsÂ?ugi portalu',2,1065137404,0,0,0,0,0,10,10,0,0,0,0,'','');

--
-- Table structure for table `superforum_topics_ignore`
--

CREATE TABLE `superforum_topics_ignore` (
  `topic_id` mediumint(8) unsigned NOT NULL AUTO_INCREMENT,
  `user_id` mediumint(8) NOT NULL DEFAULT '0',
  PRIMARY KEY (`topic_id`,`user_id`)
) ENGINE=MyISAM DEFAULT CHARSET=latin1;

--
-- Dumping data for table `superforum_topics_ignore`
--


--
-- Table structure for table `superforum_topics_watch`
--

CREATE TABLE `superforum_topics_watch` (
  `topic_id` mediumint(8) unsigned NOT NULL DEFAULT '0',
  `user_id` mediumint(8) NOT NULL DEFAULT '0',
  `notify_status` tinyint(1) NOT NULL DEFAULT '0',
  KEY `topic_id` (`topic_id`),
  KEY `user_id` (`user_id`),
  KEY `notify_status` (`notify_status`)
) ENGINE=MyISAM DEFAULT CHARSET=latin1;

--
-- Dumping data for table `superforum_topics_watch`
--


--
-- Table structure for table `superforum_user_group`
--

CREATE TABLE `superforum_user_group` (
  `group_id` mediumint(8) NOT NULL DEFAULT '0',
  `user_id` mediumint(8) NOT NULL DEFAULT '0',
  `user_pending` tinyint(1) DEFAULT NULL,
  KEY `group_id` (`group_id`),
  KEY `user_id` (`user_id`)
) ENGINE=MyISAM DEFAULT CHARSET=latin1;

--
-- Dumping data for table `superforum_user_group`
--

INSERT INTO `superforum_user_group` VALUES (1,-1,0),(2,2,0);

--
-- Table structure for table `superforum_users`
--

CREATE TABLE `superforum_users` (
  `user_id` mediumint(8) NOT NULL DEFAULT '0',
  `user_active` tinyint(1) DEFAULT '1',
  `username` varchar(25) NOT NULL DEFAULT '',
  `user_password` varchar(32) NOT NULL DEFAULT '',
  `user_session_time` int(11) NOT NULL DEFAULT '0',
  `user_session_page` smallint(5) NOT NULL DEFAULT '0',
  `user_lastvisit` int(11) NOT NULL DEFAULT '0',
  `user_regdate` int(11) NOT NULL DEFAULT '0',
  `user_level` tinyint(4) DEFAULT '0',
  `user_posts` mediumint(8) unsigned NOT NULL DEFAULT '0',
  `user_timezone` decimal(5,2) NOT NULL DEFAULT '0.00',
  `user_style` tinyint(4) DEFAULT NULL,
  `user_lang` varchar(255) DEFAULT NULL,
  `user_dateformat` varchar(14) NOT NULL DEFAULT 'd M Y H:i',
  `user_new_privmsg` smallint(5) unsigned NOT NULL DEFAULT '0',
  `user_unread_privmsg` smallint(5) unsigned NOT NULL DEFAULT '0',
  `user_last_privmsg` int(11) NOT NULL DEFAULT '0',
  `user_emailtime` int(11) DEFAULT NULL,
  `user_viewemail` tinyint(1) DEFAULT '1',
  `user_attachsig` tinyint(1) DEFAULT '1',
  `user_allowhtml` tinyint(1) DEFAULT '1',
  `user_allowbbcode` tinyint(1) DEFAULT '1',
  `user_allowsmile` tinyint(1) DEFAULT '1',
  `user_allowavatar` tinyint(1) NOT NULL DEFAULT '1',
  `user_allowsig` tinyint(1) NOT NULL DEFAULT '1',
  `user_allow_pm` tinyint(1) NOT NULL DEFAULT '1',
  `user_allow_viewonline` tinyint(1) NOT NULL DEFAULT '1',
  `user_notify` tinyint(1) NOT NULL DEFAULT '1',
  `user_notify_pm` tinyint(1) NOT NULL DEFAULT '1',
  `user_popup_pm` tinyint(1) NOT NULL DEFAULT '0',
  `user_rank` int(11) DEFAULT '0',
  `user_avatar` varchar(100) DEFAULT NULL,
  `user_avatar_type` tinyint(4) NOT NULL DEFAULT '0',
  `user_email` varchar(255) DEFAULT NULL,
  `user_icq` varchar(15) DEFAULT NULL,
  `user_website` varchar(100) DEFAULT NULL,
  `user_from` varchar(100) DEFAULT NULL,
  `user_sig` text,
  `user_sig_bbcode_uid` varchar(10) DEFAULT NULL,
  `user_sig_image` varchar(100) NOT NULL DEFAULT '',
  `user_allow_signature` tinyint(1) unsigned NOT NULL DEFAULT '1',
  `user_allow_sig_image` tinyint(1) unsigned NOT NULL DEFAULT '1',
  `user_aim` varchar(255) DEFAULT NULL,
  `user_yim` varchar(255) DEFAULT NULL,
  `user_msnm` varchar(255) DEFAULT NULL,
  `user_occ` varchar(100) DEFAULT NULL,
  `user_interests` varchar(255) DEFAULT NULL,
  `user_actkey` varchar(32) DEFAULT NULL,
  `user_newpasswd` varchar(32) DEFAULT NULL,
  `user_posts_per_page` varchar(5) DEFAULT '15',
  `user_topics_per_page` varchar(5) DEFAULT '15',
  `user_hot_threshold` varchar(5) DEFAULT '35',
  `user_birthday` int(11) NOT NULL DEFAULT '999999',
  `user_next_birthday_greeting` int(11) NOT NULL DEFAULT '0',
  `user_custom_rank` varchar(255) DEFAULT NULL,
  `user_photo` varchar(100) DEFAULT NULL,
  `user_photo_type` tinyint(4) NOT NULL DEFAULT '0',
  `user_custom_color` varchar(6) DEFAULT NULL,
  `user_showavatars` tinyint(1) DEFAULT '1',
  `page_avatar` tinyint(1) DEFAULT '1',
  `user_traffic` int(255) NOT NULL DEFAULT '999999',
  `user_badlogin` smallint(5) NOT NULL DEFAULT '0',
  `user_blocktime` int(11) NOT NULL DEFAULT '0',
  `user_block_by` varchar(8) DEFAULT NULL,
  `disallow_forums` varchar(99) DEFAULT NULL,
  `can_custom_ranks` tinyint(1) NOT NULL DEFAULT '1',
  `can_custom_color` tinyint(1) NOT NULL DEFAULT '1',
  `user_gender` tinyint(4) NOT NULL DEFAULT '0',
  `user_sub_forum` tinyint(1) NOT NULL DEFAULT '1',
  `user_split_cat` tinyint(1) NOT NULL DEFAULT '0',
  `user_last_topic_title` tinyint(1) NOT NULL DEFAULT '1',
  `user_sub_level_links` tinyint(1) NOT NULL DEFAULT '2',
  `user_display_viewonline` tinyint(1) NOT NULL DEFAULT '2',
  `view_ignore_topics` tinyint(1) DEFAULT '1',
  `can_topic_color` tinyint(1) NOT NULL DEFAULT '1',
  `user_notify_gg` tinyint(1) NOT NULL DEFAULT '0',
  `allowpm` tinyint(1) DEFAULT '1',
  `no_report_popup` tinyint(1) NOT NULL DEFAULT '0',
  `refresh_report_popup` tinyint(1) NOT NULL DEFAULT '0',
  `no_report_mail` tinyint(1) NOT NULL DEFAULT '0',
  `user_avatar_width` smallint(6) DEFAULT NULL,
  `user_avatar_height` smallint(6) DEFAULT NULL,
  `special_rank` mediumint(8) unsigned DEFAULT NULL,
  `user_allow_helped` tinyint(1) unsigned NOT NULL DEFAULT '1',
  `user_ip` varchar(8) DEFAULT '',
  PRIMARY KEY (`user_id`),
  KEY `user_session_time` (`user_session_time`)
) ENGINE=MyISAM DEFAULT CHARSET=latin1;

--
-- Dumping data for table `superforum_users`
--

INSERT INTO `superforum_users` VALUES (-1,0,'Anonymous','',0,0,0,1141091119,0,0,'1.00',NULL,'polish','',0,0,0,NULL,0,1,1,1,1,1,1,0,1,0,1,0,0,'',0,'','','','','',NULL,'',1,1,'','','','','','','','15','35','35',999999,0,NULL,NULL,0,NULL,1,1,999999,0,0,NULL,NULL,1,1,0,1,0,1,2,2,1,1,0,1,0,0,0,NULL,NULL,NULL,1,''),(2,1,'trazap','asdfasdf',0,0,0,1141091119,1,6,'1.00',1,'polish','Y-m-d, H:i',0,0,0,NULL,1,1,1,1,1,1,1,1,1,0,1,1,1,'',0,'trazap@wp.pl','','','','',NULL,'',1,1,'','','','','','','','15','35','35',999999,0,NULL,NULL,0,NULL,1,1,999999,0,0,NULL,NULL,1,1,0,1,0,1,2,2,1,1,0,1,0,0,0,NULL,NULL,NULL,1,'');

--
-- Table structure for table `superforum_users_warnings`
--

CREATE TABLE `superforum_users_warnings` (
  `id` mediumint(8) unsigned NOT NULL AUTO_INCREMENT,
  `userid` mediumint(8) NOT NULL DEFAULT '0',
  `modid` mediumint(8) NOT NULL DEFAULT '0',
  `date` int(11) NOT NULL DEFAULT '0',
  `value` mediumint(8) NOT NULL DEFAULT '0',
  `reason` text,
  `archive` tinyint(1) NOT NULL DEFAULT '0',
  PRIMARY KEY (`id`)
) ENGINE=MyISAM DEFAULT CHARSET=latin1;

--
-- Dumping data for table `superforum_users_warnings`
--


--
-- Table structure for table `superforum_vote_desc`
--

CREATE TABLE `superforum_vote_desc` (
  `vote_id` mediumint(8) unsigned NOT NULL AUTO_INCREMENT,
  `topic_id` mediumint(8) unsigned NOT NULL DEFAULT '0',
  `vote_text` text NOT NULL,
  `vote_start` int(11) NOT NULL DEFAULT '0',
  `vote_length` int(11) NOT NULL DEFAULT '0',
  `vote_max` int(3) NOT NULL DEFAULT '1',
  `vote_voted` int(7) NOT NULL DEFAULT '0',
  `vote_hide` tinyint(1) NOT NULL DEFAULT '0',
  `vote_tothide` tinyint(1) NOT NULL DEFAULT '0',
  PRIMARY KEY (`vote_id`),
  KEY `topic_id` (`topic_id`)
) ENGINE=MyISAM AUTO_INCREMENT=2 DEFAULT CHARSET=latin1;

--
-- Dumping data for table `superforum_vote_desc`
--

INSERT INTO `superforum_vote_desc` VALUES (1,5,'Czy podoba Ci si?? Portal i Forum?',1065137203,0,1,0,0,0);

--
-- Table structure for table `superforum_vote_results`
--

CREATE TABLE `superforum_vote_results` (
  `vote_id` mediumint(8) unsigned NOT NULL DEFAULT '0',
  `vote_option_id` tinyint(4) unsigned NOT NULL DEFAULT '0',
  `vote_option_text` varchar(255) NOT NULL DEFAULT '',
  `vote_result` int(11) NOT NULL DEFAULT '0',
  KEY `vote_option_id` (`vote_option_id`),
  KEY `vote_id` (`vote_id`)
) ENGINE=MyISAM DEFAULT CHARSET=latin1;

--
-- Dumping data for table `superforum_vote_results`
--

INSERT INTO `superforum_vote_results` VALUES (1,1,'Tak',0),(1,2,'Nie',0);

--
-- Table structure for table `superforum_vote_voters`
--

CREATE TABLE `superforum_vote_voters` (
  `vote_id` mediumint(8) unsigned NOT NULL DEFAULT '0',
  `vote_user_id` mediumint(8) NOT NULL DEFAULT '0',
  `vote_user_ip` char(8) NOT NULL DEFAULT '',
  `vote_cast` tinyint(4) unsigned NOT NULL DEFAULT '0',
  KEY `vote_id` (`vote_id`),
  KEY `vote_user_id` (`vote_user_id`),
  KEY `vote_user_ip` (`vote_user_ip`)
) ENGINE=MyISAM DEFAULT CHARSET=latin1;

--
-- Dumping data for table `superforum_vote_voters`
--


--
-- Table structure for table `superforum_words`
--

CREATE TABLE `superforum_words` (
  `word_id` mediumint(8) unsigned NOT NULL AUTO_INCREMENT,
  `word` varchar(100) NOT NULL DEFAULT '',
  `replacement` text NOT NULL,
  PRIMARY KEY (`word_id`)
) ENGINE=MyISAM DEFAULT CHARSET=latin1;

--
-- Dumping data for table `superforum_words`
--


--
-- Table structure for table `thedrx_aliases`
--

CREATE TABLE `thedrx_aliases` (
  `id` int(6) unsigned NOT NULL AUTO_INCREMENT,
  `user` varchar(255) NOT NULL DEFAULT '',
  `domain` varchar(255) NOT NULL DEFAULT '',
  `email` varchar(255) NOT NULL DEFAULT '',
  `pass` varchar(255) NOT NULL DEFAULT '',
  `date` int(11) NOT NULL DEFAULT '0',
  `ip` varchar(20) NOT NULL DEFAULT '',
  PRIMARY KEY (`id`)
) ENGINE=MyISAM AUTO_INCREMENT=14 DEFAULT CHARSET=latin1;

--
-- Dumping data for table `thedrx_aliases`
--

INSERT INTO `thedrx_aliases` VALUES (1,'drx','bluehedgehog.org','drx@the-drx.org','asdf',912974166,'127.0.0.1'),(3,'abc','bluehedgehog.org','drx@the-drx.org','asdf',1112974166,'127.0.0.1'),(4,'casting','bluehedgehog.org','neowww@o2.pl','asdf',1112975556,'127.0.0.1'),(5,'test','bluehedgehog.org','test@test.test','asdf',1112976682,'83.16.151.250'),(6,'dpl','bluehedgehog.org','dwugracz@interia.pl','qwertz',1112980133,'85.89.162.109'),(7,'sopel','bluehedgehog.org','sopel14@o2.pl','123456',1112986154,'217.153.4.42'),(8,'klozo','bluehedgehog.org','klozo@tlen.pl','okurwa',1113071643,'62.233.197.250'),(9,'sld','bluehedgehog.org','sldfilip1@tlen.pl','kupa55',1113224131,'80.53.83.194'),(10,'Majorek','bluehedgehog.org','majorekwrs@op.pl','michal',1114181609,'213.25.179.2'),(11,'hiszpan','bluehedgehog.org','hiszpan@fuks.pl','windows666',1114188241,'80.55.225.254'),(12,'pepper','bluehedgehog.org','fleur_13@megapolis.pl','gbaray',1114601662,'83.23.18.187'),(13,'shadow','bluehedgehog.org','metal_shadow@o2.pl','kiddle',1119874577,'83.16.38.50');

--
-- Table structure for table `thedrx_comments`
--

CREATE TABLE `thedrx_comments` (
  `id` int(6) NOT NULL AUTO_INCREMENT,
  `news_id` varchar(255) NOT NULL DEFAULT '',
  `date` int(11) NOT NULL DEFAULT '0',
  `comment` text NOT NULL,
  `nick` varchar(255) DEFAULT NULL,
  `ip` varchar(30) DEFAULT NULL,
  PRIMARY KEY (`id`)
) ENGINE=MyISAM AUTO_INCREMENT=270 DEFAULT CHARSET=latin1;

--
-- Dumping data for table `thedrx_comments`
--

INSERT INTO `thedrx_comments` VALUES (1,'1',1105784877,'omg drx\'s blog xD \r\nrox, bede tu codziennie wchodzil.','stream','217.153.84.60'),(2,'1',1105785116,'Wow, pianie z ciebie :) Fajna stronka, tylko troche zielona ;), nie no ?artuje :P Nie wiem co napisa?, wiec napisze co my¶le: Spoko!!','kazia','83.27.104.61'),(3,'1',1105785736,'... Cookies and milk, and some chainsaw, please.','Yong','83.17.155.26'),(4,'1',1105786459,'i oto blog zast?pi nam forum xD','CrashV','213.77.79.233'),(5,'1',1105786503,'YaY. To Tkai dr????gji blach? Ael faynej!!11!1!1!','Mical','213.25.209.178'),(6,'1',1105789355,'bede tu zagladal codziennie *shot*','ebisu','83.26.28.189'),(7,'1',1105796484,'haaa,\r\ni ja tu bede zagladac :D','Juzia','83.27.120.188'),(8,'1',1105820108,'Czy mog? czu? si? ura?ony przez s?owa \"brzydz? si? s?owem blog, bo w Polsce nie ma dobrych blog??w\"...? Hmmm...? Z przyjemno¶ci± b?d? tutaj wyjada?.','Scratch (Zelgaon)','195.136.92.228'),(9,'2',1105868033,'Hmm... Impreza = Ochlaj party? :>','Scratch','195.136.92.228'),(10,'1',1105873468,'Hej! no nareszcie ci sie uda?o! b?d? cz?sto zagl±da?! ca?usy :*','ZuZa :)','83.27.107.37'),(11,'1',1105880750,'?a?, drx sie robi popularny w¶r??d nowej grupy internaut??w XD','CrashV','217.96.206.3'),(12,'4',1105897142,'jeeeeee notka dla mnie :] jak bedziesz robi? impreze to ja sie wbi?am :p','ZuZa','83.27.92.221'),(13,'4',1105897647,'no kto wygrywa no kto :D ??? Oczywi¶cie Kaziamaster :D dobra pianie... co do ¶piewania to sobie nic nie przypominam takiego! Nie wkr?caj tutaj. Impreza u ciebie? I gospodarz abstynent? Przyjde z babci± :P Dobra juz sobie troche po tobie poje?dzi?am to ide jeszcze popoprawia? rozprawke :D pzdr\r\n','kazia','83.27.112.162'),(14,'4',1105897757,'ehe jasne ... 3 l tymbarku??? ja tam widzialam ze ty ledwo 1,5 wypiles....:P','JAKI Wsior','213.76.86.221'),(15,'4',1105898828,'kurcze, ale Ty szybko te notki chlastasz :P\r\nczesciej ode mnie :P','Juzia','83.27.98.39'),(16,'4',1105899026,'ja tez sobie nie przypominam, zeby ktokolwiek ¶piewa?...chociaz kazia cos tam mruczala:P moze to byla przenosnia? hehe pozdro dla was papapa','agatka','62.141.198.185'),(17,'4',1105953537,'Ha! Szalejesz DRX. Czekam na nowo¶ci. =)','Scratch','195.136.92.231'),(18,'4',1105962759,'Juzia, Kazia, Agatka... Deeriks, ty masz jakie¶ kompleksy? ; ]','Yong','80.49.38.72'),(19,'4',1105965394,'a co yong? zboczasz si? na zakompleksionych? XD','CrashV','213.77.79.233'),(20,'4',1105966025,'Bwahahaha','Kay-kun','82.139.8.126'),(21,'5',1105974443,'Ej ziomu¶ pianie z ciebie... te gazety maj± na ciebie negatywny wp?yw. Nie wierz mediom! Hehehe masz jakie¶ kompleksy?? Mo?e jaki¶ problem... chcesz o tym opowiedzie??? No dobra ?artuje... :D pzdr...','Kazia','83.27.93.243'),(22,'5',1105974923,'uu c??? za zainteresowanie ¶wiatem :p a mo?e to rzeczywi¶cie ma na ciebie negatywny wp?yw :P? a kompleksy to ty masz :] Juzia zawsze to m??wi?a :P pozdroweinia','ZuZa','83.27.102.27'),(23,'5',1105974969,'Ej ziomu¶ pianie z ciebie... te gazety maj± na ciebie negatywny wp?yw. Nie wierz mediom! Hehehe masz jakie¶ kompleksy?? Mo?e jaki¶ problem... chcesz o tym opowiedzie??? No dobra ?artuje... :D pzdr...','Kazia','83.27.93.243'),(24,'5',1105975031,'Ej ziomu¶ pianie z ciebie... te gazety maj± na ciebie negatywny wp?yw. Nie wierz mediom! Hehehe masz jakie¶ kompleksy?? Mo?e jaki¶ problem... chcesz o tym opowiedzie??? No dobra ?artuje... :D pzdr...','Kazia','83.27.93.243'),(25,'5',1105976791,'AAARGH! Drx, zmie? p?e? je¶li tak ci zale?y X_x','Yong','83.17.155.26'),(26,'5',1105978209,'o przepraszam ja nie jestem bynajmniej wyimaginowana!','ZuZa','83.27.102.27'),(27,'5',1106035684,'nie lepiej od?ozy? 20z? i kupi? se jedno, porz±dne cd-action? dzisiaj wychodzi nowy numer wh33 ^__^','CrashV','217.96.206.3'),(28,'6',1106072638,'No tak... ?yjesz bardzo niezdrowo <hahaha> dzisiaj mam jakie¶ dziwne sk?onno¶ci :P zawsze mo?esz mieszka? pod mostem <ale jestem wredna> nie no pewnie bym cie przygarn??a :> dobra lepiej ju? sko?cze bo sie obrazisz :] wybacz :D pozdrowienia :*','ZuZa','83.27.124.73'),(29,'6',1106073912,'no bez jaj :P \r\nnigdy bym nie pomyslala, ze mozesz sie interesowac tym co ja :D  \r\nmuahahaha :D\r\nale smiesznie :D\r\n','Juzia','83.27.92.95'),(30,'6',1106074472,'co¶-tam-jeszcze* (matma, chemia, fizyka i polski z luci±) normalnie jedwabi¶cie... Nie masz gdzie mieszka??? Id? do Izy ;P No ?aruje :D gratuluje z powodu pokonania zwiechy i :D','kazia','83.27.91.128'),(31,'6',1106077646,'Idziesz jak burza! I dobrze. :)','Scratch (http://zaniedbane.ownlog.com)','195.136.92.231'),(32,'6',1106087202,'ten blog, przepraszam, dotcom, jest r??wnie ciekawy jak blog micala :)','pkemon21','213.25.209.178'),(33,'5',1106141101,'Kresz: Breed @______@ Ja pierdole, w CDA daj± gry kt??re ledwo mi na kompie chodz± = P','Yong','83.17.155.26'),(34,'5',1106142956,'Wiedza = Power.','Kay-kun','82.139.8.126'),(35,'5',1106143378,'Yong - fajnie masz, mi po?owa nie chodzi zwykle wcale ;P.','pkb','81.190.1.39'),(36,'6',1106143495,'Ciekawe, ?e ZuZa zawsze [prawie?] pisze pierwszego komenta... ;P','pkb','81.190.1.39'),(37,'7',1106148045,'no, ja tez bym nie pomyslala ze Ty i m&a :D\r\nno ale spoko, mam spory arsenal - mozesz wpasc i sobie cos wybrac :P\r\nja jade na weekend a narty, hehe :D \r\nale napewno pojedziesz z rodzicami, namawiaj ich, namawiaj :)','Juzia','83.27.107.118'),(38,'7',1106148831,'Ale wam fajnie!!! Jak my¶le sobie o ¶niegu to a? mi wiruje w g?owie!! Ja chce jechac na deske!!! Ale nie ma chleba... nie mam czasu... moi rodzice te? :( No to mi?ej zabawy!! :)','kazia','83.27.96.103'),(39,'8',1106177912,'Lol!! Pijaku jeden!! Kto tu jest akoholikiem co?? Czeskie piwko od pepiczk??w... hehe, dobra nie je?d?e po tobie. Czy?by ma?e zamulanko?? B±d? optymist±, sam to powtarzasz :) Nie wiesz ile ja bym da?a, ?eby sobie na desce po¶miga?... Dobra nie rozczulam sie :D... ah ¶nieg... KONIEC!! Nie moge my¶le? o ¶niegu :) Dobra ko?cze ten por±bany komentarz bo... bo tak :) 3maj sie ciep?o po?ama?cu :)','kazia','83.27.96.103'),(40,'8',1106204196,'Mowilem ze to zly pomysl. =P','Kay-kun','82.139.8.126'),(41,'7',1106208308,'drx: Ja tylko sobie my¶l?, ?e albo ta ZuZa cz?sto musi wpada?, albo telepatycznie dowiaduje si? o nowych notkach ;P.','pkb','81.190.1.39'),(42,'8',1106212064,'Z tego co mi wiadomo, czeskie piwo jest dobre. :)\r\n\r\nHmm... Je¶li chcesz zamkn±?, go-\r\nahead, ale ja uwa?am, ?e p??ki co, dobrze Ci wychodzi \'blogowanie\'.\r\n','Scratch (http://zaniedbane.ownlog.com)','195.136.92.231'),(43,'8',1106222015,'drx, id? co CDA - z twoimi tekstami wygryziesz Smugglera z AR = P','Yong','83.17.155.26'),(44,'8',1106230176,'Oj drx... Ale masz pomys?y, ch?opie XD A bloga nie zamykaj, fajny jest =]','Stream','217.153.84.60'),(45,'8',1106241781,'a ja lubie jak piszesz, nie zamykaj bloga :P\r\nI nie zamulaj :P\r\ntylko ja moge zamulac! :P','Juzia','83.27.111.108'),(46,'8',1106252302,'@Yong: nie daliby go do AR. wszechmocnym wyj±tkiem potwierdzaj±cym regu?? moze by? tylko Smuggler (oby ?y? wiecznie XD)','CrashV','217.96.206.3'),(47,'9',1106322660,'\"By?o by na tyle, wracam spa?. Pozdrawiam wszystkich, kt??rzy na to zas?uguj±.\" Osz Ty! Ja Ciebie te? nie pozdrowie. :P (zrozumia?e¶ aluzje?)','Scratch','195.136.92.231'),(48,'9',1106326280,'Drx, wiecznie nie wyspany cz?owiek. Mo?naby zrobi? mang? na kt??rej by¶ zarobi? grube miliony - \"SleepMan\" XD','Stream','217.153.84.60'),(49,'9',1106339409,'jedno \'ale\'... id??esz do lekarza kurde!! hmm... no to pozdro','kazia','83.27.127.77'),(50,'11',1106417346,'no dobra :D ja ci dam komenta! tylko co t0y komentowa?? egzaminy to lipa :D','ZuZa','83.27.114.8'),(51,'12',1106493410,'Kurde gratuluje dobrego humoru (ostatnio ca?y czas :D), ma?a odmiana od rzeczywisto¶ci :)... Nie ma to jak siedzenie w domu z trze?wymi inaczej, pianie jest ;P No to pozdroofka i ?eby ci sie samopoczucie utrzyma?o jak najd?u?ej!!','Kazia','83.27.111.155'),(52,'12',1106496537,'tez chce lezbijskie puzzle *shot*','ebisu','83.26.43.222'),(53,'12',1106508824,'no i fajnie ze jest fajnie :P\r\ni tak ma byc :P','Juzia','83.27.107.103'),(54,'12',1106523652,'lipna strona :F btw. ten to ma poczucie humoru o_O --> http://www.b9rmanbl0g.prv.pl/  <-- hf :F','CobratoN','83.28.201.182'),(55,'12',1106576711,'ja mam gdzie¶ jeszcze puzzle w domu... bede se uk?ada? *shot*','CrashV','213.77.79.233'),(56,'12',1106576751,'btw: drx ma ludzkie lacze? a wczesniej w ma?pich chodzi?? *shotx2*','CrashV','213.77.79.233'),(57,'12',1106583585,'gada?em drix z towj± siostr±. Ona mi m??wi?a, ?e ma 16 lat :D','Nettapu','213.155.191.124'),(58,'13',1106605567,'nic sie nie martw, zawsze mo?e by? gorzej :) a tak wog??le i tak bedzie lepiej... my¶l pozytywnie... pzdr','Kazia','83.27.126.78'),(249,'28',1110400995,'I tak Cie kocham... ','kazia','83.27.114.92'),(248,'28',1110197967,'Ciesze si? ?e ci sie uk?ada :) pozdrowienia','ZuZa','83.27.119.233'),(247,'27',1109791566,'haaa, pobiles mnie! ja gadalam od 1.30 do 6 rano.. ah! niedobrze! :P\r\nmusze poprawic wynik ;)','Juzia','83.27.126.111'),(246,'25',1109353226,'pisze ','Sopel','217.153.4.42'),(245,'27',1109254209,'i jeszcze raz terefere :D Jestem wyimaginowana!! Tratatata!! (szaleje) Nie wyspalam sie! 7,5 h to troszke za duzo jak na gadanie, kiedy bijemy nastepny rekord? :) :*:*:*:*','kazia','83.27.116.21'),(244,'26',1109076580,'terefere :D (ty tez terefere) :*','kazia','83.27.122.16'),(243,'25',1108944427,'na przyszlosc bedziesz mial nauczke zeby sie nie spozniac na autobus *runs*\r\n\r\ne: polecam terapie regresywna :)','eb.','83.26.85.8'),(242,'25',1108851554,'a przejdz sobie 5h po lesie bedac ujarany, uciekajac przed wyimaginowanym stadem wilkow, ktorym cieknie piana z ryja zeby tylko upierdolic ci leb.','e','83.28.203.192'),(241,'25',1108847866,':)','kazia','83.27.122.155'),(240,'25',1108847322,'lol przejdz se 30 km po 1 h snu ktora jest po 23 h chodzeniu po lesie. THIS IS HARDKOR\r\nwiem bo sam tego doswiadczylem','DPL','85.89.162.109'),(239,'25',1108846737,':)','kazia','83.27.122.155'),(238,'18',1108844222,'Nie tylko o eweline. To co ona powiedziala to przynajmniej bylo takie nieprawdziwe ze az smieszne... mamy innych fajnych ludzi... ale przeciez to niewazne... wszystko jest niewazne... zywiec to jest naprawde wazne :)','kazia','83.27.120.36'),(89,'13',1106653563,'tak w?a¶ciwie, to chce ci sie tyle kasy wywala? na te newsweeki, dzienniki itp? cda jeszcze rozumiem XD','CrashV','217.96.206.3'),(90,'13',1106670072,'dziekuje za pozdrowienia i wog??le ?ycze przyjemnego tygodnia! testy jako¶ p??jd± zobaczysz :D :*','ZuZa','83.27.124.24'),(91,'13',1106771119,'i tak bedziesz mial wiecej ptk od nas wszystkich, wiec co to za gadanie? :PPP','Juzia','83.27.105.88'),(92,'13',1106771168,'ja piernicze... mam pytanie drx\r\ndo you have a boyfriend\r\nw znaczeniu KOLEGA bo do tej pory same kazie zuzie juzie muzie cmokusie [bez urazy]','DPL','85.89.162.109'),(237,'24',1108668001,'jea!  pierwsza:D  milych ferii tak wogole :P\r\ni gratulacje z okazjii finalu, farciarz! :PP','Juzia','83.27.101.205'),(236,'18',1108586586,'pewnie chodzi ci o eweline tak? i o t± JEDN? plotke ktora powiedziala....wiesz co, wy naprawde fajnie macie....oboje','dobrze woesz kto 2','217.99.232.208'),(235,'18',1108585729,'a kogo masz sory na mysli mowi±c : \"zyczliwych obywateli\"??','dobrze wiesz kto','217.99.232.208'),(234,'19',1108198589,'nie no, ciesze sie ?e drx jest w do?ku a ja nie wiem dlaczemu XD','CrashV','213.77.79.233'),(232,'19',1108141404,'smr??d','CobratoN','83.28.203.24'),(233,'20',1108163186,'Jeszcze nie wyjechalam :)  Tez bede tesknicccc!!!! Wysle Ci pocztowke :***** ','kazia','83.27.106.58'),(231,'18',1107880513,'kazia: to ja jestem tym koFanym ludzikiem =)\r\ntak, nudzi?o mi sie wczoraj, a co =P','CrashV','217.96.206.3'),(106,'14',1106774948,'no to pozdro 600 V!! Ja wole dziewczyny... ej to drx nie jest dziewczyn±?? O kurde, ale zonk!! :D ','kazia','83.27.104.124'),(229,'17',1107716973,';)','ZuZa','83.27.94.222'),(230,'18',1107812933,'No pozdroo dla wszystkich \'koffanych loodzikoof\' ktorym naprawde sie nudzi w zyciu... wypierdalac!! Pisze Ci cos milego :* :* <3 <3... nie no pianie... sie znaczy jutro bedzie pianie... tylko nie wiem z kogo... dobra nie wnikam :) pozdroofka :***','Kazia','83.27.98.196'),(228,'17',1107693976,'kochajaca zona i gromadka dziecki? hoho! :P\r\n\r\ni ja tez chce myslec, ze zycie jest piekne, ale niestety nie mam ostatnio cos do tego sily i powodow, zeby tak sadzic :P\r\n\r\nale fajnie, ze u Ciebie jest wesolo :P','Juzia','83.27.108.103'),(227,'17',1107693096,'ekhm ekhm ekhm :) Jest dobrze ?ukaszku. Nie znam szczeg?????w ale powiem tak: r??b to na co masz ochote, walcz o ludzi na kt??rych Ci zalazy i baw sie zyciem:P Korzystaj z niego na maxa i le? na ksiezyc:) A jak bedziesz mial wolne miejsce to zabierz kogos szczeg??lnego, a mnie schowaj do walizki:P Zawsze chcialam zobaczy? Ziemie z Ksi??yca:) BUUUUU¬KA dla Ciebie;p','agatka','62.141.197.170'),(226,'17',1107647788,'Cokolwiek mialoby to znaczyc rob tak jak uwazasz, ze byloby najlepiej i nie martw sie o nic :) Pozdrowionka (ale impreza :D)...','kazia','83.27.122.149'),(225,'16',1107546570,'Ben, paliles cos?','Kay-kun','82.139.8.126'),(224,'16',1107503439,'[a wiec, wpadlem sobie na pewien pomysl. zamierzam wprowadzic blogi dla ladnych kolezanek (ew. kasiastych kolegow)]\r\n\r\nNa pewno miliony Twoich fanow takich jak DPL zechca zebys zrobil im bloga, a jak im zrobisz to sie spuszcza w gacie i powiedza: \"DRX ZROBIL MI BLOGA !!! xD\"','TheJustice','83.28.215.245'),(223,'16',1107344680,'btw. \"zamierzam wprowadzic blogi dla ladnych kolezanek (ew. kasiastych kolegow).\" napewno po przeczytaniu tego newsa/notki/chuj_wie_czego twoi kasiasci koledzy zaloza tutaj bloga. :F elo','CobratoN','83.28.195.86'),(222,'16',1107344533,'naprawde masz 2 miliardy uwag w dzienniku ? oh kurwa moj idolu.. musisz mi to opowiedziec... zostaniesz kurwa bohaterem narodowym ! a to nie twoje zycie jest chore tylko ty jestes chory, i to bardzo bolesnie co udowadniasz nam w kazdej swojej wypowiedzi, btw. \"IKSDE\" :F','CobratoN','83.28.195.86'),(221,'16',1107276356,'jesli mozna to ja poprosze o blog\'a. pokaze wam jak CHORE jest moje zycie\r\nmiedzy innymi czemu MikoMiko Nurse nie dziala na mnie czy tez wtf mam 2 miliardy uwag w dzienniku XD','DPL','85.89.162.109'),(219,'16',1107258434,'osz ty :D ','ja','83.16.151.250'),(220,'16',1107264492,'hm, a gdzie te dziwne notki, o ktorych wspominasz? nigdzie nic nie widze :P  tylko te z sensem :P','Juzia','83.27.103.35'),(217,'16',1107258252,'nie ma to jak rozmowy przez komentarze :D','Hotline :P','83.16.151.250'),(216,'16',1107258153,'Ej dwa razy sie da? komentarz chyba :P no ja mam nadzieje ?e moge do ciebie wydzwani? o ka?dej porze tylko ?eby¶ potem nie ?a?owa? ?e tak napisa?e¶ :]\r\n','ZuZa','83.27.125.23'),(218,'16',1107258340,'o to ju? ci nie b?d? dawac komentarzy!','ZuZa','83.27.125.23'),(214,'16',1107258017,'Tak sobie powiedzia?em, ?eby kto¶ inny nie pomy¶la? ?e mo?e mi wydzwania? tu :D W±tpliwo¶ci? Nie :P','Pomoc techniczna','83.16.151.250'),(213,'16',1107257909,'Masz jakie¶ w±tpliwo¶ci!!?? O? ty :P','ZuZa','83.27.125.23'),(212,'16',1107257822,'Mo?na pr??bowa?, ale nie obiecuje, ?e odbiore :D Chyba ?e to naprawde ?adna klientka :P','ja','83.16.151.250'),(211,'16',1107257739,'B?agam tylko nie zi???ka :P Ano rzeczywi¶cie a co je¶li najdzie mnie w dzie??? ha?? :P','ZuZa','83.27.125.23'),(210,'16',1107257651,'przeciez pisze, w godzinach od 22 do 6, czyli tez o drugiej :D znowu jakie¶ zi???ka szanowna klientka pi?a? :D','ja','83.16.151.250'),(209,'16',1107257587,'Dlaczego takie ograniczenie czasowe? A jak najdzie mnie o 2 w nocy (co bardzo prawdopodobne)? Co to za serwis! :P','ZuZa','83.27.125.23'),(208,'16',1107257453,'Pomoc techniczna dost?pna w godzinach 22-6, na numer telefonu podany w kontakcie :D Ew. u klientki w domu, je¶li sobie tego b?dzie ?yczy?a =P','ja','83.16.151.250'),(207,'16',1107257326,'Bo musza dog??bniej zaczerpn±? wiedzy technicznej :D ','ZuZa','83.27.125.23'),(206,'16',1107257228,'no ba =) tylko z nich nie korzystaja :D','ja =P','83.16.151.250'),(205,'16',1107256826,'Naj?adniejsze dziewcz?ta ju? maj± blogi u Ciebie :D M??wi?am ?eby¶ pi? herbatke malinow± :P','ZuZa','83.27.125.23'),(204,'16',1107254277,'Czlowieku 1 lutego niech bedzie przeklety. Tak sie zle czulem (z pewnych zoladkowych powodow), ze nie moglem chodzic :F:F:F','TheJustice','83.28.205.247'),(203,'16',1107217142,'Jejku dzi?kuje za pozdrowienia ?ukaszu zwany Zbereznikiem (przez niekt??rych tak?e bardziej \"kwieci¶cie\"). Pianie co do tych Hirosk??w, bo to nie jest chyba gra dla dzieci :P (kto gra? wie co mam na mysli)... dobra nie bede tutaj juz po nikim ani niczym jezdzic, bo... bo to niewazne. Co jest naprawde wa?ne? ?ywiec (...)!  :) pzdr','Basia zwana Kazi±','83.27.117.165'),(202,'15',1107027253,'a tko zgara w sonik hirous? *hotshot*','CrashV','213.77.79.233'),(201,'15',1107001190,'dpl: co w tym dziwnego? znam mase dziwczyn ktore lubia quaka i jakos nikogo to nie bulwersuje:P \r\nheroes3 r0x, skoro juz mozesz grac przez neta, to chetnie sie dolacze ;]','ebis','83.26.65.227'),(200,'15',1106998769,'dziewczyna grajaca w quake\'a?\r\n... jestem w rownoleglym wymiarze czy co do cholery sie dzieje?','DPL','85.89.162.109'),(199,'15',1106995752,'ja tez sie nudze :P\r\ni nie umiem grac w herosow, coz :P\r\nale umiem w quake\'a :P ','Juzia','83.27.124.112'),(198,'15',1106986143,'Jak Cis ie bardzo Heroesi podobaja to zagraj w Disciples 2 ; P','TheJustice','83.28.192.240'),(197,'15',1106982539,'moj tata ciagle siedzi przy odczynnikach roznego rodzaju moze uda mi sie wyciagnac od niego cos ZLEGO','DPL','85.89.162.109'),(196,'15',1106966544,'Lol!! Chyba nie bedzie tak ?le z twoj± mam± :D moja sobie siedzi i ksi±zki czyta...  Kogo ty chcesz zamordowa??? Dobra nie by?o pytania :)... szkoda ?e nie wypali?o z Wrockiem, ale m??wi sie trudno, ?yje sie dalej... Tak sie zastanawiam do kt??rej dzisiaj wytrzymamy graj±c w chi?czyka...  sie okarze! :) pozdrowionka :)','kazia','83.27.121.113'),(195,'14',1106831506,'To widac ze bylas po prochach ; p','TheJustice','83.28.202.4'),(194,'14',1106830823,'i \"co¶ jeszcze\" buahahaha :D m??wi?am ?eby¶ pi? herbatke malinow± :D z moich ostatnich do¶wiadcze? wynika ?e niekt??rzy uwa?aj± j± dobr± na wszystko :] i chwilowo z powodu b??lu nogi ?ygam herbatk± malinow± :D a testy na pewno posz?y ci lepiej odemnie :p t?umacze sie tym ?e by?am na prochach :D wog??le faza :D  pozdrowienia','ZuZa (maj±ca faze po lekach i herbatce malinowej)','83.27.95.115'),(193,'14',1106813659,'rofL.','CrashV','213.77.79.233'),(192,'14',1106808271,'Pffff','TheJustice','83.28.204.10'),(191,'14',1106806801,'wiesz znajdz drugiego cz?eka ktory ma 2 google kolezanek i 0 kolegow\r\n\r\ngoogle to liczba ze stoma zerami dla niewiedzacych','DPL','85.89.162.109'),(250,'29',1110632585,'Kongratulejszyn! I\'m proud of you :* Teraz bedziesz mogl prowadzic interesujace konwersacje z pania L :) \r\nZycie jest niesprawiedliwe i nic na to nie poradzisz... maj sie','kazia','83.27.112.49'),(251,'29',1110633004,'sie znaczy 3maj sie :) Zzera mi literki... :D','kazia','83.27.112.49'),(252,'29',1110699737,'o zesz :P\r\nzazdroszcze :P\r\nfarciaz :P\r\n\r\ngratulacje :)','Juzia','83.27.124.152'),(253,'30',1111100137,'No tak, w tym momencie calkowicie sie z Toba zgadzam :) W koncu mam spowrotem komputer  w domu i skacze z radosci :) doslownie :P i wreszcie udalo mi sie wejsc na Twojego bloga :) Osatatnio na lekcji probowalam ale mnie gosciana opieprzyla i jajco z tego :P\r\n papa :)','Nadine','83.27.153.43'),(254,'31',1111265645,'jesli bedziesz sie koncentrowal na udowadnianiu innym ze sa kretynami to mozesz robic to przez kilka najblizszych wcielen, a oni i tak sie nie zmienia. lepiej ich zaakceptowac i zignorowac. wtedy przestana sie pojawiac w twoim zyciu. :)','anonimowy aniolek','83.26.88.17'),(255,'31',1111311062,'Nie mozna wszystkiego olewac, ale trzeba zmieniac to co nam przeszkadza. Jesli wszyscy by to olali, to kto by naprawial swiat? \r\n\r\ndon\'t worry be happy :)','kazia','83.27.100.174'),(256,'31',1111318776,'~~HWDP~~ dlatego zmieniajt@ se - znudzi wam sie ~~ELO POZDRoo0oOo600 driks555~~','CobratoN','83.28.189.79'),(257,'31',1111584284,'LOL!','lol','83.27.34.243'),(258,'32',1111697553,'drx haxor555 zhaxowal swoja siec osiedlowa, teraz tylko zmienic parametry swojego lacza z panelu admina na 100Gbit i zapchac siec ELO :F','CobratoN','83.28.207.77'),(259,'33',1111795397,'loool czlowieku... dluuuga notka. Az mi slow brakuje... Klaniam sie :D *pada na kolana* <br>\r\nTrujacy raczej nie jestes :D A co do spolecznej to <b>potwierdzam</b>:D\r\n <br>pozdrowionka dla wiecznego optymisty :)\r\n','KaZia','83.27.107.137'),(260,'33',1111838179,'Ta notka swiadczy o twojej glupocie.','NOT IMPORTANT','83.28.215.9'),(261,'33',1111839491,'flirtujesz z KaZim sedzia z clanbase? btw. #anty-KaZi @ quakenet','CobratoN','83.28.210.27'),(262,'33',1111854070,'kurde, a wiecie - ja mam bujna wyobraznie i juz widze to \"zzerani\" xD\r\nlol :P','Juzia','83.27.114.192'),(263,'34',1112708590,'\"Nie l?kajcie si?\"\r\n\r\n[*]','TheJustice','83.28.194.9'),(264,'35',1112727666,'Pojdziemy do kosciola. Ja tez mam czern na stronie... \r\n\r\n[*] on caly czas jest wsrod nas...','Kazia','83.27.99.60'),(265,'36',1113571786,'No comment','TheJustice','83.28.204.100'),(266,'36',1115677165,'widze ze prowadzenie bloga juz sie znudzilo :)','annonymus angel','193.0.96.15'),(267,'38',1120469416,'Myslisz ze nie pamietam? Pamietam zawsze i strasznie tesknie. Brak mi ciebie... Trzymaj sie niedlugo sie przeciez zobaczymy. :*:*:*:*:*:*:*:*:*:*:*:*:*:*:*:*\r\n\r\n\r\nKocham Cie :*','KaZia','82.121.196.155'),(268,'40',1120563780,'ooo dawno mnie tu nie by?o =) ka?dy ma czasem z?y dzie? ale to jest w nim pi?kne, ?e mija =D weso?ych wakacji ?ycze!!','ZuZa','83.27.108.205'),(269,'38',1121936454,'buahahahahahahahahah jakie ja mam z was pianie..... ej TY drx nie ubieraj kazki spodni nigdu bo sie w nich utopisz....buhahahahahah....frejerze jebany.....ej kazia a on ni gryzie jak se cmokacie??.....nara brudasy','zbychu','83.27.40.98');

--
-- Table structure for table `thedrx_frienz`
--

CREATE TABLE `thedrx_frienz` (
  `id` int(10) unsigned NOT NULL AUTO_INCREMENT,
  `nick` varchar(255) DEFAULT NULL,
  `email` varchar(255) DEFAULT NULL,
  `gg` varchar(50) DEFAULT NULL,
  `icq` varchar(50) DEFAULT NULL,
  `aim` varchar(255) DEFAULT NULL,
  `msn` varchar(255) DEFAULT NULL,
  `yim` varchar(255) DEFAULT NULL,
  `skype` varchar(255) DEFAULT NULL,
  `tel` varchar(255) DEFAULT NULL,
  `kom` varchar(255) DEFAULT NULL,
  `name` varchar(255) DEFAULT NULL,
  `adres` varchar(255) DEFAULT NULL,
  `date` varchar(20) DEFAULT NULL,
  `ip` varchar(20) DEFAULT NULL,
  PRIMARY KEY (`id`)
) ENGINE=MyISAM AUTO_INCREMENT=36 DEFAULT CHARSET=latin1;

--
-- Dumping data for table `thedrx_frienz`
--

INSERT INTO `thedrx_frienz` VALUES (1,'Kay-kun','kiwan@wp.pl','4802127','','','','','','','',NULL,'','1105784938','82.139.8.126'),(2,'Stream','hcore@o2.pl','5000027','','','','','','','889365247',NULL,'','1105785124','217.153.84.60'),(3,'DoublePLayer','dpl@bluehedgehog.org','7379621','','','','','','608384375','jak wy?ej',NULL,'Komandorska 5/9 ???d?','1105785321','85.89.162.109'),(4,'Mical','qaszer@tlen.pl','5346553','','','','','','','',NULL,'','1105785347','213.25.209.178'),(5,'Yong','yong@o2.pl','4542104','','','','','','Yow ; P','Nie podam ci bo mnie zgwa&#322;cisz',NULL,'P. &#346;l Bytomska','1105785817','83.17.155.26'),(6,'CrashV','nitroplayer@o2.pl','3378333','','','','','','0700-880-774','n/a',NULL,'n/a','1105786550','213.77.79.233'),(7,'Nelec1','nelec1@wp.pl','2492040','','','','','','0-700-77-7','nie mam',NULL,'Ulica abrahama 203912/123213/1','1105789028','81.210.117.2'),(8,'Sopel','','','','','','','','','',NULL,'','1105794667','217.153.4.42'),(9,'Scratch','scratch-me@o2.pl','2592685','','','','','','','',NULL,'ul. Solarza 19/4 35-118 Rzesz??w','1105820168','195.136.92.228'),(10,'Kazia','kasia_sim@wp.pl','2224683','pozdroo','fajnie','jest','jak z dupy','i zajebi¶cie','hmm.... r???ne... :)','609954562',NULL,'¦widnica city','1105830348','83.27.104.61'),(11,'Rudy','rudy_koras@dupa.pl','666666','','','','','','0700888222','998',NULL,'Ul. Ciot','1105830434','83.27.104.61'),(12,'Skt_TaiLs','','','','','','','','','',NULL,'','1105950113','62.233.233.58'),(13,'CKN','','','','','','','','','',NULL,'','1106087256','213.25.209.178'),(14,'pkb','pkb@wp.pl','2808429','','','','','','(058) 6642263','508857710',NULL,'Ul. Chylo?ska 180, 81-007 Gdynia','1106143577','81.190.1.39'),(15,'SoliD','','','','','','','','','',NULL,'','1106330503','80.53.83.194'),(16,'Pepper','fleur_13@megapolis.pl','2829273','','','knuckles92@hotmail.com','','','','',NULL,'','1106572276','83.23.15.154'),(17,'Shadow','celebi10@wp.pl','4211470','','','','','shadof11','','',NULL,'','1106844761','80.51.228.86'),(18,'Kay-kun','kay-kunato2dotpoland','4802127','','','','','kay-kun','','',NULL,'','1108405642','82.139.8.126'),(19,'Neoxis','neoxis@o2.pl','2991719','300382142','','neoxis@hotmail.com','','','...','880346400',NULL,'...','1111846237','213.25.179.2'),(20,'MamaDrxa','','','','','','','','','',NULL,'','1111913002','83.28.215.39'),(21,'TataDrxa','','','','','','','','','',NULL,'','1111913047','83.28.215.39'),(22,'CiociaDrxa','','','','','','','','','',NULL,'','1111913058','83.28.215.39'),(23,'WujekDrxa','','','','','','','','','',NULL,'','1111913068','83.28.215.39'),(24,'BabciaDrxa','','','','','','','','','',NULL,'','1111913078','83.28.215.39'),(25,'DziadekDrxa','','','','','','','','','',NULL,'','1111913083','83.28.215.39'),(26,'SiostraDrxa','','','','','','','','','',NULL,'','1111913110','83.28.215.39'),(27,'BratDrxa','','','','','','','','','',NULL,'','1111913118','83.28.215.39'),(28,'PraBabciaDrxa','','','','','','','','','',NULL,'','1111913175','83.28.215.39'),(29,'PraDziadekDrxa','','','','','','','','','',NULL,'','1111913183','83.28.215.39'),(30,'Przysz?a?onaDrxa','','','','','','','','','',NULL,'','1111913198','83.28.215.39'),(31,'Przysz?yM±?Drxa','','','','','','','','','',NULL,'','1111913208','83.28.215.39'),(32,'[Tr??jk±cik-Team]BiKolegaDrxa-1','','','','','','','','','',NULL,'','1111913241','83.28.215.39'),(33,'[Tr??jk±cik-Team]BiKolegaDrxa-2','','','','','','','','','',NULL,'','1111913249','83.28.215.39'),(34,'Nett','bezet@jamaicans.com','2157478','','','','','','','',NULL,'','1112537554','213.155.191.124'),(35,'Ebisu','lilangel@tlen.pl','2772331','nei uzywam :)','tesh','wyjebalem to gowno :)','nawet nei weim cio to ^.^;','ultra1337angel','997','504741071',NULL,'tesh :)','1124840442','83.26.86.238');

--
-- Table structure for table `thedrx_news`
--

CREATE TABLE `thedrx_news` (
  `id` int(6) NOT NULL AUTO_INCREMENT,
  `title` varchar(255) NOT NULL DEFAULT '',
  `date` int(11) NOT NULL DEFAULT '0',
  `news` text NOT NULL,
  PRIMARY KEY (`id`)
) ENGINE=MyISAM AUTO_INCREMENT=43 DEFAULT CHARSET=latin1;

--
-- Dumping data for table `thedrx_news`
--

INSERT INTO `thedrx_news` VALUES (1,'nuda...',1105784751,'...matk? wynalazk??w =D\r\n\r\nTak mi si? nudzi?o, ?e stworzy?em ten oto ?mieszny dotcom (brzydz? si? s?owem blog, bo w Polsce nie ma dobrych blog??w, ale za to s? niez?e zagraniczne). \r\n\r\nNie patrzcie na kolorystyk?, codziennie jest losowana inna =P \r\n\r\nOstatnio si? wieeeeeeeeeeeeeeeele dzia?o =P Ci??ko by by?o to stre?ci? w kilku s?owach, wi?c powiem ?e by?o conajmniej ciekawie =) \r\n\r\nPozdrawiam wszystkich moich anty-fan??w, wreszcie macie pole do popisu! =)'),(2,'ale fajna zabawa :P',1105833043,'Hmm.. W?a¶nie wr??ci?em z imprezy i powiem Wam ?e by?o fajnie =P To chyba na tyle, zm?czony jestem.\r\n\r\nAaaa, w?a¶nie, naprawi?em kodowanie, bo by?o ustawione chyba latin-1 albo windows, ale ju? jest w porz±dku =)'),(3,'the return of the spam game =P',1105887302,'pamietacie spam game? \r\n\r\n<a href=\"http://spam.webhop.info/\">kliknijcie :)</a>\r\n\r\npamietam, ?e wyko?czy?em tym cackiem parena¶cie serwer??w, kolej na host.sk (m??j stary, <b>p?atny</b>, serwer, kt??ry okaza? si? shitem, jak wszystko w czechos?owacji :)\r\n\r\njak to dzia?a? 1000 os??b co 100 milisekund napieprza na serwer automatycznie od¶wie?aj±c przegl±dark?. Zdobywa si? za to punkty =P Tak, czy owak, kr??tkie wyliczenie:\r\n\r\n5kb (skrypt) * 10 (queries na sekunde) * 1000 (liczba os??b) = 50mb na sekunde\r\n\r\n50 mb * 3600 (godzina) = 18gb na godzine\r\n\r\nTo dzia?a, naprawd?, a poprawiona wersja atakuj? ze strojon± si?± (kilka queries MySQL na jedno query http).\r\n\r\nJestem okrutny =)'),(4,'woo hoo',1105896789,'spam game sie rozkreca (prawie 200 tysiecy sql queries - admin bedzie plul ogniem jak to zobaczy)...\r\n\r\ndedykuj? t? notk? ZuZi :)\r\n\r\nco ja mialem... a tak. smiesznie bylo wczoraj XD ja jako abstynent nic nie pilem (=D), a oni kupili sobie 1.5 litra absolwenta i pozniej spiewali :) smiesznie bylo. tym razem nie wracalem sam samochodem =( \r\n\r\nfuck, musze napisac rozprawke z polaka (smiech na sali). pierwszy raz od kilku lat robie zadanie domowe... dziwne uczucie XD mam 6 szmat z polskiego =P\r\n\r\nmniam, tymbark :P (dla niewiedzacych, w piatek obrzygalem smietnik kolo szkoly - wlalem w siebie 3 litry tymbarka na czczo XD)\r\n\r\nsie zastanawiam, czy robic impreze jakas na chacie XD byloby smiesznie. wiesniaki by nas spalily pewnie (TA DZISIEJSZA MLODZIEZ :)\r\n\r\nserio, ostatnio sobie szedlem ulica, szly sobie 3 babcie, srednia wieku 113, i sobie rozmawialy - \'ale ta dzisiejsza mlodziez jest straszna\', \'te dziewczyny to prawie nic na sobie nie nosza\' itd itd.\r\n\r\nzazdrosc? =D dobra, ide sobie'),(5,'rutyna :P',1105972985,'<b>edit:</b> ale wysz?a chora notka :P nie bijcie, mam dzisiaj mieszany humor. w skr??cie: nudno dzisiaj jest i og??lnie jako¶ nieciekawie.\r\n\r\ntydzie? zacz±? si? nudno, jak zwykle. w szkole jak zwykle nuda, wi?kszo¶? przespa?em :P kupi?em sobie jak zwykle pare gazet (wyborcza, wprost, newsweek i cos tam jeszcze) i nawet mi sie tego czytac nie chce... przegladam... patrze, o chca umieszczenia teczek SB w internecie =) to byloby ciekawe, nie powiem. \r\n\r\ndalej... Media Markt znowu ma problemy z UOKiK =D Dobrze im tak. Tym razem za slogan \'nie dla idiot??w\'. =)\r\n\r\nnext... dyrektorzy Enronu bul± udzia?owcom, Indie zak?adaj± sw??j w?asny Jugansknieftgaz, Barclays Bank si? fuzjuje z Wells Fargo... Airbus wygrywa z Boeningiem... \r\n\r\nO prosze, projekt ustawy, kt??ra mia?aby kara? za szkodliwe decyzje urzednik??w dla skarbu pa?stwa (nawet 30 000 zl). Zawsze to jakis krok do normalnosci...\r\n\r\nEuropa jak zwykle brzydzi mnie samym s?owem Europa, bo jak widze tych pajac??w strajkuj±cych w Berlinie czy w Pary?u to mam ochote ob?yga? monitor. Wszystko by?oby fajnie, bo im gorzej maj± Niemcy, tym lepiej dla mojego samopoczucia, ale jak widze jak wygrywaj± neonazistowskie partie w lokalnych wyborach to mnie krew zalewa na my¶l co si? mo?e dzia? (np. powtora z rozrywki)\r\n\r\nkolejarze strajkuja, ale fajnie. szkoda ze PKP nie jest prywatne, bo by wszyscy wylecieli na zbity pysk. szkoda =(\r\n\r\no, pieprzenie na temat \'pozytywnych skutkow wprowadzenia euro w polsce\'. jasne. brytyjczycy maja funta i zyja =)\r\n\r\njezus, zrobilem przeglad prasy. moja glowa :P powinienem sie leczyc. anyway, ten tydzien zanosi sie na wyjatkowo nudny... babcia wyjezdza spowrotem do Norwegii i nie b?dzie si? z kim k???ci? co by?o lepsze, komunizm czy kapitalizm XD\r\n\r\nide sobie co¶ poczyta?'),(6,'suuuuuuuucks',1106072318,'trzy slowa: nuda, kicha i beznadzieja :)\r\n\r\nna szczescie zle samopoczucie powoli mija. wczoraj prawie sie wyprowadzilem z domu (naprawde XD), ale jakos sie rozeszlo po kosciach, a poza tym nie bardzo mialbym gdzie zamieszkac :P\r\n\r\ntak czy owak, bylo nudno dzisiaj. pewnie caly wieczor spedze na obzeraniu sie jakims gownem z przedwojennym terminem waznosci i udawaniu ze cos robie na kompie. \r\n\r\nmam nadzieje ze jutro bedzie ciekawiej =P no tak, spr z historii (20-lecie miedzy wojenne, bulka z maselkiem :P), religia, i cos-tam-jeszcze.\r\n\r\nto bylo by na tyle, nic mi sie dzisiaj nie chce :P'),(7,'rofl',1106145032,'minela mi wczorajsza zalamka, na szczescie. chociaz dzisiejszy dzien jest troche nudny :P mialem jechac za godzine na narty, ale nie pojade bo jak zwykle jest problem z transportem. woohoo.\r\n\r\nhmm, wczoraj sie dowiedzialem z Juzia sie interesuje m&a. ciekawe, nie powiem, zwlaszcza ze ostatnio nie mialem ostatnio czasu na tego typu zabawy. thx za mangi btw =)\r\n\r\nwlasnie sobie czytam komentarze i mnie smiech bierze. niektorzy z was mysla ze ja naprawde nie mam nic w domu lepszego do roboty tylko wymyslac nicki? fajnie macie, nie powiem :) \r\n\r\nostatnio czesto na slupy wpadam (przenosnia jakby ktos nie pojal :P) i wogole wszyscy mi mowia ze mysle o niebieskich migdalach... hmm... \r\n\r\nchyba sobie sam pojade na te narty... :P dawno nie jezdzilem i naszla mnie ochota :P tylko te dupki z czech na pewno sie przypieprza do tego ze nie mam prawa jazdy :P\r\n\r\nalbo sie przespie bo mnie znowu dopada depresja :P w kazdym razie, pozdrawiam'),(8,'moj palec',1106177316,'bylem dzisiaj na nartach w Czechach (pierwszy raz od 3 lat jezdzilem na nartach, wczesniej byl snowboard :P). Ostatni, 20 zjazd byl ciekawy. Wjebalem sie do jakiegos halfpipe\'a z predkoscia 30km/h i zrobilem se cos z palcem bo jakos sobie tak wisi :)\r\nboli jak cholera\r\n\r\nnaszczescie niedobre czeskie piwo troche usmiezylo bol, ale i tak jest zajebiscie.\r\n\r\ntroche sobie teraz pokurwuje: kurwa :)\r\n\r\na na koniec, powiem, ze jestem skonczonym idiot± :) a wlasciwie to niesko?czonym, co rozszerza teorie einsteina, jakoby tylko dwie rzeczy byly nieskonczone: wszechswiat i ludzka glupota. teoretycznie idiotyzm mozna zaliczyc do glupoty w sumie... \r\n\r\nskonczony idiota brzmi jak komplement :) ale nie bede pisal gorszych epitetow, bo jeszcze wam ISP zablokuje mojego bloga ze wzgledu na \'mature content\' :P (niektorzy to maja fajnie)\r\n\r\nnaprawde, zajebisice bez sensu sie czuje i powiem wam nawet, ze chyba zamkne tego bloga bo jest bez sensu :) albo bede sobie dalej opisywal rzeczy ktore i tak nikogo nie interesuja :) nie wiem co gorsze :P'),(9,'boo fucking hoo :P',1106306922,'cos mi sie z palcem stalo - tylko jeszcze nie wiem co, bo nie bylem u lekarza i raczej nie zamierzam isc :P\r\n\r\nanyway, wszystko w normie, zamierzam caly dzisiejszy dzien przesiedziec w domu i... np. grac sobie w Streets of Rage =) Samopoczucie w normie - w?a¶ciwie dobrze si? trzymam, jak na moj gust (:P). Oczywiscie moglo byc lepiej, ale na pewne rzeczy wplywu nie mam :P\r\n\r\nJuziu - przeczytalem wczoraj FLCL :P Przez Ciebie poszedlem spac o 3, bo sie oderwac nie moglem, hie hie :P szkoda ze tego wiecej nie ma...\r\n\r\n\"Show Must Go On\" jak to ¶piewa? Freddie Mercury :P\r\n\r\nFajny cytat wczoraj przeczytalem. \"Guys often think that shared traumatic expierence build relationship between people\" <- rofl. \r\n\r\nI jak milo. Jakis czas temu ogladalem sobie Ktokolwiek Widzial, Ktokolwiek Wie i... wrocila pewna sprawa... Bleh =/ Za bardzo sie przejmuje... Ale jak sie mozna nie przejmowac? Kurwa :P\r\n\r\nPrawdopodobnie znikne na kilka dni, heil TPSA.\r\n\r\nBy?o by na tyle, wracam spa?. Pozdrawiam wszystkich, kt??rzy na to zas?uguj±.'),(10,'heh',1106344238,'doda?em sekcj? \'weird ass shit\', gdzie co jaki¶ czas b?de dawa? moje nowe odnalezione odpa?y z przesz?o¶ci =P uwaga: tam s± chore rzeczy\r\n\r\nhmm, dziwi mnie ?e tak ma?o opinii... boicie si?? przecie? was nie zjem :P\r\n\r\nuwaga :P jest szansa, ?e wydostan? si? spod syfu zwanego Telekomunikacja Francuska oddzia? w PRL :P wszystko si? jutro wyja¶ni jak przyjdzie pan fachowiec-monter i sprawdzi czy nie mam czasem za daleko do nadajnika.\r\n\r\nthat\'d be all. cheers'),(11,'fuck it',1106396154,'gdyby nie te egzaminy to bym w poniedzialek lezal sobie na plazy w Cancun w Meksyku ;_______________;\r\n\r\n*goes kill himself*\r\n\r\nbtw. moze w poniedzialek bede mial normalny internet. fajnie.'),(12,'DSL DSL DSL DSL DSL DSL',1106491208,'Po latach sp?dzonych na modemie, najpierw Dialogowym, p???niej z Tepsy (co by?o koszmarem, uwierzcie mi) NARESZCIE MAM LUDZKIE LACZE. Czyt. DSL. Woohoo! Woohoo! Woohoo po stokro?!\r\n\r\n?eby tego by?o ma?o, zdecydowa?em ?e b?de zdawa? do najbardziej kujo?skiej szko?y w promieniu 50 kilometr??w XD Ale b?d± jaja. A p???niej tylko Stanfordzik albo Yale albo inny Harvard i b?de m??g? sobie paluszkiem po mapie je?dzi? i wybiera? gdzie b?d? chcia? pracowa? (je¶li nie wypal± moje pomys?y zwi±zane z za?o?eniem firmy, w co hurraoptymistycznie w±tpie XD)\r\n\r\nBla bla bla, za weso?o jest :P Jak ju? wcze¶niej m??wi?em, wr??ci?a pewna straszecznie mi?a sprawa z przesz?o¶ci, o kt??rej nie wiem, czy mam zapomnie?, czy mam sobie po prostu strzeli? w ?eb :) Jeszcze jeden wiecz??r sp?dzony na gadaniu typu \'co by by?o gdyby\' i prawdopodobnie to si? w?a¶nie stanie. Ale od czego s± zimne prysznice. Nic tak nie uspokaja jak prysznic ok. 5 stopni o godzinie 4 w nocy, kiedy wszyscy ¶pi± i 90% jest najebane w trzy dupcie :)\r\n\r\nMoja najlepsza (bo jedyna, narazie) siostra zaprosi?a sobie jak±¶ kole?anke (chyba jaka¶ kuzynka?) na tydzie? do domu. Fajnie maj±. Kiedy¶ o 2 mi wpad?y na kompa i ¶ci±ga?y lezbijskie puzzle :) Nie ?ebym narzeka?, ale one maj± po 10 lat :P\r\n\r\nJest jeszcze jedna fajna sprawa, kt??ra mnie troszeczke wyprowadza z og??lnego ?adu stanu ducha i umys?u, ale o tym kiedy indziej.\r\n\r\nMake love not war :P'),(13,'okrutne to wszystko',1106600407,'Dzisiejszy dzie? by? okrutny. Moje samopoczucie nada?o nowe znaczenie s?owom za?amka i totalny d???. D??? (taki ?e chiny wida?)+ metr mu?u + wodorosty.\r\n\r\nKoniec u?alania si? :P Hmm... mam zdeczka dziwny nastr??j, wi?c jakbym si? dziwacznie zachowywa?, to nie moja wina :P\r\n\r\nWczoraj moja siostra (z t± kole?ank±-kuzynk±) si? wr±ba?y na GG jak by?em na nartach (w Czechach :P) i r???ne rzeczy wygadywa?y :D Jakby co, to one maj± po 10 lat, nie 16 czy 18 jak m??wi?y :D\r\n\r\nAle dzisiaj by?o ¶miesznie we Wrocku. Dopiero wr??ci?em. Troche si? powkurwia?em, troche poopieprza?em chamski personel sieci handlowych (wszystko rozumiem, ale chamstwo w stosunku do 90-latka, kt??ry ledwo na oczy patrzy to lekkie przegi?cie). \r\n\r\nPrzypomnia?o mi si? moje twierdzenie (rofl):\r\n\r\n<i>\"Nie sztuk± jest komu¶ dojeba?, sztuk± jest mu dor??wna?\"</i>\r\n\r\nNiekt??rzy ludzie (95% spo?ecze?stwa :) dalej tkwi w za?o?eniu, ?e jak kto¶ ma lepiej, trzeba zrobi? wszystko, ?eby mia? gorzej :) No c???, takie s± minusy \'transformacji ustrojowej\' :P Dalej siedzimy po pas w PRL-u, niestety...\r\n\r\nSo yeah, egzaminy... fajnie. I tak mam inne sprawy na g?owie :P \r\n\r\nNakupowa?em sobie jak zwykle multum gazet... Wprost, Forbes, Newsweek, Time, CD-Action i jeszcze jakies tam, nie pamietam. Pewnie nie b?de dzisiaj wog??le spa?, bo mam tego od cholery, a jeszcze czeka do¶? ciekawa ksi±?ka... Ale od czego jest matematyka :)\r\n\r\nHmm... nienawidz? poniedzia?k??w... Dziwne my¶li mnie nachodz±...\r\n\r\nPozdrawiam wszystkich, a w szczeg??lno¶ci Zuz?. Zdrowiej nam tu :D'),(14,'kekekeke',1106774657,'stfu korean.\r\n\r\ndzisiaj by? humanistyczny, jutro b?dzie matematyka =) ¶miesznie by?o. napisa?em pisemn± wypowied?, ?e by?em u wujka mafioza na ukrainie =) rozwazalem po prostu opisanie mojego wlasnego domu (taki byl temat pracy), ale ludzie sa bardzo rozni, wole nie ryzykowac :P\r\n\r\ndo domu wracalem w garniturku + p???buciki. nie musze chyba m??wi?, ?e przy temperaturze -4 zamarz?em. i teraz mnie p?uca bol± + uszy + co¶-tam-jeszcze. mama m??wi, ?e to zapalenie p?uc albo gru?lica. mi?o =) tylko kurde, mnie naprawde bola te pluca. wytrzymac nie mozna :P\r\n\r\nw pi±tek chyba jade do wrocka, zamiast szkoly. bedzie smiesznie, o ile sie wszyscy nagle nie rozmysla =) \r\n\r\ndzisiaj zdarzyla sie dziwna rzecz =P ogladalem film i... przestalem, bo mnie wpienil. przewaznie staram sie ogladac filmy do konca, albo wylaczac kiedy sa nudne itd. ale ten mnie wyjatkowo wkurzyl =) nie moge patrzec na ludzka obojetnosc, zwlaszcza ojcow wobec wlasnych dzieci. nie pojmuje tego poprostu...\r\n\r\njeszcze cos. nie wiem, ale chyba mi niektorzy zazdrosza komentarzy :P czy to naprawde zle, ze wole dziewczyny od facetow? ja nic nie mam do waszej orientacji, ale wiecie, robicie z siebie debili XD'),(15,'=)',1106964708,'egzaminy poszly dobrze. i tak mam je gdzies.\r\n\r\nnigdzie do wrocka nie pojechalem, bo po pierwsze nikomu sie dupy nie chcialo ruszyc, a reszta podreptala do szkolki, a po drugie Kazia zachorowala, a co to za zabawa bez niej =)\r\n\r\nfajnie. Ale sie z Kazia nakombinowalismy z Herosami :D Tzn od czwartku wieczorem zalatwiamy herosow 3, zeby sobie w nocy pograc XDDD Ona sie w piatek nabiegala po calym miescie i znalazla (<3 <3 <3). Dzisiaj jak wstane to sobie podskocze i bedziemy grac 24h/dobe XDDD Narazie, w takzwanym miedzyczasie, pogrywamy sobie w tysiaca i chinczyka XD I jest wyjebiscie. Mama mnie chyba zastrzeli z wiatr??wki jak zobaczy ze siedze rano przy kompie, ale to nic =) (od czwartku narzeka ze siedze calymi dniami)\r\n\r\ntroche \'zbocze\' (:P) z tematu. hmm... mam w glowie dwa duze projekty, ktore mam zamiar w niedalekiej przyszlosci wykonac... zobaczymy co z tego wyjdzie.\r\n\r\nInfo dla zainteresowanych odsiadka Pachuki, admina Culta - rozprawa jest 23 lutego =P A, i cult bedzie back za jakis czas.\r\n\r\nA, ma ktos zalatwic cyjanek potasu albo cyjanowodor? W ostatecznosci arszenik. Musze kogos zamordowac =)\r\n\r\nPozdrawiam wszystkich ktorzy mi dotrzymuja towarzystwa o tej porze, czyli: Kazi? (<3), Katera, Ebisa i parunastu innych, ktorzy tez sie nudza XD'),(16,'what a beautiful day',1107216565,'dzisiaj wstalem o... 18? 17? niewazne, w kazdym razie nie czuje sie najlepiej. wczesniej jeszcze bylem w szkole, ale tez bylo nudno. kretynka polonistka dala nam jakis syf na srode... ciekawe kiedy to zrobie. a jutro chyba sobie odpuszcze i zajme sie czyms. nawet wiem czym.\r\n\r\na wiec, wpadlem sobie na pewien pomysl. zamierzam wprowadzic blogi dla ladnych kolezanek (ew. kasiastych kolegow). a tak na serio - chce zrobic blogi na stronie, z calym osprzetem jakies tam panele admina, duperele, bez reklam i wogole. jutro sie jeszcze do konca zastanowie. wiem ze jest sporo chetnych, wiec czemu nie? \r\n\r\na tak poza tym... miesiac zlecial... dziwny to byl miesiac, powiedzialbym nawet ze najdziwniejszy w calym moim zyciu, no ale coz. \r\n\r\nha! kazia zalatwila wreszcie hirosy (<3) i juz mielismy grac na necie i sie okazalo ze to jest zrabane. wiec wbilem jej sie na chate i sobie pykalismy :D gralismy w taka fajna mape \'wojna plci\'. mysle ze pewne feministki mialyby niezly ubaw (nie, nie mam absolutnie nikogo na mysli XD).\r\n\r\nprzed hirosami pogrywalismy sobie w chinczyka, w tysiaca do 4 rano i wogole jest zajefajnie.\r\n\r\nmoze jutro bedzie irc.the-drx.org, jesli kogos to interesuje. wszystko?\r\n\r\npozdrawiam wszystkie moje dziewczeta =) zwlaszcza pewn± Basi? zwan± te? Kazi± :P \r\n\r\n(ale ja pisze durne notki - nic na to nie poradze - rano wypilem 3 herbatki, kazda po 3 torebki XD - earl grey)'),(17,'zycie jest piekne :P',1107647412,'ta... a nie jest tak? wlasnie wrocilem z imprezy, bylo zajefajnie XD \r\n\r\nwogole ostatnio mam fajnie... w srode czy w czwartek szedlem 10km z buta, przy temperaturze na zewnatrz -8, a na czole 39 =P coz za wspaniale przezycie. zwlaszcza ze mialem zapalenie pluc czy cos. ale walic to XD\r\n\r\nwszystko jest jakies takie dziwne. juz naprawde nie wiem co mam myslec, totalne zakrecenie =P chcialbym wiedziec, jak mam postapic, zeby bylo dobrze. ale nie wiem, niestety i to jest dziwne XD \r\n\r\nostatnio pieprze od rzeczy =P np. chcia?bym mie? kochaj±c± ?on? i du?o dzieci. albo polecie? na ksi??yc. etc. (to jeszcze nic, ale lepiej nie bede opisywal :P). dziwne to. w kazdym razie niewazne\r\n\r\nco ja mam teraz ze soba zrobic? rofl. \r\n\r\n<3 <3 <3 (zainteresowana wie dla kogo =P)'),(18,'ale faaaaaaaaaaaaaajnie',1107811919,'pozdrawiam wszystkich zyczliwych obywateli rzeczypospolitej, ktorzy nic innego nie maja do roboty w domciu tylko wpierdalac sie w nie dosc ze nie swoje sprawy, to jeszcze innych ludzi =)\r\n\r\nnie zebym mial kogos na mysli, ale naprawde, fajnie macie XDDDDd\r\n\r\na tak wogole to jestem w szoku i bede gdzies w marcu. brak mi slow XDD\r\n\r\n<3 <3 <3 Kazia\r\n\r\nbtw. masakryczne pianie. rofl. rofl. rofl. <3'),(19,'...',1107975832,'<b>what. the. fuck.</b>\r\n\r\nk... to jest jakas paranoja. kurwa mac, jeszcze kilka dni temu wszystko bylo ok, bylo nawet lepiej niz dobrze, ale jak zwykle zycie musialo mi tak dopierdolic ze teraz sie nie podniose.\r\n\r\nto sie nie dzieje naprawde. to sie nie dzieje naprawde. nie moze. \r\n\r\nmusze ochlonac... albo zrobie sobie krzywde. chociaz w sumie to by nie bylo takie zle. nie wiem. nic juz nie wiem.\r\n\r\ntego nie wyraza zadne slowa...\r\n\r\no co mi chodzi? nie wasz biznes. zreszta i tak nie wiem jak to napisac. nie potrafie. jestem bezuzyteczny.\r\n\r\nwhatever.\r\n\r\ndzisiaj bylem w krakowie, w budonafcie (spolka corka orlenu). ci, co wiedza o co chodzi - jest dobrze, jest biznes. ci co nie wiedza - go fuck yourself.\r\n\r\nchcialbym cofnac czas, ale nie moge. no coz. \r\n\r\nk.\r\n\r\nk.\r\n\r\nk.\r\n\r\nbye.'),(20,'everybody kombinerki',1108162859,'dzisiaj bedzie krotko, bo nie mam sily z tesknoty =(\r\n\r\nco ja bede robil przez ten caly czas... chyba umre z nudow =P\r\n\r\nfajnie, bo mam wolne. hmm.\r\n\r\njeszcze tylko 7 dni =)\r\n\r\n<3 <3 <3 <3 <3 <3 <3 <3\r\n\r\n<span style=\'color: #ff0000\'>tez usycham &lt;3</span>'),(21,'a winner is me',1108334311,'i win the life =D\r\n\r\nhmm... nigdy nie bylem szczesliwszy. =D\r\n\r\njeszcze 6 dniiiiiiiiii. nie mogeeeeeee. \r\n\r\nohoh. do tego mnie budza o 13 =( niesprawiedliwosc. moze dzisiaj sie wyspie.\r\n\r\nciekawe. ostatnio z nudow zaczal robic cos kreatywnego. na przyklad przebudowalem skrypty wszystkich moich zajefajnych stron. poznalem xml-a i rss (najwyzszy czas =P). \r\n\r\npoprogramowalem sobie troche, czego efektem jest ggstatus, skrypt, ktory pokazuje czyjs opis, status i inne pierdoly na gadu gadu. wszystko byloby pieknie, tylko dziala raz na dziesiec razy. serwery gg mnie nie lubia =(\r\n\r\nw kazdym razie - efekty mojej pracy mozna zobaczyc pod adresem <a href=\'http://the-drx.org/ggstatus/\' >http://the-drx.org/ggstatus/</a>\r\n\r\nchyba pozniej napisze krotki opis moich durnych projektow. nudzi mi sie. przy okazji - moja jedyna polska strone ujrzal 100-tysieczny gosc. jee =D \r\n\r\nniektorzy z was moze znaja CulT logs, albo #blah logs. przebudowuje ten skrypt, zeby uzywal SQL, czego efektem bedzie udostepnienie tegoz skryptu innym maniakom irca. niedlugo.\r\n\r\nco tam jeszcze ciekawego... nic sie nie dzieje... umieram z tesknoty, nosi mnie po calym domu =P \r\n\r\nkoncze ta dziwna notke - jestem glodny. zycze sobie smacznego (=P) i pozdrawiam was wszystkich. '),(22,'bored',1108421135,'happy valentine\'s day everybody\r\n\r\njeszcze 5 dni =P'),(23,'nowy wystroj',1108425252,'z nudow sobie zrobilem bardziej optymistyczny layout. wiem ze nikogo to nie obchodzi, ale mi jest milej popatrzec na takie cieple kolorki =D\r\n\r\njeszcze 4 dni =D\r\n\r\nciekawe czemu zawsze na noc mi sie chce jesc =P\r\n\r\nciekawe czemu ja jeszcze nie spie\r\n\r\nciekawe czemu ciagle mnie budza o 13 rano\r\n\r\nciekawe czemu ja pisze takie durne notki =P\r\n\r\npozdrowienia z betlejem, drx~'),(24,'jesus saves.',1108569353,'moses to isaac. SCOOOOOOOOORE\r\n\r\ntaki tam dowcip dla wtajemniczonych XD\r\n\r\nwiem, ze mam niesamowity reflex, ale byly walentynki! =D\r\n\r\nniektorzy ludzie uwazaja ze to swieto komercji, itd itp. co z tego? =D a niby boze narodzenie to nie? :P fuck them! walentynki rzadza =D <3\r\n\r\nhah. dostalem sie do finalu konkursu z angielskiego. nie zebym byl zdziwiony ale 9 miejsce na 425 to jest cos =D teraz tylko final. pestka XD\r\n\r\nale fajnie. wiecie jak fajnie jest na dachu? XD zwlaszcza jak jest taka zajebista zamiec i minus 15 na zewnatrz. nie ma to jak oblodzone kable XD\r\n\r\njeszcze tylko 3 dni! woohoo! *aluzja do simsow*\r\n\r\ndzisiaj dzwonil do mnie D-Filip. lol.\r\n\r\ndobra, koncze niggeritas. wesolego przynudzania. a ja czekam zeby kogos cieplutko przywitac =D'),(25,'coz za piekny dzionek =)',1108846374,'na poczatku poszedlem spac o 4 albo 5 i wstalem o 9 chyba... ale to niewazne =)\r\n\r\npotem sobie szedlem ~10 km na nogach bo sie spoznilem na autobus... ale potem bylo juz tylko milo =)\r\n\r\n<3 Kazia'),(26,'zycie jest piekne =D',1109076351,'nie bedzie mnie troche bo szkoda mi czasu na siedzenie na dupie przed monitorem kiedy moge sobie milej pospedzac czas\r\n\r\nwiecie ze zycie jest piekne? \r\n\r\ndoszedlem do wniosku ze hirosy to denna gra (bo przegralem, prawie :P)\r\n\r\nkoncze bo szkoda czasu. pozdro dla tych ktorzy nic nie maja lepszego do roboty tylko wchodzic na jakies debilne blogi =D kazdy ma jakies hobby\r\n\r\n<span style=\"color: #ff0000\">Kocham Ci? :* :* :*</span>'),(27,'wah',1109253812,'wlasnie wstalem... patrze... nie ma neta =( musialem wlaczyc ten jebany modem z tepsy... to muli straaaaasznie. \r\n\r\ntak czy owak... wczoraj/dzisiaj pobilem rekord gadania przez telefon. od 22 do 5:30. jak ktos nie umie liczyc -> 7,5 godziny. oczywiscie z Kazia, a z kim? <b style=\"color: #ff0000\"><3</b>\r\n\r\nostatnio powiedzmy ze dostaje po dupie w hirosy. to dlatego ze ktos niechcacy naciska alt+f4 kiedy zaczynam wygrywac. \r\n\r\naaaaaaa... uzaleznilem sie XD od czego? raczej, od kogo =p ale to jest bardzo mile uzaleznienie, wiec nie narzekam. ja wogole nie narzekam na zycie, bo jest bardzo ciekawe i przyjemne =)\r\n\r\nmialem dzisiaj jechac na narty i nie wiem czy pojade. zobaczyyymy. \r\n\r\nostatnio na nic (no, prawie nic =D) nie mam czasu. ale to nawet dobrze... =)\r\n\r\npozdro dla wszystkich czubkow ktorzy pisza mi komentarze do starych notek. fajnie macie. pieprze tooooo =D\r\n\r\n<span style=\'color: #ff0000\'>I <3 you =)</span>'),(28,'terefere :)',1109949059,'rofl\r\n\r\nkrotkie streszczenie tego co sie ostatnio dzieje -\r\n\r\nw zyciu prywatnym - zajebiscie :) a to za sprawa Kazi <3 szczegoly pomine, bo jestescie za mlodzi *shot*. ostatnio wszystkich denerwuje tych tekstem XDDD \r\n\r\nszkola - fajnie. niestety - zaczalem sie uczyc. jeszcze gorzej - z wlasnej woli. masakra - sprawia mi to przyjemnosc ;_______; ale mam powod, nie bojcie sie ^_^\r\n\r\nferie - byly fajne. pierwszy tydzien byl straszny... bo zdychalem z tesknoty =P ale drugi byl zajebisty =) \r\n\r\nostatnio wogole nie czytam gazet/nie ogladam tv i wogole na nic nie mam czasu. ale nie narzekam, bynajmniej ^___________^\r\n\r\ndzisiaj sie nareszcie wyspalem. od tygodnia chodzilem spac o 2-4 a wstawalem o 6.30 =P ale dzisiaj sobie pospalem do... 13 chyba :) \r\n\r\n<b>zycie jest piekne</b>\r\n\r\ndzieki komu? dzieki Tobie :*'),(29,'life r0x',1110632311,'it does, indeed\r\n\r\nanyway, zostalem laureatem konkursu z english (jakis tam wojewodzki). moge sobie olac wszystko od gory do dolu, bo moge miec srednia 2.0 itd a i tak sobie bede mogl wybrac kazda szkole w polsce =)\r\n\r\ntak czy owak, zycie jest piekne. dla mnie. nie dla wszystkich. eh... dla niektorych jest bardzo niesprawiedliwe... ale jak to spiewal queen: \"show must go on\" i trzeba isc dalej...\r\n\r\nwhatever. \r\n\r\nzycie i tak jest piekne. \r\n\r\nlalala =) \r\n\r\n:*'),(30,'hmm',1110912930,'jak niewiele trzeba do szczescia :)'),(31,'headlines',1111257886,'zostalem chyba laureatem znowu... \"Byc Kims\". W poniedzialek jade z Kazia (ona tez) po nagrody... Zobaczymy\r\n\r\nmoj tata sobie dzisiaj obcial palce. jednego sobie \'przykleil\', drugi jest caly poszarpany, nie ma co zszywac nawet. btw, na pogotowiu pracuje banda debili. co jeszcze... kurwa mac. \r\n\r\nmialem dzisiaj isc do kina ale musze mu pomagac. wut. \r\n\r\nhmm. dzisiaj mam nastroj do udowadniania wszystkim cwaniakom i \'elitists\' ze sa gowno warci i ich zabawy w nazizm/sadyzm/hacking i udawanie bardzo smiesznych nie sa warte nic poza kilkoma zdaniami kpin z mojej strony. \r\n\r\nczytaj - pozbywam sie z otoczenia kretynow, ktorzy uwazaja ze sa fajni bo:\r\na) wyzywaja wszystkich dookola\r\nb) robia sobie glupie zarty z czegos o czym nie maja pojecia\r\nc) potrafia cos czego ktos inny nie potrafi\r\n\r\netc etc etc\r\n\r\nulzylo mi.\r\n\r\nbtw. zabilismy z AJ-em nasz serwer IRC, wiec juz nie ma irc.the-drx.org ani pd.ajworld.net\r\n\r\nco jeszcze - \r\n\r\naa. jak ja uwielbiam \'cichych, zyczliwych i uczynnych ludzi\'. kto lapie aluzje, get a cookie :)\r\n\r\ni pozdrawiam Kazie, ktora wie za co i wogole :)\r\n\r\n:*\r\n\r\n<b>edit</b>:\r\n\r\nwlasnie. zapomnialbym.\r\n\r\nto \'udowadnianie glupim ludziom ze sa kretynami\' tyczy sie wszystkich. nauczycieli takze :) to tyle :)'),(32,':)',1111694548,'lol. nie mam neta, bo kombinowalem cos przy laczu i mnie odcieli =( fuck, teraz jestem na laczu z dostepem administratora, ale nie wiem ile pociagne i kiedy sie skapna XDDDDD w kazdym razie cya\r\n\r\nostatnio zyyyyyyyyyje. woohoo.\r\n\r\nkocham Ci? <3 <3 <3'),(33,'pomarudze sobie troche :)',1111794792,'z tego szczescia mi sie w dupie poprzewracalo troche, wiec sobie troszke pomarudze =)\r\n\r\na wiec, siedze sobie i sie nudze. i tak sobie siedze i mysle - ludzie sa zdrowo popierdoleni. niektorzy =) zwlaszcza ci, ktorzy probuja zwrocic na siebie uwage udajac, ze maja problemy i niszczac innym dobry nastroj, przelewajac na nich swoje negatywne emocje. przez nich ludzie, ktorzy maja prawdziwe problemy sa spychani na margines i zapominani/olewani. <strike>i nie mam tutaj nikogo na mysli</strike>. owszem, mam kogos na mysli - tych ludzi :P nikogo szczegolnego. dalej - mam dosyc ludzi, ktorzy mi wmawiaja ze jestem nieszczesliwy. wiecie, ja mam anielska cierpliwosc, ale naprawde, kiedy slysze od byle osoby, jakich to ja nie mam problemow, mozna naprawde poczuc szlag na wlasnej skorze :) bo ja jestem szczesliwy. szczesliwszy niz kiedykolwiek. \r\n\r\ngratulacje dla osob, ktore dotrwaly do tej linijki. podwojne gratulacje dla tych, ktore ominely powyzszy akapit - za inteligencje :)\r\n\r\npomarudzilem sobie troche - teraz pora na selera\r\n\r\nale jestem pochrzaniony czlowiek - wlasnie to sobie uswiadomilem :) pewnie - sa bardziej nienormalni ode mnie (vide niektorzy ze spolecznej *shot*) - ale co tam - i tak jestem walniety - i to ladnie. \r\n\r\nhaha. okazalo sie ze nie jestem jedynym zbereznikiem w promieniu 69 kilometrow :) dobra, juz nic nie mowie, bo dostane w leb XDDDD przyjmiesz wyzwanie actimela? *shot*\r\n\r\nwiesz co?\r\n\r\nrotfl\r\n\r\nnie ma to jak zarty, ktorych nikt nie rozumie, oprocz 2 osob XD fajnie jest byc czubkiem. zajebiscie, dopoki cie nie zamkna w jakims domu bez klamek i z gumowymi scianami (a jak sie ruszaja to juz wogole full wypas =P)\r\n\r\n*robi mine wampira*. *wysysa: ssssssssss* *bierze rurke* *puka sie w czolo* *wysysa dalej*\r\n\r\nwiecie ze mam spowrotem neta? XD myslalem ze mnie odcieli bo zrobilem maly atak, ale nieee XD po prostu gosciu zapomnial ze zaplacilem. fajnie. btw - przyszedl mi rachunek od tepsy. i od plus gsm. razem tego jest jakies 6 cyferek XDDDD i to wcale nie dlatego ze rozmawiam przez telefon po 4 godziny dziennie (rekordy siegaja 7,5 h - z kim? z KaZia, a z kim? XDD)\r\n\r\nwoohoo. fajnie - slowo woohoo nabralo dla mnie nowego znaczenia - dzieki hmm... siiimsom XDDD powiedzmy, zeby nie demoralizowac niektorych =P\r\n\r\nboje sie siebie. boje sie o siebie. boje sie o swoje otoczenie. ze im cos zrobie. jestem czubkiem XDDDDDDDD\r\n\r\nostatnio mnie ^ktos^ prawie zjadl. naprawde XD fajne uczucie. prawie - bo jestem trujacy. \r\n\r\nzastanawiam sie - po co ja to wszystko pisze? XD nie ma to jak pisanie sobie jakichs dziwnych pierdol paredziesiat minut po polnocy :)\r\n\r\nwiesz co? *shot*\r\n\r\nratujcie. chca mnie \'utuczyc\'. heeeeelp =P\r\n\r\nzawsze sie zastanawialem czemu mnie jeszcze nie zamkneli w jakims wariatkowie - juz wymyslilem. bo takie zaklady sa przepelnione :) a poza tym sie mnie boja, zebym im scian nie poprzegryzal XD\r\n\r\njak juz sobie tak rozmawiamy o albanskich trolach - warto wspomniec o tym, ze od wrzesnia bede wstawal o 5 - albo wogole nie bede chodzil spac :) wole juz wyrok smierci =P \r\n\r\nale cieeeeeeeeeeeplo. czasem nawet bardzo gorrrraco XDDD\r\n\r\ndobra koncze, bo mam telefon :)\r\n\r\nmilego dnia =)\r\n\r\npozdrawiam wszystkich, wesolych swiat et cetere =P\r\n\r\na dla Kazi buziaczki :D Ty m??j gryzoniu <3'),(34,'Salute',1112474503,'k. \r\n\r\nJak dla mnie - wszyscy katole mog± i¶? si? kocha?, ale papie? jest wyj±tkowy. Jest wielkim cz?owiekiem, nie dlatego ?e jest papie?em, nie dlatego ?e jest katolem - dlatego ?e po prostu jest wielkim cz?owiekiem. A takich jest ma?o. Podejrzewam, ?e m??wienie w samych superlatywach o papie?u jest jedyn± prawd± jak± g?osz± katolicy. W ka?dym razie papie? bardzo mi imponuje, jak ma?o ludzi st±paj±cych (lub nie) po ziemi. Tym, ?e potrafi? jednoczy? ludzi, wybacza? wielu, g?osi? swoje idea?y do ko?ca, nie zwa?aj±c na innych. I robi? to _dobrze_ i nieinwazyjnie, jak wi?kszo¶? tych krety?skich katoli. \'Jak nie wierzysz w Boga, automatycznie jestes g??pi, ¶mierdzisz i [wstaw pare przezwisk na poziomie neandertalczyka cierpiacego na z. Creutzfelda-Jacoba]\' - tak papie? NIE robi?. Za to go cenie po pierwsze.\r\n\r\nPo drugie - zrobi? niesamowicie wiele na ¶wiecie. Po¶rednio dzi?ki niemu (bezpo¶rednio nie - to wszystko zaplanowa?o CIA - nie my¶lcie sobie, ?e K. Wojty?? wybrano papie?em tak dla jaj - to mia? by? cios dla ZSRR, polak, w dodatku katolik, du?ym przyw??dc± poza granicami sowieckiej siatki) obalono komunizm (Wa??sa by? po prostu g?upim elektrykiem, kt??rzy przeskoczy? przez murek :) Et cetera.\r\n\r\nPo trzecie - jego pasja w tym co robi?. Nie ka?dy potrafi d±?y? do tego co chce d±?y? mimo choroby, wieku etc. \r\n\r\nMo?e bym wymy¶li? wi?cej przyk?ad??w gdybym si? wysili?, ale nie ma sensu. Powinno wam wystarczy? to, ?e dla mnie - \'dla praktykuj±cego ateisty\' - jest on jakim¶ typem autorytetu. Jak Juszczenko, Reagan i pare innych os??b. Zreszt± i tak nie do ko?ca skapowaliby¶cie m??j system warto¶ci, wi?c sobie daruje :)\r\n\r\nNa koniec - pieprzycie z tym, ?e on powinien ?y?. Ten cz?owiek zrobi? wi?cej w ci±gu swojego ?ycia, ni? wy by¶cie zrobili w ci±gu 1000 ?y?. Jest zm?czony, schorowany. Powinien umrze?, w spokoju, bezbole¶nie - zadowolony z siebie. A waszym zasranym obowi±zkiem, jako w ko?cu jego podw?adnych, katoli - kontynuowanie jego ideologii - nieagresywnego wierzenia w co tam sie komu podoba.\r\n\r\nW ka?dym razie jestem pe?en podziwu dla tego cz?owieka. I ?ycze mu szybkiej, bezbolesnej ¶mierci. My¶l?, ?e on zas?uguje na m??j podziw.\r\n\r\n<b>Salute</b>'),(35,'?a?oba',1112649439,'umar? kr??l... drugiego nie b?dzie.\r\n\r\ndlatego takie a nie inne kolory.\r\n\r\nw pi±tek pojecha?bym do rzymu, ale pojde chociaz do kosciola. chociaz tyle.'),(36,':)',1112986037,':) :) :) :) :) :) - pozytywne nastawienie do zycia :) :) :) :) :) :)<br><br><br><br><br><br> by KaZia'),(37,'life\'s good',1116684300,'taaa... zycie jest piekne =) \r\n\r\nwiekszosc z tych, ktorzy sa tak znudzeni zeby tu wchodzic, zapewne wie dlaczego =)\r\n\r\ntak czy owak, zycie jest piekne =) \r\n\r\nco tam sie u mnie dzialo? a duuuuuzo =) ale to moze innym razem\r\n\r\nnarazie nie mam kompa od miesiaca i jakos mi sie nie chce nic z nim robic =p\r\n\r\nfakty:\r\nod grudnia spalilem:\r\n-8 plyt glownych\r\n-5 dyskow\r\n-3 zasilacze\r\n-1 karte graficzna\r\n-3 karty dzwiekowe\r\n\r\n=)\r\n\r\nbtw - zmienilem numer telefonu na 607 98 88 55'),(38,'worst day ever',1120332418,'chce mi sie plakac...\r\n\r\nzaiste ciekawy dzi¶ dzie?. hmm... fajnie by by?o napisa? \'wszyscy mnie opu¶cili\', ale nikogo nie mam, ?eby mia? mnie kto opuszcza? :):):):)\r\n\r\nfuck shit pissssssss\r\n\r\ndzisiaj chyba dostalem udaru mozgu :) napieprza mnie glowa od rana jak jasna cholera... albo soczysty krwiaczek sie obudzil? jeden pies =) tak czy inaczej, od rana lazilem po wrocku z lbem jak po... 10 palom baseballowym :) \r\n\r\njuz nawet nie chce mi sie pisac ze moja rodzina to fikcja :):):):) gdyby nie Kazia, nie mialbym na tym pieknym swiecie raczej za duzo do szukania =P \r\n\r\nKazia mnie zostawila w swoim absolutnie nieegoistycznym gescie i pojechala sobie do Najgorszego-Po-Szwabach-Kraju-Na-¦wiecie-Z-Jeszcze-Wi?ksz±-Liczb±-Gej??w-?±dnych-Oralu (jakby kto nie zgad? - France :) dlatego nie mam sie komu wyzalic i musze sobie znalezc jakies tabletki nasenne, bo zaraz mnie najdzie ochota na polkniecie calej paczki i wtedy bedzie sie dzialoooooooo XDDDD\r\n\r\nale bullshit. \r\n\r\nmoj majatek to 4.69z? czyli akurat na dwa ksi±ze i jakiegos wafelka :):):) tylko wtedy nie bede nic warty =( kto by chcial kogos kto nie ma kasy? a tak to mam prawie dyche (zaokr±glone w g??re troszke, ale co tam. w sumie to mam nawet prawie milion! =P)\r\n\r\nbtw, wiecie jak to jest byc smieciem? jak nie to szkoda :) dla mnie bomba - jeszcze trzy latka bycia smieciem. woooooow.\r\n\r\nmurwa ka? :D nawet nie wiecie jak bardzo bym teraz chcial zasnac i sie nigdy nie obudzic =P gdyby nie Kazia, to pewnie bym to obrocil w czyny, ale niestety =( ale to nic - moze ten tetniaczek mnie wykonczy XD albo mi pikawka siadze bo tak szybko bije =P\r\n\r\ndobra - wyzylem sie, ide sie napic wody, bo ledwo zyje.\r\n\r\nbtw - zycie jest piekne, mam po prostu zly dzien i wszyscy mnie maja w dupie, ale to minie :)\r\n\r\npozdrowienia dla tych, ktorzy jednak czasem o mnie pamietaja i dla tej, ktora pamieta zawsze (chyba =PPP) <b style=\'color: #ff0000\'><3</b>\r\n\r\n\r\n<3'),(39,'lol',1120398001,'wczoraj mialem zly humor :)\r\n\r\ndzisiaj to wszystko olalem'),(40,'lol',1120398051,'wczoraj mialem zly humor :)\r\n\r\ndzisiaj to wszystko olalem'),(41,':)',1122209234,'tym co sie wypowiadaja w komentarzach bez podawania nickow - gratuluje tchorzostwa.\r\n\r\nbardzo odwazne z waszej strony :) i jakze madre. udalo wam sie - jestescie teraz fajniejsi. rofl.'),(42,'Shutdown -h now',1122231922,'Jako ?e ten blog jest ciekawy jak nocne ?ycie ?uk??w w puszczy bia?owieskiej, moje zycie rowniez, zamykam narazie bloga :) ');

--
-- Table structure for table `thedrx_opinie`
--

CREATE TABLE `thedrx_opinie` (
  `id` int(10) unsigned NOT NULL AUTO_INCREMENT,
  `nick` varchar(100) DEFAULT NULL,
  `opinia` text,
  `date` varchar(20) DEFAULT NULL,
  `ip` varchar(20) DEFAULT NULL,
  PRIMARY KEY (`id`)
) ENGINE=MyISAM AUTO_INCREMENT=9 DEFAULT CHARSET=latin1;

--
-- Dumping data for table `thedrx_opinie`
--

INSERT INTO `thedrx_opinie` VALUES (1,'Stream','Masz czasem pojebane pomys?y, czasami Ci odwala, ale og??lnie jestes dobry \'ziom\' xD','1105785249','217.153.84.60'),(2,'Scratch','Hey ho! Let\'s go?','1105820213','195.136.92.228'),(3,'AEL FJANA STRONAA','CrashV\r\n\r\n(a moze na odwr??t? XD)','1106576870','213.77.79.233'),(4,'drx','peace with you','1106771235','85.89.162.109'),(5,'SoLiD','fajnie drx..fajna sajt..tylko czemu wi?kszo¶? twoich sajt ma taki \"schemat\" XD','1107113264','80.53.83.194'),(6,'Shadow','Ale jajca =pp\r\n^\r\n|\r\n|\r\nTak oceniam drxa =pp','1107428836','83.26.79.108'),(7,'buahahaha','jakie ja mam pianie z Cibie lol!!!!!!!!!!czlowieku otworz oczy czlowieku!!!!!nie wiedzisz ze to smok jest!!!!!buahahahaha za starsze sie bierzesz!!!buahahahaha','1108373367','83.27.37.88'),(8,'sasasasa=]','opinia buhahahahaha jest bardzo prawdziwa D:D:D:D:D:D:D ','1108844339','80.55.200.115');

--
-- Table structure for table `thedrx_stats`
--

CREATE TABLE `thedrx_stats` (
  `pageid` varchar(100) NOT NULL DEFAULT '',
  `visits` int(10) DEFAULT NULL,
  `time` varchar(20) DEFAULT NULL,
  PRIMARY KEY (`pageid`)
) ENGINE=MyISAM DEFAULT CHARSET=latin1;

--
-- Dumping data for table `thedrx_stats`
--

INSERT INTO `thedrx_stats` VALUES ('page_blog',5044,NULL),('hour_23',374,NULL),('host_pg232.walbrzych.cvx.ppp.tpnet.pl',6,NULL),('day_12/01/2005',6,NULL),('all',5908,NULL),('page_kontakt',134,NULL),('page_stats',177,NULL),('page_frienz',281,NULL),('page_opinie',197,NULL),('hour_16',324,NULL),('host_t228.krak.tke.pl',29,NULL),('day_14/01/2005',16,NULL),('host_pg108.walbrzych.cvx.ppp.tpnet.pl',7,NULL),('hour_18',317,NULL),('hour_19',348,NULL),('host_pf178.warszawa.sdi.tpnet.pl',65,NULL),('hour_11',328,NULL),('host_pb56.walbrzych.cvx.ppp.tpnet.pl',22,NULL),('day_15/01/2005',249,NULL),('host_axs61.neoplus.adsl.tpnet.pl',41,NULL),('host_crawl-66-249-65-70.googlebot.com',1,NULL),('host_nat.udn.pl',109,NULL),('host_217.153.84.60',54,NULL),('host_host-62-141-198-251.swidnica.mm.pl',3,NULL),('host_dial-282.walbrzych.dialog.net.pl',1,NULL),('host_staticline10616.toya.net.pl',114,NULL),('host_apv26.internetdsl.tpnet.pl',26,NULL),('host_213.77.79.233',53,NULL),('hour_12',335,NULL),('host_host-62-141-196-181.swidnica.mm.pl',5,NULL),('host_popl-cache-1.server.ntli.net',2,NULL),('host_mars.menos.org',43,NULL),('host_aky189.neoplus.adsl.tpnet.pl',8,NULL),('hour_13',322,NULL),('host_213.155.191.124',17,NULL),('host_65.nat.ino.tvknet.pl',4,NULL),('host_blt227.neoplus.adsl.tpnet.pl',4,NULL),('hour_14',356,NULL),('host_gw1.gryfnet.szczecin.pl',38,NULL),('host_ayi188.neoplus.adsl.tpnet.pl',9,NULL),('host_pg156.walbrzych.cvx.ppp.tpnet.pl',12,NULL),('hour_15',338,NULL),('hour_17',252,NULL),('hour_20',358,NULL),('host_aya114.neoplus.adsl.tpnet.pl',1,NULL),('host_host-81-190-1-39.gdynia.mm.pl',29,NULL),('hour_21',414,NULL),('host_alw84.neoplus.adsl.tpnet.pl',11,NULL),('hour_0',234,NULL),('day_16/01/2005',213,NULL),('host_pb97.walbrzych.cvx.ppp.tpnet.pl',12,NULL),('hour_1',120,NULL),('hour_10',204,NULL),('host_axu243.neoplus.adsl.tpnet.pl',4,NULL),('host_aya162.neoplus.adsl.tpnet.pl',47,NULL),('host_host-62-141-198-185.swidnica.mm.pl',16,NULL),('host_axv37.neoplus.adsl.tpnet.pl',9,NULL),('host_pg245.walbrzych.cvx.ppp.tpnet.pl',33,NULL),('host_pa3.rybnik.sdi.tpnet.pl',37,NULL),('host_d54C2507C.access.telenet.be',1,NULL),('host_axg221.neoplus.adsl.tpnet.pl',5,NULL),('host_pa221.walbrzych.cvx.ppp.tpnet.pl',5,NULL),('host_axm39.neoplus.adsl.tpnet.pl',3,NULL),('host_ali66.neoplus.adsl.tpnet.pl',5,NULL),('host_abd155.neoplus.adsl.tpnet.pl',1,NULL),('host_crawl-66-249-65-172.googlebot.com',1,NULL),('hour_22',492,NULL),('host_pb11.walbrzych.cvx.ppp.tpnet.pl',2,NULL),('host_pb62.walbrzych.cvx.ppp.tpnet.pl',1,NULL),('host_66-194-6-4.gen.twtelecom.net',1,NULL),('day_17/01/2005',118,NULL),('hour_9',146,NULL),('host_mtower2.mlyniec.gda.pl',35,NULL),('host_t231.krak.tke.pl',24,NULL),('host_pa72.piekary-slaskie.sdi.tpnet.pl',7,NULL),('host_axh243.neoplus.adsl.tpnet.pl',30,NULL),('host_pb98.walbrzych.cvx.ppp.tpnet.pl',28,NULL),('host_axq27.neoplus.adsl.tpnet.pl',12,NULL),('host_axm117.neoplus.adsl.tpnet.pl',3,NULL),('host_fw-gw-atm.mimuw.edu.pl',26,NULL),('day_18/01/2005',89,NULL),('host_host-62-141-199-118.swidnica.mm.pl',10,NULL),('host_axf128.neoplus.adsl.tpnet.pl',23,NULL),('host_aym73.neoplus.adsl.tpnet.pl',10,NULL),('host_pg236.walbrzych.cvx.ppp.tpnet.pl',16,NULL),('host_axg95.neoplus.adsl.tpnet.pl',5,NULL),('host_akv204.neoplus.adsl.tpnet.pl',1,NULL),('host_ayk73.neoplus.adsl.tpnet.pl',2,NULL),('host_adsl-64-109-234-134.dsl.chcgil.ameritech.net',5,NULL),('hour_6',101,NULL),('host_crawl-66-249-71-9.googlebot.com',5,NULL),('day_19/01/2005',79,NULL),('hour_7',131,NULL),('host_pb68.walbrzych.cvx.ppp.tpnet.pl',10,NULL),('host_axk103.neoplus.adsl.tpnet.pl',24,NULL),('host_ayc51.neoplus.adsl.tpnet.pl',1,NULL),('host_axv118.neoplus.adsl.tpnet.pl',5,NULL),('host_axi192.neoplus.adsl.tpnet.pl',2,NULL),('host_ayl113.neoplus.adsl.tpnet.pl',2,NULL),('host_pb88.walbrzych.cvx.ppp.tpnet.pl',10,NULL),('day_20/01/2005',106,NULL),('hour_2',100,NULL),('host_nat-user.futuresoft.com',1,NULL),('hour_5',69,NULL),('host_crawl-66-249-64-25.googlebot.com',5,NULL),('host_crawl-66-249-64-54.googlebot.com',2,NULL),('host_crawl-66-249-64-58.googlebot.com',1,NULL),('hour_8',104,NULL),('host_195.136.92.231',1,NULL),('host_pb237.walbrzych.cvx.ppp.tpnet.pl',7,NULL),('host_ayc104.neoplus.adsl.tpnet.pl',18,NULL),('host_axg231.neoplus.adsl.tpnet.pl',2,NULL),('host_host-62-141-199-107.swidnica.mm.pl',28,NULL),('host_81.168.209.202',2,NULL),('host_axz108.neoplus.adsl.tpnet.pl',3,NULL),('host_aul56.neoplus.adsl.tpnet.pl',1,NULL),('host_h119.16.40.69.ip.alltel.net',2,NULL),('host_crawl-66-249-64-44.googlebot.com',5,NULL),('day_21/01/2005',104,NULL),('host_axr33.neoplus.adsl.tpnet.pl',2,NULL),('host_pb90.walbrzych.cvx.ppp.tpnet.pl',8,NULL),('host_pb40.walbrzych.cvx.ppp.tpnet.pl',1,NULL),('host_dial-1168.walbrzych.dialog.net.pl',3,NULL),('host_pb159.walbrzych.cvx.ppp.tpnet.pl',1,NULL),('host_host-62-141-199-203.swidnica.mm.pl',1,NULL),('host_ayp77.neoplus.adsl.tpnet.pl',18,NULL),('host_pg140.walbrzych.cvx.ppp.tpnet.pl',5,NULL),('host_axq83.neoplus.adsl.tpnet.pl',2,NULL),('host_serwer.tvgawex.pl',1,NULL),('host_base8.g-net.pl',41,NULL),('host_dbo147.neoplus.adsl.tpnet.pl',3,NULL),('host_pb163.walbrzych.cvx.ppp.tpnet.pl',2,NULL),('host_host-62-141-199-207.swidnica.mm.pl',3,NULL),('host_cqb236.neoplus.adsl.tpnet.pl',1,NULL),('host_pg152.walbrzych.cvx.ppp.tpnet.pl',8,NULL),('host_zeus.menos.org',7,NULL),('host_alb93.neoplus.adsl.tpnet.pl',5,NULL),('day_22/01/2005',54,NULL),('host_crawl-66-249-71-50.googlebot.com',5,NULL),('host_pb131.walbrzych.cvx.ppp.tpnet.pl',5,NULL),('host_ayg90.neoplus.adsl.tpnet.pl',13,NULL),('host_pg181.walbrzych.cvx.ppp.tpnet.pl',2,NULL),('host_axo89.neoplus.adsl.tpnet.pl',2,NULL),('host_host-62-141-199-199.swidnica.mm.pl',4,NULL),('host_ayc8.neoplus.adsl.tpnet.pl',3,NULL),('host_blt208.neoplus.adsl.tpnet.pl',5,NULL),('host_pg179.walbrzych.cvx.ppp.tpnet.pl',2,NULL),('host_aln222.neoplus.adsl.tpnet.pl',8,NULL),('host_crawl-66-249-64-77.googlebot.com',4,NULL),('day_23/01/2005',51,NULL),('host_ayp12.neoplus.adsl.tpnet.pl',1,NULL),('host_axz155.neoplus.adsl.tpnet.pl',14,NULL),('host_afv250.internetdsl.tpnet.pl',456,NULL),('host_host-62-141-198-167.swidnica.mm.pl',1,NULL),('host_axe104.neoplus.adsl.tpnet.pl',3,NULL),('host_axv2.neoplus.adsl.tpnet.pl',2,NULL),('host_axv103.neoplus.adsl.tpnet.pl',3,NULL),('host_blm104.neoplus.adsl.tpnet.pl',2,NULL),('host_akq77.neoplus.adsl.tpnet.pl',3,NULL),('day_24/01/2005',158,NULL),('host_blh182.neoplus.adsl.tpnet.pl',7,NULL),('host_crawl-66-249-64-47.googlebot.com',8,NULL),('host_dap154.neoplus.adsl.tpnet.pl',11,NULL),('host_83.27.126.78',1,NULL),('host_ayo78.neoplus.adsl.tpnet.pl',23,NULL),('host_host-62-141-198-12.swidnica.mm.pl',6,NULL),('host_www.whois.sc',43,NULL),('host_ayd94.neoplus.adsl.tpnet.pl',1,NULL),('host_ayk136.neoplus.adsl.tpnet.pl',1,NULL),('host_axe195.neoplus.adsl.tpnet.pl',2,NULL),('host_avm97.neoplus.adsl.tpnet.pl',1,NULL),('host_axg252.neoplus.adsl.tpnet.pl',1,NULL),('host_host-62-141-197-60.swidnica.mm.pl',14,NULL),('host_crawl-66-249-65-168.googlebot.com',1,NULL),('host_user-1832.l1.c2.dsl.pol.co.uk',2,NULL),('host_bln161.neoplus.adsl.tpnet.pl',53,NULL),('host_aai18.neoplus.adsl.tpnet.pl',2,NULL),('host_alr213.neoplus.adsl.tpnet.pl',2,NULL),('day_25/01/2005',44,NULL),('host_bls32.neoplus.adsl.tpnet.pl',1,NULL),('host_crawl-66-249-71-13.googlebot.com',2,NULL),('host_host-195-82-180-85.nowiny.net',2,NULL),('host_aym24.neoplus.adsl.tpnet.pl',3,NULL),('host_blt66.neoplus.adsl.tpnet.pl',6,NULL),('host_akq71.neoplus.adsl.tpnet.pl',1,NULL),('host_ayl217.neoplus.adsl.tpnet.pl',1,NULL),('host_ayi218.neoplus.adsl.tpnet.pl',6,NULL),('host_crawl-66-249-66-18.googlebot.com',2,NULL),('host_blp198.neoplus.adsl.tpnet.pl',1,NULL),('host_crawl-66-249-65-138.googlebot.com',1,NULL),('day_26/01/2005',246,NULL),('host_crawl-66-249-66-12.googlebot.com',42,NULL),('host_axs124.neoplus.adsl.tpnet.pl',22,NULL),('host_axs90.neoplus.adsl.tpnet.pl',2,NULL),('host_blm53.neoplus.adsl.tpnet.pl',1,NULL),('host_host-62-141-198-148.swidnica.mm.pl',1,NULL),('host_axq130.neoplus.adsl.tpnet.pl',1,NULL),('host_blk206.neoplus.adsl.tpnet.pl',1,NULL),('host_aml112.neoplus.adsl.tpnet.pl',1,NULL),('host_bsy214.neoplus.adsl.tpnet.pl',1,NULL),('host_blm86.neoplus.adsl.tpnet.pl',105,NULL),('host_axt88.neoplus.adsl.tpnet.pl',4,NULL),('host_blg68.neoplus.adsl.tpnet.pl',27,NULL),('host_crawl-66-249-64-10.googlebot.com',4,NULL),('day_27/01/2005',86,NULL),('host_blk10.neoplus.adsl.tpnet.pl',3,NULL),('host_dbd179.neoplus.adsl.tpnet.pl',2,NULL),('host_axj115.neoplus.adsl.tpnet.pl',3,NULL),('host_axm46.neoplus.adsl.tpnet.pl',17,NULL),('host_bli4.neoplus.adsl.tpnet.pl',3,NULL),('host_ako240.neoplus.adsl.tpnet.pl',5,NULL),('host_asy125.neoplus.adsl.tpnet.pl',3,NULL),('host_80.51.228.86',7,NULL),('host_host-217-172-239-38.gdynia.mm.pl',2,NULL),('host_ip-81-210-123-9.netia.com.pl',22,NULL),('host_axo131.neoplus.adsl.tpnet.pl',2,NULL),('host_blf33.neoplus.adsl.tpnet.pl',5,NULL),('day_28/01/2005',22,NULL),('host_crawl-66-249-64-16.googlebot.com',3,NULL),('host_als186.neoplus.adsl.tpnet.pl',4,NULL),('host_ayj113.neoplus.adsl.tpnet.pl',10,NULL),('host_bky201.neoplus.adsl.tpnet.pl',2,NULL),('host_amj227.neoplus.adsl.tpnet.pl',8,NULL),('host_pb28.walbrzych.cvx.ppp.tpnet.pl',4,NULL),('day_29/01/2005',110,NULL),('hour_3',60,NULL),('host_pg164.walbrzych.cvx.ppp.tpnet.pl',4,NULL),('host_crawl-66-249-71-54.googlebot.com',3,NULL),('host_bky240.neoplus.adsl.tpnet.pl',3,NULL),('host_dbp12.neoplus.adsl.tpnet.pl',3,NULL),('host_avb89.neoplus.adsl.tpnet.pl',8,NULL),('host_aym112.neoplus.adsl.tpnet.pl',4,NULL),('host_host-62-141-196-164.swidnica.mm.pl',3,NULL),('host_blq222.neoplus.adsl.tpnet.pl',3,NULL),('host_bls6.neoplus.adsl.tpnet.pl',2,NULL),('host_ayn177.neoplus.adsl.tpnet.pl',25,NULL),('host_ej46.internetdsl.tpnet.pl',2,NULL),('host_pb246.walbrzych.cvx.ppp.tpnet.pl',2,NULL),('host_axo183.neoplus.adsl.tpnet.pl',2,NULL),('host_pb33.walbrzych.cvx.ppp.tpnet.pl',2,NULL),('host_pb168.walbrzych.cvx.ppp.tpnet.pl',2,NULL),('host_pb77.walbrzych.cvx.ppp.tpnet.pl',1,NULL),('host_axp212.neoplus.adsl.tpnet.pl',7,NULL),('host_host-62-141-198-11.swidnica.mm.pl',1,NULL),('host_msnbot.msn.com',246,NULL),('day_30/01/2005',52,NULL),('host_ani87.neoplus.adsl.tpnet.pl',3,NULL),('host_ayd69.neoplus.adsl.tpnet.pl',6,NULL),('host_bkz9.neoplus.adsl.tpnet.pl',6,NULL),('page_admin',39,NULL),('host_host-62-141-199-251.swidnica.mm.pl',2,NULL),('host_ayg73.neoplus.adsl.tpnet.pl',2,NULL),('host_69.20.11.26',2,NULL),('host_alr253.neoplus.adsl.tpnet.pl',4,NULL),('day_31/01/2005',35,NULL),('host_cgi4.neoplus.adsl.tpnet.pl',1,NULL),('host_ayb136.neoplus.adsl.tpnet.pl',2,NULL),('host_ayf165.neoplus.adsl.tpnet.pl',26,NULL),('host_dbj112.neoplus.adsl.tpnet.pl',2,NULL),('host_ayd93.neoplus.adsl.tpnet.pl',3,NULL),('host_host-62-141-197-146.swidnica.mm.pl',6,NULL),('host_66-194-6-76.gen.twtelecom.net',12,NULL),('day_01/02/2005',151,NULL),('host_crawl-66-249-71-56.googlebot.com',6,NULL),('host_akv162.neoplus.adsl.tpnet.pl',1,NULL),('host_blo82.neoplus.adsl.tpnet.pl',3,NULL),('host_bll247.neoplus.adsl.tpnet.pl',5,NULL),('host_ve18.internetdsl.tpnet.pl',2,NULL),('host_ayn23.neoplus.adsl.tpnet.pl',22,NULL),('host_ayb47.neoplus.adsl.tpnet.pl',29,NULL),('host_alg3.neoplus.adsl.tpnet.pl',2,NULL),('host_axr35.neoplus.adsl.tpnet.pl',3,NULL),('host_daf119.neoplus.adsl.tpnet.pl',1,NULL),('host_ayc106.neoplus.adsl.tpnet.pl',2,NULL),('host_host-62-141-196-133.swidnica.mm.pl',11,NULL),('host_host-62-141-196-122.swidnica.mm.pl',2,NULL),('host_blc21.neoplus.adsl.tpnet.pl',2,NULL),('day_02/02/2005',34,NULL),('host_crawl-66-249-64-49.googlebot.com',3,NULL),('host_axj202.neoplus.adsl.tpnet.pl',2,NULL),('host_blv126.neoplus.adsl.tpnet.pl',3,NULL),('host_blb86.neoplus.adsl.tpnet.pl',5,NULL),('host_aku1.neoplus.adsl.tpnet.pl',4,NULL),('host_axx115.neoplus.adsl.tpnet.pl',3,NULL),('host_host-62-141-199-8.swidnica.mm.pl',6,NULL),('host_host-62-141-198-29.swidnica.mm.pl',1,NULL),('host_ayn164.neoplus.adsl.tpnet.pl',7,NULL),('host_crawl-66-249-71-10.googlebot.com',7,NULL),('day_03/02/2005',28,NULL),('host_66-194-6-78.gen.twtelecom.net',9,NULL),('host_amx108.neoplus.adsl.tpnet.pl',5,NULL),('host_alm78.neoplus.adsl.tpnet.pl',3,NULL),('host_ash243.neoplus.adsl.tpnet.pl',2,NULL),('host_user-4020.l2.c3.dsl.pol.co.uk',2,NULL),('host_ayh242.neoplus.adsl.tpnet.pl',4,NULL),('host_ane124.neoplus.adsl.tpnet.pl',2,NULL),('host_axi165.neoplus.adsl.tpnet.pl',7,NULL),('host_crawl28-public.alexa.com',51,NULL),('host_crawl-66-249-71-47.googlebot.com',5,NULL),('day_04/02/2005',41,NULL),('host_blv245.neoplus.adsl.tpnet.pl',6,NULL),('host_crawl-66-249-71-67.googlebot.com',1,NULL),('host_host81-157-22-95.range81-157.btcentralplus.com',2,NULL),('host_ayi148.neoplus.adsl.tpnet.pl',4,NULL),('host_81.210.124.38',1,NULL),('host_axy20.neoplus.adsl.tpnet.pl',5,NULL),('host_ami193.neoplus.adsl.tpnet.pl',5,NULL),('day_05/02/2005',21,NULL),('hour_4',81,NULL),('host_66-194-6-74.gen.twtelecom.net',15,NULL),('host_pc146.walbrzych.cvx.ppp.tpnet.pl',1,NULL),('host_axm211.neoplus.adsl.tpnet.pl',2,NULL),('host_amx35.neoplus.adsl.tpnet.pl',6,NULL),('host_ayk149.neoplus.adsl.tpnet.pl',58,NULL),('day_06/02/2005',117,NULL),('host_modemcable063.226-37-24.mc.videotron.ca',20,NULL),('host_host-62-141-197-170.swidnica.mm.pl',4,NULL),('host_axw103.neoplus.adsl.tpnet.pl',9,NULL),('host_pc175.walbrzych.cvx.ppp.tpnet.pl',2,NULL),('host_axn142.neoplus.adsl.tpnet.pl',11,NULL),('host_axi222.neoplus.adsl.tpnet.pl',3,NULL),('host_ayc241.neoplus.adsl.tpnet.pl',2,NULL),('host_awv133.neoplus.adsl.tpnet.pl',1,NULL),('host_axq97.neoplus.adsl.tpnet.pl',11,NULL),('host_ip-64-202-165-131.secureserver.net',1,NULL),('day_07/02/2005',87,NULL),('host_crawl-66-249-71-57.googlebot.com',8,NULL),('host_axu99.neoplus.adsl.tpnet.pl',3,NULL),('host_amx214.neoplus.adsl.tpnet.pl',2,NULL),('host_axq47.neoplus.adsl.tpnet.pl',2,NULL),('host_host-62-141-197-149.swidnica.mm.pl',1,NULL),('host_ayj2.neoplus.adsl.tpnet.pl',1,NULL),('host_axp219.neoplus.adsl.tpnet.pl',2,NULL),('host_ayj238.neoplus.adsl.tpnet.pl',2,NULL),('host_axm196.neoplus.adsl.tpnet.pl',41,NULL),('host_proxy8.leeds.ac.uk',4,NULL),('host_proxy.google.com',1,NULL),('host_aml229.neoplus.adsl.tpnet.pl',2,NULL),('host_S0106000d61229e17.ed.shawcable.net',3,NULL),('day_08/02/2005',49,NULL),('host_66-194-6-72.gen.twtelecom.net',11,NULL),('host_crawl-66-249-64-4.googlebot.com',6,NULL),('host_host-62-141-198-140.swidnica.mm.pl',4,NULL),('host_axf26.neoplus.adsl.tpnet.pl',2,NULL),('host_host-62-141-198-134.swidnica.mm.pl',5,NULL),('host_66-194-6-3.gen.twtelecom.net',2,NULL),('host_amp10.neoplus.adsl.tpnet.pl',3,NULL),('host_64.62.168.9',1,NULL),('host_host-62-141-199-177.swidnica.mm.pl',1,NULL),('host_ayh111.neoplus.adsl.tpnet.pl',1,NULL),('host_axz35.neoplus.adsl.tpnet.pl',2,NULL),('host_axh221.neoplus.adsl.tpnet.pl',12,NULL),('host_pb134.walbrzych.cvx.ppp.tpnet.pl',1,NULL),('host_chv144.neoplus.adsl.tpnet.pl',1,NULL),('host_ank228.neoplus.adsl.tpnet.pl',1,NULL),('day_09/02/2005',49,NULL),('host_amw219.neoplus.adsl.tpnet.pl',3,NULL),('host_dbi223.neoplus.adsl.tpnet.pl',2,NULL),('host_ana241.neoplus.adsl.tpnet.pl',5,NULL),('host_aym131.neoplus.adsl.tpnet.pl',11,NULL),('host_ayc207.neoplus.adsl.tpnet.pl',2,NULL),('day_10/02/2005',45,NULL),('host_axw56.neoplus.adsl.tpnet.pl',6,NULL),('host_axw112.neoplus.adsl.tpnet.pl',2,NULL),('host_213.252.152.13',1,NULL),('host_crawl-66-249-64-13.googlebot.com',7,NULL),('host_netia.tkchopin.pl',1,NULL),('host_p5487DB5E.dip.t-dialin.net',1,NULL),('host_host-62-141-198-95.swidnica.mm.pl',4,NULL),('host_ayf160.neoplus.adsl.tpnet.pl',2,NULL),('host_axz36.neoplus.adsl.tpnet.pl',1,NULL),('host_bky74.neoplus.adsl.tpnet.pl',12,NULL),('host_bla49.neoplus.adsl.tpnet.pl',5,NULL),('host_axn39.neoplus.adsl.tpnet.pl',1,NULL),('host_ayf100.neoplus.adsl.tpnet.pl',16,NULL),('host_nat-internal.counterexample.org',2,NULL),('day_11/02/2005',46,NULL),('host_axz23.neoplus.adsl.tpnet.pl',1,NULL),('host_ayc70.neoplus.adsl.tpnet.pl',3,NULL),('host_blj24.neoplus.adsl.tpnet.pl',7,NULL),('host_axr99.neoplus.adsl.tpnet.pl',4,NULL),('host_akt190.internetdsl.tpnet.pl',1,NULL),('host_axu58.neoplus.adsl.tpnet.pl',17,NULL),('day_12/02/2005',42,NULL),('host_66-194-6-79.gen.twtelecom.net',8,NULL),('host_64.62.168.60',5,NULL),('host_axm140.neoplus.adsl.tpnet.pl',3,NULL),('host_dbj85.neoplus.adsl.tpnet.pl',1,NULL),('host_host-62-141-199-143.swidnica.mm.pl',1,NULL),('host_64.62.168.67',2,NULL),('day_13/02/2005',44,NULL),('host_64.62.168.65',3,NULL),('host_64.62.168.5',8,NULL),('host_64.62.168.13',2,NULL),('host_64.62.168.25',2,NULL),('host_64.62.168.39',3,NULL),('host_64.62.168.15',4,NULL),('host_64.62.168.7',2,NULL),('host_64.62.168.64',3,NULL),('host_64.62.168.68',7,NULL),('host_64.62.168.35',6,NULL),('host_64.62.168.3',3,NULL),('host_axt37.neoplus.adsl.tpnet.pl',1,NULL),('host_ayi59.neoplus.adsl.tpnet.pl',2,NULL),('host_axj175.neoplus.adsl.tpnet.pl',1,NULL),('host_pc134.walbrzych.cvx.ppp.tpnet.pl',2,NULL),('host_evrtwa1-ar2-4-35-051-120.evrtwa1.dsl-verizon.net',2,NULL),('host_host-62-141-197-197.swidnica.mm.pl',6,NULL),('host_213.252.152.14',1,NULL),('day_14/02/2005',40,NULL),('host_crawl-66-249-64-6.googlebot.com',5,NULL),('host_pa54.walbrzych.cvx.ppp.tpnet.pl',1,NULL),('host_avd88.neoplus.adsl.tpnet.pl',4,NULL),('host_ayf22.neoplus.adsl.tpnet.pl',1,NULL),('host_avh209.neoplus.adsl.tpnet.pl',1,NULL),('host_dap178.neoplus.adsl.tpnet.pl',1,NULL),('host_crawl-66-249-64-39.googlebot.com',1,NULL),('host_ayi88.neoplus.adsl.tpnet.pl',1,NULL),('host_blc209.neoplus.adsl.tpnet.pl',1,NULL),('host_ayg2.neoplus.adsl.tpnet.pl',1,NULL),('host_pg25.walbrzych.cvx.ppp.tpnet.pl',1,NULL),('day_15/02/2005',45,NULL),('host_host-62.233.233.94.devs.futuro.pl',1,NULL),('host_66-194-6-71.gen.twtelecom.net',6,NULL),('host_pa123.walbrzych.cvx.ppp.tpnet.pl',1,NULL),('host_chello084010052071.chello.pl',1,NULL),('host_bng1.neoplus.adsl.tpnet.pl',1,NULL),('host_axx219.neoplus.adsl.tpnet.pl',1,NULL),('host_blr251.neoplus.adsl.tpnet.pl',3,NULL),('host_83.27.103.60',1,NULL),('host_80.51.60.10',2,NULL),('host_83.16.151.250',2,NULL),('host_213.17.150.130',1,NULL),('host_ayg199.neoplus.adsl.tpnet.pl',1,NULL),('host_dial-1586.walbrzych.dialog.net.pl',3,NULL),('host_pool-151-197-32-92.phil.east.verizon.net',1,NULL),('day_16/02/2005',52,NULL),('host_dial-1647.walbrzych.dialog.net.pl',1,NULL),('host_h17165.upc-h.chello.nl',1,NULL),('host_cgp51.neoplus.adsl.tpnet.pl',1,NULL),('host_host-62-141-199-99.swidnica.mm.pl',1,NULL),('host_ym158.internetdsl.tpnet.pl',2,NULL),('host_pc94.walbrzych.cvx.ppp.tpnet.pl',1,NULL),('host_bll131.neoplus.adsl.tpnet.pl',4,NULL),('host_81.168.209.16',1,NULL),('host_dag156.neoplus.adsl.tpnet.pl',1,NULL),('host_pa118.walbrzych.cvx.ppp.tpnet.pl',2,NULL),('host_pc208.walbrzych.cvx.ppp.tpnet.pl',12,NULL),('host_blf155.neoplus.adsl.tpnet.pl',2,NULL),('host_62.141.196.133',1,NULL),('host_host-62-141-197-122.swidnica.mm.pl',2,NULL),('host_axz229.neoplus.adsl.tpnet.pl',1,NULL),('host_crawl-66-249-71-14.googlebot.com',5,NULL),('day_17/02/2005',21,NULL),('host_blt132.neoplus.adsl.tpnet.pl',1,NULL),('host_66-194-6-70.gen.twtelecom.net',11,NULL),('host_dial-1005.walbrzych.dialog.net.pl',1,NULL),('host_pD9E584A3.dip.t-dialin.net',1,NULL),('host_host-62-141-197-43.swidnica.mm.pl',2,NULL),('host_bky243.neoplus.adsl.tpnet.pl',1,NULL),('host_38.118.42.38',1,NULL),('host_axp205.neoplus.adsl.tpnet.pl',3,NULL),('host_ayo220.neoplus.adsl.tpnet.pl',2,NULL),('host_bkz229.neoplus.adsl.tpnet.pl',2,NULL),('day_18/02/2005',20,NULL),('host_host-62-141-196-72.swidnica.mm.pl',2,NULL),('host_ayd203.neoplus.adsl.tpnet.pl',1,NULL),('host_axu217.neoplus.adsl.tpnet.pl',1,NULL),('host_pa32.walbrzych.cvx.ppp.tpnet.pl',2,NULL),('host_dial-1433.walbrzych.dialog.net.pl',2,NULL),('host_amq75.neoplus.adsl.tpnet.pl',2,NULL),('host_host-62-141-199-63.swidnica.mm.pl',3,NULL),('host_anl35.neoplus.adsl.tpnet.pl',1,NULL),('day_19/02/2005',54,NULL),('host_axd224.neoplus.adsl.tpnet.pl',1,NULL),('host_ayh250.neoplus.adsl.tpnet.pl',3,NULL),('host_ayj222.neoplus.adsl.tpnet.pl',2,NULL),('host_ayi36.neoplus.adsl.tpnet.pl',16,NULL),('host_dial-2179.walbrzych.dialog.net.pl',3,NULL),('host_ws115.internetdsl.tpnet.pl',3,NULL),('host_pc106.walbrzych.cvx.ppp.tpnet.pl',2,NULL),('host_ayk155.neoplus.adsl.tpnet.pl',9,NULL),('host_blj192.neoplus.adsl.tpnet.pl',4,NULL),('day_20/02/2005',23,NULL),('host_chello062179051204.chello.pl',1,NULL),('host_bln135.neoplus.adsl.tpnet.pl',2,NULL),('host_axu188.neoplus.adsl.tpnet.pl',2,NULL),('host_bls67.neoplus.adsl.tpnet.pl',3,NULL),('host_axr120.neoplus.adsl.tpnet.pl',3,NULL),('host_pa178.nidzica.sdi.tpnet.pl',10,NULL),('host_and8.neoplus.adsl.tpnet.pl',3,NULL),('day_21/02/2005',24,NULL),('host_crawl-66-249-71-53.googlebot.com',4,NULL),('host_axm119.neoplus.adsl.tpnet.pl',8,NULL),('host_chello062179095096.chello.pl',2,NULL),('host_host-62-141-198-151.swidnica.mm.pl',2,NULL),('host_ayc242.neoplus.adsl.tpnet.pl',2,NULL),('host_crawl-66-249-64-36.googlebot.com',4,NULL),('day_22/02/2005',37,NULL),('host_crawl-66-249-64-15.googlebot.com',3,NULL),('host_217-19-50-43.linkbynet.com',14,NULL),('host_ayi5.neoplus.adsl.tpnet.pl',1,NULL),('host_poczta2.grupalotos.pl',1,NULL),('host_ayk16.neoplus.adsl.tpnet.pl',9,NULL),('host_pc77.walbrzych.cvx.ppp.tpnet.pl',3,NULL),('host_axa221.neoplus.adsl.tpnet.pl',2,NULL),('host_pc78.walbrzych.cvx.ppp.tpnet.pl',2,NULL),('host_host-62-141-198-118.swidnica.mm.pl',2,NULL),('host_ayj23.neoplus.adsl.tpnet.pl',1,NULL),('host_crawl-66-249-66-66.googlebot.com',3,NULL),('day_23/02/2005',31,NULL),('host_crawl-66-249-64-50.googlebot.com',2,NULL),('host_217.19.50.43',1,NULL),('host_83.27.102.205',1,NULL),('host_213.76.86.244',1,NULL),('host_pa244.walbrzych.cvx.ppp.tpnet.pl',1,NULL),('host_host-62-141-199-206.swidnica.mm.pl',1,NULL),('host_axg250.neoplus.adsl.tpnet.pl',1,NULL),('host_axq205.neoplus.adsl.tpnet.pl',5,NULL),('host_aye21.neoplus.adsl.tpnet.pl',24,NULL),('host_cpe-66-66-194-62.rochester.res.rr.com',1,NULL),('day_24/02/2005',60,NULL),('host_crawl-66-249-64-18.googlebot.com',6,NULL),('host_crawl-66-249-64-27.googlebot.com',4,NULL),('host_dial-2064.walbrzych.dialog.net.pl',4,NULL),('host_pg216.walbrzych.cvx.ppp.tpnet.pl',5,NULL),('host_ayb191.neoplus.adsl.tpnet.pl',3,NULL),('host_aya220.neoplus.adsl.tpnet.pl',7,NULL),('day_25/02/2005',29,NULL),('host_pb123.walbrzych.cvx.ppp.tpnet.pl',2,NULL),('host_crawl-66-249-64-7.googlebot.com',4,NULL),('host_crawl-66-249-71-7.googlebot.com',7,NULL),('host_daw155.neoplus.adsl.tpnet.pl',2,NULL),('host_ayf131.neoplus.adsl.tpnet.pl',2,NULL),('host_host-62-141-197-213.swidnica.mm.pl',2,NULL),('host_aym126.neoplus.adsl.tpnet.pl',4,NULL),('host_blh68.neoplus.adsl.tpnet.pl',2,NULL),('host_host-62-141-199-112.swidnica.mm.pl',2,NULL),('host_axw164.neoplus.adsl.tpnet.pl',4,NULL),('day_26/02/2005',29,NULL),('host_66-194-6-77.gen.twtelecom.net',18,NULL),('host_pc210.walbrzych.cvx.ppp.tpnet.pl',2,NULL),('host_axj104.neoplus.adsl.tpnet.pl',1,NULL),('host_chello083144121132.chello.pl',1,NULL),('day_27/02/2005',22,NULL),('host_axs252.neoplus.adsl.tpnet.pl',1,NULL),('host_crawl-66-249-66-74.googlebot.com',10,NULL),('host_host-62-141-197-112.swidnica.mm.pl',1,NULL),('host_axg188.neoplus.adsl.tpnet.pl',1,NULL),('host_dau223.neoplus.adsl.tpnet.pl',1,NULL),('host_dam224.neoplus.adsl.tpnet.pl',1,NULL),('host_host-62-141-198-27.swidnica.mm.pl',2,NULL),('host_copilot.thunderstone.com',1,NULL),('day_28/02/2005',9,NULL),('host_ayn191.neoplus.adsl.tpnet.pl',1,NULL),('host_crawl-66-249-71-1.googlebot.com',5,NULL),('day_01/03/2005',22,NULL),('host_host-62-141-198-101.swidnica.mm.pl',1,NULL),('host_bln121.neoplus.adsl.tpnet.pl',11,NULL),('host_axs105.neoplus.adsl.tpnet.pl',1,NULL),('host_ayb217.neoplus.adsl.tpnet.pl',1,NULL),('host_host-62-141-198-54.swidnica.mm.pl',2,NULL),('host_host-62-141-198-194.swidnica.mm.pl',2,NULL),('host_axx172.neoplus.adsl.tpnet.pl',1,NULL),('day_02/03/2005',11,NULL),('host_dial-1393.walbrzych.dialog.net.pl',2,NULL),('host_xdsl-786.lubin.dialog.net.pl',3,NULL),('host_axa25.neoplus.adsl.tpnet.pl',1,NULL),('host_ayo111.neoplus.adsl.tpnet.pl',3,NULL),('host_host-62-141-197-165.swidnica.mm.pl',1,NULL),('day_03/03/2005',7,NULL),('host_66-194-6-75.gen.twtelecom.net',14,NULL),('host_ayl95.neoplus.adsl.tpnet.pl',1,NULL),('host_62.233.197.250',8,NULL),('host_axn230.neoplus.adsl.tpnet.pl',2,NULL),('host_aym191.neoplus.adsl.tpnet.pl',1,NULL),('day_04/03/2005',24,NULL),('host_axj52.neoplus.adsl.tpnet.pl',6,NULL),('host_ajy235.neoplus.adsl.tpnet.pl',1,NULL),('host_ayf70.neoplus.adsl.tpnet.pl',2,NULL),('host_d4-70.koba.pl',1,NULL),('host_axp99.neoplus.adsl.tpnet.pl',1,NULL),('host_host-62-141-198-210.swidnica.mm.pl',1,NULL),('host_pg14.walbrzych.cvx.ppp.tpnet.pl',3,NULL),('host_axp40.neoplus.adsl.tpnet.pl',3,NULL),('day_05/03/2005',15,NULL),('host_crawl-66-249-64-35.googlebot.com',5,NULL),('host_ayf32.neoplus.adsl.tpnet.pl',2,NULL),('host_axm25.neoplus.adsl.tpnet.pl',1,NULL),('host_crawl-66-249-64-30.googlebot.com',1,NULL),('host_83.238.176.2',1,NULL),('host_host-62-141-198-110.swidnica.mm.pl',2,NULL),('host_host-62-141-198-172.swidnica.mm.pl',2,NULL),('day_06/03/2005',17,NULL),('host_ayg164.neoplus.adsl.tpnet.pl',1,NULL),('host_awz179.neoplus.adsl.tpnet.pl',2,NULL),('host_dak248.neoplus.adsl.tpnet.pl',7,NULL),('host_prosie10.aster.pl',3,NULL),('host_axg54.neoplus.adsl.tpnet.pl',1,NULL),('host_crawl-66-249-66-76.googlebot.com',2,NULL),('day_07/03/2005',43,NULL),('host_ayh233.neoplus.adsl.tpnet.pl',3,NULL),('host_dav119.neoplus.adsl.tpnet.pl',1,NULL),('host_host-62-141-198-133.swidnica.mm.pl',2,NULL),('host_host81-153-217-93.range81-153.btcentralplus.com',1,NULL),('host_p54A9D6CB.dip.t-dialin.net',1,NULL),('host_ayj138.neoplus.adsl.tpnet.pl',3,NULL),('host_user-747.l2.c1.dsl.pol.co.uk',1,NULL),('day_08/03/2005',6,NULL),('host_axb202.neoplus.adsl.tpnet.pl',1,NULL),('host_axu63.neoplus.adsl.tpnet.pl',2,NULL),('host_host-62-141-198-170.swidnica.mm.pl',1,NULL),('host_axk253.neoplus.adsl.tpnet.pl',2,NULL),('day_09/03/2005',19,NULL),('host_ayc92.neoplus.adsl.tpnet.pl',6,NULL),('host_dial-1213.walbrzych.dialog.net.pl',4,NULL),('host_axs135.neoplus.adsl.tpnet.pl',1,NULL),('host_host-62-141-199-181.swidnica.mm.pl',1,NULL),('host_host-62-141-196-21.swidnica.mm.pl',3,NULL),('day_10/03/2005',31,NULL),('host_crawl-66-249-71-15.googlebot.com',3,NULL),('host_bbl17.neoplus.adsl.tpnet.pl',17,NULL),('host_72.9.96.2',1,NULL),('host_beg160.neoplus.adsl.tpnet.pl',5,NULL),('host_enp133.neoplus.adsl.tpnet.pl',2,NULL),('day_11/03/2005',16,NULL),('host_host-62-141-197-181.swidnica.mm.pl',1,NULL),('host_axf47.neoplus.adsl.tpnet.pl',2,NULL),('host_blc119.neoplus.adsl.tpnet.pl',5,NULL),('host_ayn212.neoplus.adsl.tpnet.pl',3,NULL),('day_12/03/2005',50,NULL),('host_irl-crawler.cs.tamu.edu',3,NULL),('host_aya49.neoplus.adsl.tpnet.pl',23,NULL),('host_host-62-141-198-157.swidnica.mm.pl',1,NULL),('page_gethosted',34,NULL),('host_pc191.walbrzych.cvx.ppp.tpnet.pl',2,NULL),('host_axq95.neoplus.adsl.tpnet.pl',2,NULL),('host_dial-2099.walbrzych.dialog.net.pl',2,NULL),('day_13/03/2005',29,NULL),('host_aym152.neoplus.adsl.tpnet.pl',3,NULL),('host_host-62-141-197-38.swidnica.mm.pl',3,NULL),('host_ayf194.neoplus.adsl.tpnet.pl',3,NULL),('host_aya86.neoplus.adsl.tpnet.pl',11,NULL),('host_dae199.neoplus.adsl.tpnet.pl',3,NULL),('host_yj234.internetdsl.tpnet.pl',2,NULL),('host_enr30.neoplus.adsl.tpnet.pl',1,NULL),('host_blo116.neoplus.adsl.tpnet.pl',2,NULL),('day_14/03/2005',41,NULL),('host_host-62-141-196-39.swidnica.mm.pl',2,NULL),('host_host-62-141-197-115.swidnica.mm.pl',1,NULL),('host_axk50.neoplus.adsl.tpnet.pl',12,NULL),('host_c-67-160-134-197.client.comcast.net',1,NULL),('day_15/03/2005',51,NULL),('host_cfp208.neoplus.adsl.tpnet.pl',4,NULL),('host_enq131.neoplus.adsl.tpnet.pl',2,NULL),('host_dbh21.neoplus.adsl.tpnet.pl',1,NULL),('host_axt107.neoplus.adsl.tpnet.pl',2,NULL),('host_ayi220.neoplus.adsl.tpnet.pl',5,NULL),('host_host-207-248-240-119.block.alestra.net.mx',3,NULL),('page_error',1,NULL),('host_axw101.neoplus.adsl.tpnet.pl',1,NULL),('host_host-62-141-197-67.swidnica.mm.pl',1,NULL),('host_s53.Zabrze.Net.pl',26,NULL),('host_cbr8.neoplus.adsl.tpnet.pl',1,NULL),('host_w3cache1.icm.edu.pl',2,NULL),('host_w3cache2.icm.edu.pl',7,NULL),('host_crawl-66-249-71-39.googlebot.com',4,NULL),('day_16/03/2005',14,NULL),('host_bom163.neoplus.adsl.tpnet.pl',1,NULL),('host_enk185.neoplus.adsl.tpnet.pl',1,NULL),('host_aif57.neoplus.adsl.tpnet.pl',1,NULL),('host_host-62-141-199-245.swidnica.mm.pl',1,NULL),('host_aya38.neoplus.adsl.tpnet.pl',1,NULL),('day_17/03/2005',36,NULL),('host_blz159.neoplus.adsl.tpnet.pl',10,NULL),('host_host-62-141-196-33.swidnica.mm.pl',1,NULL),('host_dial-1443.walbrzych.dialog.net.pl',9,NULL),('host_host-62-141-197-21.swidnica.mm.pl',1,NULL),('host_aye114.neoplus.adsl.tpnet.pl',1,NULL),('host_ayf187.neoplus.adsl.tpnet.pl',1,NULL),('host_azp43.neoplus.adsl.tpnet.pl',9,NULL),('day_18/03/2005',20,NULL),('host_66-194-6-84.gen.twtelecom.net',26,NULL),('host_dbm200.neoplus.adsl.tpnet.pl',2,NULL),('host_host-62-141-196-173.swidnica.mm.pl',2,NULL),('host_dai239.neoplus.adsl.tpnet.pl',1,NULL),('host_nat-194-49.pomorzany.v.pl',1,NULL),('host_p1098-ipad04sinnagasak.nagasaki.ocn.ne.jp',1,NULL),('host_aje190.internetdsl.tpnet.pl',1,NULL),('host_agz178.internetdsl.tpnet.pl',5,NULL),('host_ahd226.internetdsl.tpnet.pl',1,NULL),('host_azk38.neoplus.adsl.tpnet.pl',4,NULL),('day_19/03/2005',77,NULL),('host_boq74.neoplus.adsl.tpnet.pl',1,NULL),('host_ayo131.neoplus.adsl.tpnet.pl',14,NULL),('host_61-24-99-153.rev.home.ne.jp',1,NULL),('host_axl213.neoplus.adsl.tpnet.pl',2,NULL),('host_prosie2.aster.pl',2,NULL),('host_enm195.neoplus.adsl.tpnet.pl',3,NULL),('host_ang17.neoplus.adsl.tpnet.pl',4,NULL),('host_ayn194.neoplus.adsl.tpnet.pl',5,NULL),('host_avn133.neoplus.adsl.tpnet.pl',9,NULL),('day_20/03/2005',57,NULL),('host_axv148.neoplus.adsl.tpnet.pl',3,NULL),('host_217.117.128.97',2,NULL),('host_axo174.neoplus.adsl.tpnet.pl',19,NULL),('host_dbe199.neoplus.adsl.tpnet.pl',2,NULL),('host_ani168.neoplus.adsl.tpnet.pl',2,NULL),('host_bla21.neoplus.adsl.tpnet.pl',1,NULL),('host_bkv79.neoplus.adsl.tpnet.pl',3,NULL),('host_enl24.neoplus.adsl.tpnet.pl',1,NULL),('host_host-62-141-199-185.swidnica.mm.pl',2,NULL),('host_axq89.neoplus.adsl.tpnet.pl',2,NULL),('host_pg94.walbrzych.cvx.ppp.tpnet.pl',1,NULL),('host_azq108.neoplus.adsl.tpnet.pl',1,NULL),('day_21/03/2005',19,NULL),('host_crawl-66-249-71-55.googlebot.com',5,NULL),('host_host-62-141-197-35.swidnica.mm.pl',1,NULL),('host_66-194-6-81.gen.twtelecom.net',8,NULL),('host_ayl234.neoplus.adsl.tpnet.pl',1,NULL),('host_host-62-141-199-232.swidnica.mm.pl',1,NULL),('day_22/03/2005',13,NULL),('host_host-62-141-199-80.swidnica.mm.pl',1,NULL),('host_host-62-141-199-5.swidnica.mm.pl',1,NULL),('host_axa27.neoplus.adsl.tpnet.pl',3,NULL),('host_axk227.neoplus.adsl.tpnet.pl',2,NULL),('host_dqn24.neoplus.adsl.tpnet.pl',1,NULL),('host_82.177.98.1',1,NULL),('host_avr53.neoplus.adsl.tpnet.pl',2,NULL),('host_213.25.179.2',9,NULL),('host_ayx158.neoplus.adsl.tpnet.pl',1,NULL),('day_23/03/2005',12,NULL),('host_awy175.neoplus.adsl.tpnet.pl',4,NULL),('host_ava243.neoplus.adsl.tpnet.pl',3,NULL),('host_host-62-141-199-186.swidnica.mm.pl',2,NULL),('host_host-ip54-145.crowley.pl',1,NULL),('day_24/03/2005',39,NULL),('host_host-62-141-198-233.swidnica.mm.pl',1,NULL),('host_ayh102.neoplus.adsl.tpnet.pl',4,NULL),('host_cjg232.neoplus.adsl.tpnet.pl',1,NULL),('host_cr2.turnitin.com',2,NULL),('host_aly160.neoplus.adsl.tpnet.pl',3,NULL),('host_host-62-141-199-113.swidnica.mm.pl',1,NULL),('host_bln77.neoplus.adsl.tpnet.pl',11,NULL),('day_25/03/2005',21,NULL),('host_akc124.neoplus.adsl.tpnet.pl',1,NULL),('host_axv137.neoplus.adsl.tpnet.pl',41,NULL),('host_blp148.neoplus.adsl.tpnet.pl',2,NULL),('host_axo250.neoplus.adsl.tpnet.pl',1,NULL),('host_awm220.neoplus.adsl.tpnet.pl',2,NULL),('host_80.51.224.134',1,NULL),('host_cgy62.neoplus.adsl.tpnet.pl',1,NULL),('host_ayi102.neoplus.adsl.tpnet.pl',2,NULL),('host_alj15.neoplus.adsl.tpnet.pl',4,NULL),('day_26/03/2005',128,NULL),('host_blv9.neoplus.adsl.tpnet.pl',5,NULL),('host_awg208.neoplus.adsl.tpnet.pl',1,NULL),('host_dao172.neoplus.adsl.tpnet.pl',4,NULL),('host_azk130.neoplus.adsl.tpnet.pl',8,NULL),('host_bkx72.neoplus.adsl.tpnet.pl',2,NULL),('host_blq27.neoplus.adsl.tpnet.pl',12,NULL),('host_ayc234.neoplus.adsl.tpnet.pl',9,NULL),('host_villeurbanne-5-82-224-208-120.fbx.proxad.net',1,NULL),('host_cha187.neoplus.adsl.tpnet.pl',2,NULL),('host_crawl-66-249-64-38.googlebot.com',2,NULL),('host_63.148.99.237',2,NULL),('host_ayc192.neoplus.adsl.tpnet.pl',3,NULL),('host_bmd220.neoplus.adsl.tpnet.pl',7,NULL),('day_27/03/2005',51,NULL),('host_blv39.neoplus.adsl.tpnet.pl',22,NULL),('host_crawl-66-249-71-73.googlebot.com',3,NULL),('host_axq198.neoplus.adsl.tpnet.pl',10,NULL),('host_router.oaza-dd.com',1,NULL),('host_blt27.neoplus.adsl.tpnet.pl',7,NULL),('host_axf39.neoplus.adsl.tpnet.pl',2,NULL),('host_host-62-141-199-25.swidnica.mm.pl',3,NULL),('host_blb129.neoplus.adsl.tpnet.pl',5,NULL),('host_axb200.neoplus.adsl.tpnet.pl',1,NULL),('day_28/03/2005',42,NULL),('host_crawl-66-249-71-42.googlebot.com',5,NULL),('host_ibls2.ibles.waw.pl',1,NULL),('host_enl254.neoplus.adsl.tpnet.pl',1,NULL),('host_axy186.neoplus.adsl.tpnet.pl',10,NULL),('host_host-62-141-196-59.swidnica.mm.pl',1,NULL),('host_azu93.neoplus.adsl.tpnet.pl',1,NULL),('host_awr170.neoplus.adsl.tpnet.pl',5,NULL),('host_bku116.neoplus.adsl.tpnet.pl',5,NULL),('host_blk116.neoplus.adsl.tpnet.pl',3,NULL),('day_29/03/2005',19,NULL),('host_als34.neoplus.adsl.tpnet.pl',2,NULL),('host_pf241.wroclaw.cvx.ppp.tpnet.pl',2,NULL),('host_axg177.neoplus.adsl.tpnet.pl',2,NULL),('host_81-7-75-18.ip.takas.lt',1,NULL),('host_users.sonicwall.com',3,NULL),('host_ahi2.internetdsl.tpnet.pl',1,NULL),('host_66-194-6-194.gen.twtelecom.net',2,NULL),('day_30/03/2005',12,NULL),('host_axw225.neoplus.adsl.tpnet.pl',2,NULL),('host_host-62-141-196-20.swidnica.mm.pl',1,NULL),('host_ayg191.neoplus.adsl.tpnet.pl',1,NULL),('host_awn254.neoplus.adsl.tpnet.pl',1,NULL),('day_31/03/2005',18,NULL),('host_crawl-66-249-71-17.googlebot.com',3,NULL),('host_host-62-141-197-201.swidnica.mm.pl',2,NULL),('host_axu135.neoplus.adsl.tpnet.pl',2,NULL),('host_enl154.neoplus.adsl.tpnet.pl',1,NULL),('host_azf145.neoplus.adsl.tpnet.pl',1,NULL),('day_01/04/2005',10,NULL),('host_crawl-66-249-66-83.googlebot.com',2,NULL),('host_ait148.neoplus.adsl.tpnet.pl',1,NULL),('host_194.79.135.132',1,NULL),('host_axo201.neoplus.adsl.tpnet.pl',2,NULL),('host_host71.lexues.co.jp',2,NULL),('day_02/04/2005',33,NULL),('host_ayc94.neoplus.adsl.tpnet.pl',2,NULL),('host_enn24.neoplus.adsl.tpnet.pl',1,NULL),('host_dbb8.neoplus.adsl.tpnet.pl',6,NULL),('host_avt138.neoplus.adsl.tpnet.pl',1,NULL),('host_blz31.neoplus.adsl.tpnet.pl',13,NULL),('host_acr15.neoplus.adsl.tpnet.pl',1,NULL),('host_hp114.internetdsl.tpnet.pl',1,NULL),('host_blo14.neoplus.adsl.tpnet.pl',3,NULL),('day_03/04/2005',21,NULL),('host_alo189.neoplus.adsl.tpnet.pl',1,NULL),('host_rrcs-24-199-53-180.west.biz.rr.com',2,NULL),('host_ayi106.neoplus.adsl.tpnet.pl',2,NULL),('host_ayd209.neoplus.adsl.tpnet.pl',3,NULL),('host_enn36.neoplus.adsl.tpnet.pl',1,NULL),('host_axu185.neoplus.adsl.tpnet.pl',1,NULL),('host_eje55.neoplus.adsl.tpnet.pl',1,NULL),('host_nmgroup.net',1,NULL),('day_04/04/2005',25,NULL),('host_host-62-141-199-197.swidnica.mm.pl',1,NULL),('host_daq122.neoplus.adsl.tpnet.pl',1,NULL),('host_axp62.neoplus.adsl.tpnet.pl',1,NULL),('host_axi214.neoplus.adsl.tpnet.pl',1,NULL),('host_bli92.neoplus.adsl.tpnet.pl',1,NULL),('host_host81-156-185-229.range81-156.btcentralplus.com',2,NULL),('host_user-5828.lns3-c7.dsl.pol.co.uk',2,NULL),('host_avc115.neoplus.adsl.tpnet.pl',1,NULL),('day_05/04/2005',32,NULL),('host_66-17-15-136.biz.bkfd.arrival.net',1,NULL),('host_bkv179.neoplus.adsl.tpnet.pl',3,NULL),('host_bla9.neoplus.adsl.tpnet.pl',3,NULL),('host_host-62-141-196-153.swidnica.mm.pl',1,NULL),('host_axn60.neoplus.adsl.tpnet.pl',7,NULL),('host_ejv156.neoplus.adsl.tpnet.pl',2,NULL),('host_awh201.neoplus.adsl.tpnet.pl',3,NULL),('day_06/04/2005',22,NULL),('host_bli64.neoplus.adsl.tpnet.pl',2,NULL),('host_host-62-141-198-52.swidnica.mm.pl',2,NULL),('host_blm181.neoplus.adsl.tpnet.pl',2,NULL),('host_axo9.neoplus.adsl.tpnet.pl',3,NULL),('host_axw68.neoplus.adsl.tpnet.pl',2,NULL),('host_searchengineworld.com',3,NULL),('day_07/04/2005',22,NULL),('host_host-148-244-150-58.block.alestra.net.mx',2,NULL),('host_crawl-66-249-71-69.googlebot.com',2,NULL),('host_blr133.neoplus.adsl.tpnet.pl',2,NULL),('host_axa150.neoplus.adsl.tpnet.pl',2,NULL),('host_host-62-141-199-75.swidnica.mm.pl',4,NULL),('host_bkz47.neoplus.adsl.tpnet.pl',2,NULL),('host_axe18.neoplus.adsl.tpnet.pl',1,NULL),('host_host-62-141-197-189.swidnica.mm.pl',2,NULL),('host_blz214.neoplus.adsl.tpnet.pl',1,NULL),('day_08/04/2005',30,NULL),('host_axd193.neoplus.adsl.tpnet.pl',15,NULL),('host_blt2.neoplus.adsl.tpnet.pl',2,NULL),('host_pc239.gorzow.cvx.ppp.tpnet.pl',1,NULL),('host_arx250.internetdsl.tpnet.pl',15,NULL),('host_axs104.neoplus.adsl.tpnet.pl',2,NULL),('host_fhj190.neoplus.adsl.tpnet.pl',1,NULL),('host_axm122.neoplus.adsl.tpnet.pl',5,NULL),('day_09/04/2005',9,NULL),('host_host-62-141-198-20.swidnica.mm.pl',1,NULL),('host_awu161.neoplus.adsl.tpnet.pl',1,NULL),('host_200.47.113.5',1,NULL),('host_crawl-66-249-64-14.googlebot.com',5,NULL),('day_10/04/2005',9,NULL),('host_cm61-10-7-63.hkcable.com.hk',1,NULL),('host_axa223.neoplus.adsl.tpnet.pl',1,NULL),('day_11/04/2005',2,NULL),('host_host-62-141-196-47.swidnica.mm.pl',1,NULL),('day_12/04/2005',23,NULL),('host_66-194-6-73.gen.twtelecom.net',9,NULL),('host_host-62-141-198-215.swidnica.mm.pl',1,NULL),('host_axe187.neoplus.adsl.tpnet.pl',1,NULL),('day_13/04/2005',5,NULL),('host_66-194-6-80.gen.twtelecom.net',12,NULL),('host_dial-4510.wroclaw.dialog.net.pl',1,NULL),('host_ayb156.neoplus.adsl.tpnet.pl',1,NULL),('day_14/04/2005',2,NULL),('day_15/04/2005',15,NULL),('host_host-62-141-198-89.swidnica.mm.pl',2,NULL),('host_66-17-15-139.biz.bkfd.arrival.net',3,NULL),('host_195.117.152.100',1,NULL),('host_blk100.neoplus.adsl.tpnet.pl',6,NULL),('day_16/04/2005',9,NULL),('host_crawl-66-249-71-3.googlebot.com',3,NULL),('host_amx129.neoplus.adsl.tpnet.pl',1,NULL),('day_17/04/2005',3,NULL),('host_axx195.neoplus.adsl.tpnet.pl',1,NULL),('host_w3cache.dialog.net.pl',5,NULL),('day_18/04/2005',7,NULL),('host_80.122.189.252',1,NULL),('host_ip-83-238-176-124.netia.com.pl',40,NULL),('host_fi226.internetdsl.tpnet.pl',1,NULL),('day_19/04/2005',5,NULL),('host_ayj10.neoplus.adsl.tpnet.pl',4,NULL),('host_aln130.internetdsl.tpnet.pl',1,NULL),('day_20/04/2005',8,NULL),('host_axp50.neoplus.adsl.tpnet.pl',2,NULL),('host_aix165.neoplus.adsl.tpnet.pl',1,NULL),('host_awi143.neoplus.adsl.tpnet.pl',1,NULL),('host_host-62-141-197-74.swidnica.mm.pl',1,NULL),('day_21/04/2005',6,NULL),('host_host-62-141-197-29.swidnica.mm.pl',1,NULL),('host_bkw224.neoplus.adsl.tpnet.pl',1,NULL),('day_22/04/2005',27,NULL),('host_aqc218.internetdsl.tpnet.pl',2,NULL),('host_host-62-141-199-204.swidnica.mm.pl',1,NULL),('host_axc55.neoplus.adsl.tpnet.pl',1,NULL),('host_proxy12.leeds.ac.uk',9,NULL),('host_fhd221.neoplus.adsl.tpnet.pl',1,NULL),('host_crawl-66-249-66-193.googlebot.com',18,NULL),('host_crawl-66-249-66-195.googlebot.com',2,NULL),('day_23/04/2005',37,NULL),('host_aya93.neoplus.adsl.tpnet.pl',31,NULL),('host_avq206.neoplus.adsl.tpnet.pl',1,NULL),('day_24/04/2005',11,NULL),('host_65.17.250.100',1,NULL),('host_ayj90.neoplus.adsl.tpnet.pl',1,NULL),('host_ani114.neoplus.adsl.tpnet.pl',1,NULL),('day_25/04/2005',9,NULL),('host_host-62-141-199-105.swidnica.mm.pl',1,NULL),('host_host-217-172-236-130.gdynia.mm.pl',1,NULL),('host_ayi178.neoplus.adsl.tpnet.pl',1,NULL),('host_host-62-141-197-140.swidnica.mm.pl',2,NULL),('host_axk127.neoplus.adsl.tpnet.pl',1,NULL),('day_26/04/2005',7,NULL),('host_ayc141.neoplus.adsl.tpnet.pl',1,NULL),('day_27/04/2005',21,NULL),('host_63.148.99.234',4,NULL),('day_28/04/2005',7,NULL),('host_host-62-141-197-125.swidnica.mm.pl',1,NULL),('host_ayh132.neoplus.adsl.tpnet.pl',2,NULL),('day_29/04/2005',10,NULL),('day_30/04/2005',12,NULL),('host_ayc152.neoplus.adsl.tpnet.pl',3,NULL),('host_axl143.neoplus.adsl.tpnet.pl',2,NULL),('day_01/05/2005',6,NULL),('host_aly110.neoplus.adsl.tpnet.pl',3,NULL),('host_axt243.neoplus.adsl.tpnet.pl',1,NULL),('day_02/05/2005',9,NULL),('host_ayn149.neoplus.adsl.tpnet.pl',1,NULL),('host_crawl-66-249-66-169.googlebot.com',2,NULL),('day_03/05/2005',5,NULL),('host_modemcable043.61-37-24.mc.videotron.ca',1,NULL),('host_adsl-18-214-254.mem.bellsouth.net',1,NULL),('day_04/05/2005',3,NULL),('host_crawl-66-249-64-52.googlebot.com',2,NULL),('host_eqn56.neoplus.adsl.tpnet.pl',1,NULL),('day_05/05/2005',7,NULL),('day_06/05/2005',12,NULL),('host_216.239.36.136',1,NULL),('host_ais206.neoplus.adsl.tpnet.pl',1,NULL),('host_dbm154.neoplus.adsl.tpnet.pl',1,NULL),('day_07/05/2005',14,NULL),('host_64.62.175.130',1,NULL),('host_axg150.neoplus.adsl.tpnet.pl',5,NULL),('host_ayb123.neoplus.adsl.tpnet.pl',1,NULL),('day_08/05/2005',5,NULL),('host_host-62-141-196-137.swidnica.mm.pl',2,NULL),('day_09/05/2005',7,NULL),('host_proxy11.leeds.ac.uk',5,NULL),('day_10/05/2005',13,NULL),('host_proxy9.leeds.ac.uk',2,NULL),('host_axu122.neoplus.adsl.tpnet.pl',1,NULL),('host_gw1.tczew.net.pl',1,NULL),('host_crawl-66-249-71-70.googlebot.com',1,NULL),('day_11/05/2005',11,NULL),('host_xdsl-2217.bielsko.dialog.net.pl',1,NULL),('day_12/05/2005',18,NULL),('host_proxy6.leeds.ac.uk',1,NULL),('host_oswiecenia.compower.pl',3,NULL),('host_w3cache.z.infinity.net.pl',3,NULL),('day_13/05/2005',8,NULL),('host_ayk95.neoplus.adsl.tpnet.pl',1,NULL),('host_dah10.neoplus.adsl.tpnet.pl',2,NULL),('host_ayk248.neoplus.adsl.tpnet.pl',1,NULL),('day_14/05/2005',6,NULL),('host_blx111.neoplus.adsl.tpnet.pl',2,NULL),('host_64.62.168.27',4,NULL),('day_15/05/2005',15,NULL),('host_64.62.168.72',1,NULL),('host_64.62.168.33',2,NULL),('host_64.62.168.17',2,NULL),('host_64.62.168.29',2,NULL),('host_poincare.counterexample.org',1,NULL),('host_axc66.neoplus.adsl.tpnet.pl',2,NULL),('host_host-62-141-198-23.swidnica.mm.pl',1,NULL),('day_16/05/2005',5,NULL),('day_17/05/2005',3,NULL),('day_18/05/2005',5,NULL),('host_host-62-141-198-113.swidnica.mm.pl',1,NULL),('host_host-62-141-198-213.swidnica.mm.pl',1,NULL),('day_19/05/2005',8,NULL),('host_ayk59.neoplus.adsl.tpnet.pl',3,NULL),('host_axy179.neoplus.adsl.tpnet.pl',2,NULL),('day_20/05/2005',2,NULL),('host_aya45.neoplus.adsl.tpnet.pl',1,NULL),('day_21/05/2005',13,NULL),('host_ayf86.neoplus.adsl.tpnet.pl',8,NULL),('host_atj55.neoplus.adsl.tpnet.pl',4,NULL),('day_22/05/2005',8,NULL),('host_ayj124.neoplus.adsl.tpnet.pl',1,NULL),('day_23/05/2005',6,NULL),('host_dbs245.neoplus.adsl.tpnet.pl',2,NULL),('day_24/05/2005',2,NULL),('day_25/05/2005',5,NULL),('day_26/05/2005',4,NULL),('host_ang136.neoplus.adsl.tpnet.pl',1,NULL),('day_27/05/2005',5,NULL),('host_dbe138.neoplus.adsl.tpnet.pl',3,NULL),('host_h49.66.102.166.ip.alltel.net',1,NULL),('day_28/05/2005',9,NULL),('host_ana115.neoplus.adsl.tpnet.pl',1,NULL),('host_bkz76.neoplus.adsl.tpnet.pl',1,NULL),('day_29/05/2005',17,NULL),('host_dam127.neoplus.adsl.tpnet.pl',4,NULL),('host_lj2008.inktomisearch.com',22,NULL),('host_bhs110.neoplus.adsl.tpnet.pl',2,NULL),('host_lj2016.inktomisearch.com',24,NULL),('host_lj2270.inktomisearch.com',3,NULL),('host_lj2175.inktomisearch.com',4,NULL),('host_lj2411.inktomisearch.com',7,NULL),('host_lj2039.inktomisearch.com',7,NULL),('day_30/05/2005',4,NULL),('host_host-62-141-199-164.swidnica.mm.pl',1,NULL),('host_bhn230.neoplus.adsl.tpnet.pl',1,NULL),('day_31/05/2005',1,NULL),('day_01/06/2005',5,NULL),('host_daw232.neoplus.adsl.tpnet.pl',1,NULL),('host_bik190.neoplus.adsl.tpnet.pl',1,NULL),('host_ayb27.neoplus.adsl.tpnet.pl',2,NULL),('day_02/06/2005',2,NULL),('day_03/06/2005',1,NULL),('day_04/06/2005',11,NULL),('day_05/06/2005',3,NULL),('host_crawl-66-249-66-65.googlebot.com',3,NULL),('day_06/06/2005',3,NULL),('day_07/06/2005',4,NULL),('host_host-62-141-199-230.swidnica.mm.pl',1,NULL),('host_avs220.neoplus.adsl.tpnet.pl',1,NULL),('host_65.19.150.233',42,NULL),('day_08/06/2005',32,NULL),('host_vj98.internetdsl.tpnet.pl',1,NULL),('host_cje1.neoplus.adsl.tpnet.pl',1,NULL),('host_amp218.neoplus.adsl.tpnet.pl',1,NULL),('host_aye46.neoplus.adsl.tpnet.pl',2,NULL),('host_80.53.83.194',5,NULL),('host_bik127.neoplus.adsl.tpnet.pl',4,NULL),('day_09/06/2005',5,NULL),('host_host-62-141-196-134.swidnica.mm.pl',2,NULL),('day_10/06/2005',8,NULL),('host_crawl-66-249-71-72.googlebot.com',3,NULL),('host_usc7-pool-204.9.204.202.uscolo.com',1,NULL),('host_crawl-66-249-66-137.googlebot.com',1,NULL),('host_crawl-66-249-65-210.googlebot.com',1,NULL),('host_crawl-66-249-65-229.googlebot.com',8,NULL),('day_11/06/2005',9,NULL),('host_82.197.54.98',1,NULL),('day_12/06/2005',10,NULL),('host_crawl-66-249-65-233.googlebot.com',2,NULL),('host_66-17-15-164.biz.bkfd.arrival.net',2,NULL),('day_13/06/2005',6,NULL),('host_ausisaps301-dmz.aus.amer.dell.com',1,NULL),('host_axt213.neoplus.adsl.tpnet.pl',1,NULL),('day_14/06/2005',6,NULL),('day_15/06/2005',9,NULL),('host_bhg126.neoplus.adsl.tpnet.pl',1,NULL),('host_ayg217.neoplus.adsl.tpnet.pl',1,NULL),('host_amq142.neoplus.adsl.tpnet.pl',5,NULL),('day_16/06/2005',1,NULL),('host_38.118.42.35',1,NULL),('day_17/06/2005',1,NULL),('day_18/06/2005',19,NULL),('host_crawl-66-249-65-130.googlebot.com',26,NULL),('host_ayl176.neoplus.adsl.tpnet.pl',1,NULL),('day_19/06/2005',3,NULL),('host_amr71.neoplus.adsl.tpnet.pl',1,NULL),('day_20/06/2005',2,NULL),('host_ayx26.neoplus.adsl.tpnet.pl',1,NULL),('host_bhm49.neoplus.adsl.tpnet.pl',2,NULL),('day_21/06/2005',5,NULL),('host_host-62-141-198-222.swidnica.mm.pl',1,NULL),('day_22/06/2005',11,NULL),('host_axm76.neoplus.adsl.tpnet.pl',1,NULL),('day_23/06/2005',6,NULL),('host_crawl-66-249-66-16.googlebot.com',8,NULL),('host_host-62-141-197-249.swidnica.mm.pl',1,NULL),('day_24/06/2005',6,NULL),('host_host-81-190-94-241.gdynia.mm.pl',1,NULL),('host_ays173.neoplus.adsl.tpnet.pl',1,NULL),('day_25/06/2005',9,NULL),('host_ayl244.neoplus.adsl.tpnet.pl',2,NULL),('host_aya28.neoplus.adsl.tpnet.pl',1,NULL),('host_aet102.internetdsl.tpnet.pl',2,NULL),('host_crawl-66-249-66-170.googlebot.com',28,NULL),('host_ath38.neoplus.adsl.tpnet.pl',1,NULL),('day_26/06/2005',10,NULL),('host_bagu-cache-4.server.ntli.net',1,NULL),('day_27/06/2005',14,NULL),('host_bhl127.neoplus.adsl.tpnet.pl',1,NULL),('host_apv10.internetdsl.tpnet.pl',6,NULL),('day_28/06/2005',21,NULL),('host_bhs82.neoplus.adsl.tpnet.pl',1,NULL),('host_anh177.neoplus.adsl.tpnet.pl',1,NULL),('day_29/06/2005',33,NULL),('host_bhv28.neoplus.adsl.tpnet.pl',1,NULL),('host_crawl-66-249-65-113.googlebot.com',13,NULL),('day_30/06/2005',21,NULL),('host_bip11.neoplus.adsl.tpnet.pl',1,NULL),('day_01/07/2005',6,NULL),('host_.',5,NULL),('day_02/07/2005',30,NULL),('host_dab222.neoplus.adsl.tpnet.pl',2,NULL),('host_aiq115.neoplus.adsl.tpnet.pl',1,NULL),('host_dai135.neoplus.adsl.tpnet.pl',1,NULL),('host_217.153.84.66',1,NULL),('host_alx75.neoplus.adsl.tpnet.pl',2,NULL),('host_user-8130.l5.c3.dsl.pol.co.uk',1,NULL),('host_core.isn-irc.net',1,NULL),('host_user-7728.lns2-c8.dsl.pol.co.uk',1,NULL),('host_66-194-6-83.gen.twtelecom.net',16,NULL),('day_03/07/2005',25,NULL),('host_62.29.133.84',5,NULL),('host_crawl-66-249-64-37.googlebot.com',1,NULL),('host_daq149.neoplus.adsl.tpnet.pl',2,NULL),('host_host-62-141-197-240.swidnica.mm.pl',5,NULL),('host_aar239.neoplus.adsl.tpnet.pl',1,NULL),('day_04/07/2005',21,NULL),('host_AAubervilliers-152-1-58-155.w82-121.abo.wanadoo.fr',4,NULL),('host_host-62-141-196-189.swidnica.mm.pl',2,NULL),('host_avy163.neoplus.adsl.tpnet.pl',3,NULL),('host_65.196.71.100',2,NULL),('day_05/07/2005',21,NULL),('host_axw205.neoplus.adsl.tpnet.pl',3,NULL),('host_amf210.neoplus.adsl.tpnet.pl',2,NULL),('host_host-62-141-198-208.swidnica.mm.pl',3,NULL),('host_host-62-141-196-102.swidnica.mm.pl',1,NULL),('day_06/07/2005',12,NULL),('host_lj2163.inktomisearch.com',5,NULL),('host_lj2588.inktomisearch.com',6,NULL),('host_lj2578.inktomisearch.com',7,NULL),('host_lj2197.inktomisearch.com',4,NULL),('host_lj2543.inktomisearch.com',5,NULL),('host_lj2224.inktomisearch.com',3,NULL),('host_lj2356.inktomisearch.com',5,NULL),('host_lj2405.inktomisearch.com',7,NULL),('host_afh156.internetdsl.tpnet.pl',1,NULL),('day_07/07/2005',23,NULL),('host_AAubervilliers-152-1-49-10.w83-114.abo.wanadoo.fr',2,NULL),('host_big176.neoplus.adsl.tpnet.pl',3,NULL),('host_lj2214.inktomisearch.com',6,NULL),('host_lj2512.inktomisearch.com',3,NULL),('host_lj2058.inktomisearch.com',6,NULL),('host_lj2292.inktomisearch.com',6,NULL),('host_lj2533.inktomisearch.com',3,NULL),('host_lj2009.inktomisearch.com',5,NULL),('host_lj2484.inktomisearch.com',1,NULL),('host_host-62-141-196-107.swidnica.mm.pl',2,NULL),('day_08/07/2005',27,NULL),('host_AAubervilliers-152-1-53-200.w82-121.abo.wanadoo.fr',1,NULL),('host_dell.satfilm.pl',3,NULL),('day_09/07/2005',10,NULL),('host_axu102.neoplus.adsl.tpnet.pl',2,NULL),('host_avm188.neoplus.adsl.tpnet.pl',1,NULL),('day_10/07/2005',6,NULL),('host_host-81-190-250-221.elk.mm.pl',1,NULL),('host_ayt75.neoplus.adsl.tpnet.pl',2,NULL),('host_host-81-190-140-96.olsztyn.mm.pl',4,NULL),('day_11/07/2005',11,NULL),('host_AAubervilliers-152-1-16-232.w82-121.abo.wanadoo.fr',1,NULL),('host_abm50.internetdsl.tpnet.pl',1,NULL),('host_host-62-141-196-182.swidnica.mm.pl',1,NULL),('day_12/07/2005',2,NULL),('host_ayv127.neoplus.adsl.tpnet.pl',1,NULL),('host_bhr48.neoplus.adsl.tpnet.pl',2,NULL),('day_13/07/2005',6,NULL),('host_AAubervilliers-152-1-8-57.w82-121.abo.wanadoo.fr',2,NULL),('host_ntwklan-81-219-250-2.devs.futuro.pl',1,NULL),('host_host-81-190-56-1.lublin.mm.pl',6,NULL),('day_14/07/2005',21,NULL),('host_bin205.neoplus.adsl.tpnet.pl',1,NULL),('host_213-140-6-127.fastres.net',2,NULL),('host_ans226.internetdsl.tpnet.pl',1,NULL),('day_15/07/2005',11,NULL),('host_axf37.neoplus.adsl.tpnet.pl',2,NULL),('host_so1virt.onet.pl',2,NULL),('day_16/07/2005',6,NULL),('host_63.148.99.239',1,NULL),('day_17/07/2005',8,NULL),('host_82.194.62.23',1,NULL),('host_195.205.114.7',3,NULL),('day_18/07/2005',21,NULL),('host_bij163.neoplus.adsl.tpnet.pl',1,NULL),('day_19/07/2005',19,NULL),('host_dak150.neoplus.adsl.tpnet.pl',2,NULL),('host_bhz47.neoplus.adsl.tpnet.pl',5,NULL),('host_64.210.196.198',1,NULL),('day_20/07/2005',9,NULL),('host_AAubervilliers-152-1-48-188.w83-114.abo.wanadoo.fr',1,NULL),('host_bhl20.neoplus.adsl.tpnet.pl',2,NULL),('day_21/07/2005',28,NULL),('host_87-dzi-4.acn.waw.pl',1,NULL),('host_avg98.neoplus.adsl.tpnet.pl',7,NULL),('host_host-62-141-199-11.swidnica.mm.pl',2,NULL),('host_dan99.neoplus.adsl.tpnet.pl',1,NULL),('host_ayx159.neoplus.adsl.tpnet.pl',1,NULL),('day_22/07/2005',21,NULL),('host_68.142.141.220',1,NULL),('host_ng23.exabot.com',3,NULL),('host_ayn184.neoplus.adsl.tpnet.pl',1,NULL),('host_ayk249.neoplus.adsl.tpnet.pl',1,NULL),('host_bhp244.neoplus.adsl.tpnet.pl',4,NULL),('day_23/07/2005',5,NULL),('host_spider2.szukaj.onet.pl',2,NULL),('day_24/07/2005',35,NULL),('host_axh73.neoplus.adsl.tpnet.pl',14,NULL),('host_host-62-141-198-168.swidnica.mm.pl',2,NULL),('host_ans250.internetdsl.tpnet.pl',2,NULL),('day_25/07/2005',14,NULL),('host_bhk241.neoplus.adsl.tpnet.pl',1,NULL),('host_64.62.168.41',1,NULL),('host_64.62.168.69',2,NULL),('day_26/07/2005',6,NULL),('host_crawl-66-249-65-38.googlebot.com',1,NULL),('host_axt84.neoplus.adsl.tpnet.pl',1,NULL),('day_27/07/2005',4,NULL),('host_bhy164.neoplus.adsl.tpnet.pl',1,NULL),('host_bie140.neoplus.adsl.tpnet.pl',1,NULL),('day_28/07/2005',6,NULL),('day_29/07/2005',1,NULL),('host_axz93.neoplus.adsl.tpnet.pl',2,NULL),('day_17/08/2005',4,NULL),('host_crawl-66-249-66-235.googlebot.com',1,NULL),('day_18/08/2005',2,NULL),('host_crawl-66-249-71-18.googlebot.com',1,NULL),('day_19/08/2005',8,NULL),('day_20/08/2005',1,NULL),('day_21/08/2005',9,NULL),('host_nat7.system.szczecin.pl',4,NULL),('host_bau214.neoplus.adsl.tpnet.pl',1,NULL),('host_80-58-51-235.proxycache.rima-tde.net',1,NULL),('host_host-81-190-89-94.gdynia.mm.pl',1,NULL),('host_65.19.150.240',1,NULL),('day_22/08/2005',3,NULL),('host_64.246.187.42',2,NULL),('day_23/08/2005',14,NULL),('host_pool-70-111-233-44.nwrk.east.verizon.net',1,NULL),('host_ane238.neoplus.adsl.tpnet.pl',5,NULL),('host_axq69.neoplus.adsl.tpnet.pl',3,NULL),('day_24/08/2005',11,NULL),('host_amd60.neoplus.adsl.tpnet.pl',2,NULL),('day_25/08/2005',8,NULL),('host_modemcable151.226-37-24.mc.videotron.ca',1,NULL),('host_host81-157-19-243.range81-157.btcentralplus.com',1,NULL),('day_26/08/2005',1,NULL),('host_lj2107.inktomisearch.com',1,NULL),('day_27/08/2005',8,NULL),('host_axv52.neoplus.adsl.tpnet.pl',3,NULL),('host_210.82.214.236',1,NULL),('host_83.100.160.198',1,NULL),('host_193.95.27.2',1,NULL),('host_nott-cache-2.server.ntli.net',1,NULL),('day_28/08/2005',9,NULL),('host_202.164.54.253',1,NULL),('host_host2-170.pool81115.interbusiness.it',1,NULL),('host_adslemp-b5-249-248.telepac.pt',1,NULL),('host_c906e993.virtua.com.br',1,NULL),('day_29/08/2005',8,NULL),('host_149.85-237-181.tkchopin.pl',1,NULL),('host_ajq131.neoplus.adsl.tpnet.pl',1,NULL),('day_30/08/2005',9,NULL),('host_crawl-66-249-71-28.googlebot.com',1,NULL),('host_ayx27.neoplus.adsl.tpnet.pl',1,NULL),('host_210.0.200.2',4,NULL),('host_crawl-66-249-66-206.googlebot.com',2,NULL),('day_21/09/2005',2,NULL),('host_8-9745.san2.attens.net',1,NULL),('day_22/09/2005',2,NULL),('day_23/09/2005',9,NULL),('host_203.82.63.3',1,NULL),('host_66-182-16-114.atgi.net',1,NULL),('host_s01-nsm.onespeed.com',1,NULL),('host_anm38.neoplus.adsl.tpnet.pl',3,NULL),('host_83.26.94.38',1,NULL),('host_crawl-66-249-66-212.googlebot.com',2,NULL),('day_24/09/2005',3,NULL),('day_25/09/2005',7,NULL),('host_crawl-66-249-66-79.googlebot.com',3,NULL),('host_66-194-6-68.gen.twtelecom.net',13,NULL),('day_26/09/2005',1,NULL),('host_ann133.neoplus.adsl.tpnet.pl',2,NULL),('day_27/09/2005',4,NULL),('day_28/09/2005',1,NULL),('host_cr1.turnitin.com',1,NULL),('day_29/09/2005',2,NULL),('day_30/09/2005',5,NULL),('host_lj2071.inktomisearch.com',2,NULL),('day_01/10/2005',3,NULL),('day_02/10/2005',10,NULL),('host_staticline23543.toya.net.pl',6,NULL),('host_lj2103.inktomisearch.com',4,NULL),('host_lj2426.inktomisearch.com',2,NULL),('day_03/10/2005',4,NULL),('host_pool-71-107-138-214.lsanca.dsl-w.verizon.net',1,NULL),('day_04/10/2005',3,NULL),('host_acadnet.lb.devry.edu',1,NULL),('day_05/10/2005',11,NULL),('host_62.141.199.4',1,NULL),('host_213.227.67.181',1,NULL),('host_64.62.168.6',1,NULL),('host_crawl-66-249-65-80.googlebot.com',3,NULL),('day_06/10/2005',2,NULL),('host_crawl-66-249-65-49.googlebot.com',1,NULL),('day_07/10/2005',3,NULL),('host_crawl-66-249-65-228.googlebot.com',2,NULL),('day_08/10/2005',3,NULL),('day_09/10/2005',4,NULL),('host_lj2408.inktomisearch.com',2,NULL),('day_10/10/2005',8,NULL),('host_auh241.neoplus.adsl.tpnet.pl',1,NULL),('host_host-62-141-197-157.swidnica.mm.pl',1,NULL),('host_66-17-15-154.biz.bkfd.arrival.net',4,NULL),('day_11/10/2005',1,NULL),('day_12/10/2005',1,NULL),('day_13/10/2005',7,NULL),('host_crawl-66-249-71-40.googlebot.com',1,NULL),('host_nat-mi2.aster.pl',9,NULL),('host_azj8.neoplus.adsl.tpnet.pl',4,NULL),('host_66-194-6-67.gen.twtelecom.net',3,NULL),('day_14/10/2005',3,NULL),('host_lager.netcraft.com',3,NULL),('day_15/10/2005',2,NULL),('host_64.246.165.235',1,NULL),('day_16/10/2005',4,NULL),('day_17/10/2005',1,NULL),('day_18/10/2005',1,NULL),('day_19/10/2005',6,NULL),('host_61.152.169.27',2,NULL),('host_crawl-66-249-65-141.googlebot.com',1,NULL),('day_20/10/2005',2,NULL),('host_62.141.196.146',1,NULL),('day_21/10/2005',2,NULL),('host_66.194.6.84',1,NULL),('day_22/10/2005',3,NULL),('day_23/10/2005',1,NULL),('day_24/10/2005',5,NULL),('host_host-62-141-199-229.swidnica.mm.pl',2,NULL),('day_25/10/2005',2,NULL),('day_26/10/2005',3,NULL),('day_27/10/2005',2,NULL),('host_65.196.71.104',1,NULL),('day_28/10/2005',3,NULL),('day_29/10/2005',1,NULL),('day_30/10/2005',2,NULL),('day_31/10/2005',5,NULL),('day_01/11/2005',3,NULL),('day_02/11/2005',8,NULL),('host_bdf133.neoplus.adsl.tpnet.pl',1,NULL),('host_crawl-66-249-65-136.googlebot.com',1,NULL),('day_03/11/2005',1,NULL),('day_04/11/2005',1,NULL),('day_05/11/2005',3,NULL),('host_robot.szukacz.pl',3,NULL),('day_06/11/2005',4,NULL),('host_atv116.neoplus.adsl.tpnet.pl',1,NULL),('day_07/11/2005',5,NULL),('host_abf42.internetdsl.tpnet.pl',2,NULL),('day_08/11/2005',4,NULL),('day_09/11/2005',2,NULL),('day_10/11/2005',3,NULL),('host_host-62-141-199-166.swidnica.mm.pl',2,NULL),('day_11/11/2005',3,NULL),('host_bin249.neoplus.adsl.tpnet.pl',5,NULL),('day_12/11/2005',6,NULL),('day_13/11/2005',2,NULL),('host_68.142.249.18',1,NULL),('day_14/11/2005',4,NULL),('host_64.62.168.82',3,NULL),('day_15/11/2005',8,NULL),('host_host-62-141-199-85.swidnica.mm.pl',1,NULL),('day_16/11/2005',5,NULL),('host_spider2.picsearch.com',1,NULL),('day_17/11/2005',5,NULL),('day_18/11/2005',2,NULL),('host_crawl-66-249-64-33.googlebot.com',1,NULL),('day_19/11/2005',1,NULL),('day_20/11/2005',3,NULL),('host_crawl-66-249-65-13.googlebot.com',3,NULL),('host_217-19-50-41.linkbynet.com',3,NULL),('day_21/11/2005',10,NULL),('host_217-19-50-45.linkbynet.com',5,NULL),('host_217.19.50.44',1,NULL),('day_22/11/2005',3,NULL),('day_23/11/2005',2,NULL),('day_24/11/2005',5,NULL),('day_25/11/2005',1,NULL),('host_crawl7.exabot.com',2,NULL),('day_26/11/2005',2,NULL),('day_27/11/2005',2,NULL),('day_28/11/2005',3,NULL),('day_29/11/2005',4,NULL),('day_30/11/2005',7,NULL),('day_01/12/2005',2,NULL),('day_02/12/2005',1,NULL),('day_03/12/2005',3,NULL),('host_crawl-66-249-65-225.googlebot.com',4,NULL),('day_04/12/2005',1,NULL),('day_05/12/2005',4,NULL),('host_lj2443.inktomisearch.com',1,NULL),('host_lj2344.inktomisearch.com',1,NULL),('day_06/12/2005',9,NULL),('host_lj2472.inktomisearch.com',1,NULL),('host_lj2416.inktomisearch.com',1,NULL),('day_07/12/2005',5,NULL),('host_lj2362.inktomisearch.com',1,NULL),('day_08/12/2005',4,NULL),('day_09/12/2005',2,NULL),('day_10/12/2005',5,NULL),('host_adl-pow-pr1.tpgi.com.au',1,NULL),('host_64.62.168.58',2,NULL),('day_11/12/2005',6,NULL),('host_xdsl-3407.walbrzych.dialog.net.pl',3,NULL),('day_12/12/2005',2,NULL),('host_dialup-4.232.174.16.Dial1.LosAngeles1.Level3.net',1,NULL),('day_16/12/2005',6,NULL),('host_gprs8.orange.pl',4,NULL),('day_17/12/2005',10,NULL),('host_217-19-50-42.linkbynet.com',2,NULL),('host_duh98.internetdsl.tpnet.pl',1,NULL),('day_18/12/2005',1,NULL),('day_19/12/2005',4,NULL),('host_H-135-207-246-53.research.att.com',1,NULL),('day_20/12/2005',2,NULL),('day_21/12/2005',3,NULL),('host_12.146.74.139',2,NULL),('day_22/12/2005',3,NULL),('host_crawl2.cosmixcorp.com',1,NULL),('day_23/12/2005',1,NULL),('day_24/12/2005',4,NULL),('host_d207-81-139-13.bchsia.telus.net',1,NULL),('day_25/12/2005',1,NULL),('day_26/12/2005',4,NULL),('host_host-62-141-215-159.swidnica.mm.pl',1,NULL),('day_27/12/2005',3,NULL),('host_crawl-66-249-66-37.googlebot.com',6,NULL),('day_28/12/2005',5,NULL),('host_depth.informatik.uni-leipzig.de',1,NULL),('host_66-154-102-21.assertivenetworks.net',1,NULL),('day_29/12/2005',2,NULL),('day_30/12/2005',5,NULL),('host_66-154-102-66.assertivenetworks.net',2,NULL),('day_31/12/2005',5,NULL),('host_71-9-19-199.dhcp.reno.nv.charter.com',3,NULL),('day_01/01/2006',2,NULL),('day_02/01/2006',9,NULL),('host_bmq104.neoplus.adsl.tpnet.pl',1,NULL),('day_03/01/2006',4,NULL),('host_host-62-141-196-81.swidnica.mm.pl',1,NULL),('day_05/01/2006',3,NULL),('host_WS-ESR1-72-49-89-234.fuse.net',1,NULL),('day_06/01/2006',2,NULL),('host_acls12.neoplus.adsl.tpnet.pl',2,NULL),('day_07/01/2006',3,NULL),('day_09/01/2006',4,NULL),('day_10/01/2006',3,NULL),('host_ppp-69-237-44-62.dsl.irvnca.pacbell.net',1,NULL),('day_12/01/2006',4,NULL),('day_13/01/2006',2,NULL),('day_16/01/2006',2,NULL);

--
-- Table structure for table `thedrx_stuff`
--

CREATE TABLE `thedrx_stuff` (
  `key` varchar(255) NOT NULL DEFAULT '',
  `value` varchar(255) DEFAULT NULL,
  PRIMARY KEY (`key`)
) ENGINE=MyISAM DEFAULT CHARSET=latin1;

--
-- Dumping data for table `thedrx_stuff`
--

INSERT INTO `thedrx_stuff` VALUES ('directadmin_session','');


